{"id":10592,"date":"2024-07-22T16:42:37","date_gmt":"2024-07-22T14:42:37","guid":{"rendered":"https:\/\/www.lastrada-derweg.org\/?page_id=10592"},"modified":"2024-07-22T16:54:07","modified_gmt":"2024-07-22T14:54:07","slug":"successo-formativo-2025-2","status":"publish","type":"page","link":"https:\/\/www.lastrada-derweg.org\/?page_id=10592&lang=de","title":{"rendered":"Successo Formativo 2025"},"content":{"rendered":"<div class=\"wpb-content-wrapper\"><p>[vc_row][vc_column][vc_custom_heading text=&#8221;Successo formativo 2025 &#8211; ESF2_f2_0015&#8243; css=&#8221;&#8221;][\/vc_column][\/vc_row][vc_row][vc_column][vc_column_text css=&#8221;&#8221;]<strong>ESF_f2_0015 \u2013<\/strong>\u00a0<strong>SUCCESSO FORMATIVO 2025<\/strong>\u00a0ist ein Projekt, das mit\u00a0<strong>Kofinanzierung der Europ\u00e4ischen Union und des ESF+ Programms 2021-2027 der Autonomen Provinz Bozen realisiert wird.<\/strong><\/p>\n<p>Es wird von\u00a0<strong>Irecoop Alto Adige S\u00fcdtirol<\/strong>\u00a0in Partnerschaft mit dem Verein\u00a0<strong>La Strada \u2013 der Weg<\/strong>\u00a0und\u00a0<strong>Arciragazzi Bolzano APS<\/strong>\u00a0in einem Netzwerk mit dem\u00a0<strong>italienischsprachigen Schulamt der Provinz Bozen\u00a0<\/strong>und den<strong>\u00a0Schulen\u00a0<\/strong>durchgef\u00fchrt.<\/p>\n<p><strong>Ziele des Projekts:<\/strong><\/p>\n<p><strong>SUCCESSO FORMATIVO 2025<\/strong>\u00a0ist Teil der vom Europ\u00e4ischen Sozialfonds der Provinz Bozen finanzierten Initiativen mit dem Ziel, den gleichberechtigten Zugang zu und den Abschluss einer integrativen und qualitativ hochwertigen allgemeinen und beruflichen Bildung zu f\u00f6rdern, insbesondere f\u00fcr benachteiligte Gruppen, von der fr\u00fchkindlichen Bildung und Betreuung \u00fcber die allgemeine und berufliche Bildung bis hin zur Hochschulbildung und Erwachsenenbildung, auch durch die Erleichterung der Mobilit\u00e4t f\u00fcr das Lernen f\u00fcr alle und der Zug\u00e4nglichkeit f\u00fcr Menschen mit Behinderungen<\/p>\n<p><strong>Beschreibung des Projekts und der geplanten Aktivit\u00e4ten<\/strong>:<\/p>\n<p><strong>SUCCESSO FORMATIVO 2025<\/strong>\u00a0unterst\u00fctzt den schulischen Kontext dabei, ein Ort der M\u00f6glichkeiten zu werden, an dem jeder aktiv an effektiven und qualitativ hochwertigen Lernprozessen teilnehmen, sich frei mit anderen auseinandersetzen, sich beteiligen und die F\u00e4higkeiten erwerben kann, um seine Zukunft zu gestalten. Es richtet sich an Sch\u00fclerinnen und Sch\u00fcler der Sekundarschulen und Grundschulen der Projektpartner.<\/p>\n<p>Es bietet folgende Ma\u00dfnahmen an:<\/p>\n<ul class=\"wp-block-list\">\n<li>individuelle und gruppenbasierte F\u00f6rderung von Grundkenntnissen,<\/li>\n<li>thematische Pfade,<\/li>\n<li>Gruppenpr\u00e4vention und Orientierungsdienste,<\/li>\n<li>sozial-psycho-p\u00e4dagogische Unterst\u00fctzung\/Dienstleistung.<\/li>\n<\/ul>\n<div class=\"wp-block-group\">\n<div class=\"wp-block-group__inner-container is-layout-constrained wp-block-group-is-layout-constrained\">\n<p><strong>Informativa di progetto \/ Informationen zum Projekt:<\/strong><\/p>\n<p><a href=\"https:\/\/assets-eu-01.kc-usercontent.com\/bcebb4a7-48c6-010f-23f5-2a0876a4748e\/f83f32ba-ae2c-43b6-914f-8006309e0953\/ALT_Condizioni_di_partecipazione_agli_interventi_FSE%2B_Rev00.pdf\">https:\/\/assets-eu-01.kc-usercontent.com\/bcebb4a7-48c6-010f-23f5-2a0876a4748e\/f83f32ba-ae2c-43b6-914f-8006309e0953\/ALT_Condizioni_di_partecipazione_agli_interventi_FSE%2B_Rev00.pdf<\/a><\/p>\n<p class=\"has-text-align-left\"><strong>Beneficiario<\/strong>\u00a0\/<strong>\u00a0Beg\u00fcnstigter<\/strong>:<\/p>\n<p class=\"has-text-align-left\"><strong>SUCCESSO FORMATIVO 2025<\/strong>\u00a0\u00e8 realizzato da \/ wird durchgef\u00fchrt von :<\/p>\n<p class=\"has-text-align-left\"><strong>Irecoop Alto Adige S\u0171dtirol<\/strong>, Via Galilei 2\/e, 39100 Bolzano \u2013 tel. 0471 1535318<\/p>\n<p class=\"has-text-align-left\">Responsabile di progetto \/ Projektleiter : Teresa Pedretti,\u00a0<a href=\"mailto:teresa.pedretti@irecoopbz.eu\">teresa.pedretti@irecoopbz.eu<\/a><\/p>\n<p class=\"has-text-align-left\">In partenariato con \/ in Partnerschaft mit :<\/p>\n<p class=\"has-text-align-left\"><strong>Associazione la Strada-der Weg<\/strong>, Via Visitazione 42, 39100 Bolzano \u2013 tel. 0471 203111<\/p>\n<p class=\"has-text-align-left\"><strong>Arciragazzi Bolzano APS<\/strong>, Via Dolomiti 14, 39100 Bolzano \u2013 0471 323655<\/p>\n<p><strong>Le scuole dove si svolge il progetto \/ den Schulen, an denen das Projekt stattfindet\u00a0<\/strong><strong>SUCCESSO FORMATIVO 2025<\/strong>:<\/p>\n<ul class=\"wp-block-list\">\n<li>I. C. Bassa Atesina<\/li>\n<li>I. C. Bolzano \u2013 Europa 2<\/li>\n<li>I. C. Bolzano I \u2013 Centro storico<\/li>\n<li>I. C. Bolzano II \u2013 Don Bosco<\/li>\n<li>I. C. Bolzano III \u2013 Viale Trieste<\/li>\n<li>I. C. Bolzano IV \u2013 Oltrisarco<\/li>\n<li>I. C. Bolzano V \u2013 Gries 1<\/li>\n<li>I. C. Bolzano VI \u2013 Via Rovigo<\/li>\n<li>I. C. Laives<\/li>\n<li>I. C. Merano I<\/li>\n<li>I. C. Merano II<\/li>\n<li>I. P. C. Bolzano \u2013 Europa 1<\/li>\n<li>I. P. C. Bressanone<\/li>\n<li>I. P. C. Brunico \u2013 Val Pusteria<\/li>\n<li>I. P. C. Vipiteno \u2013 Alta Val d\u2019Isarco<\/li>\n<\/ul>\n<p>&nbsp;<\/p>\n<\/div>\n<\/div>\n<p>[\/vc_column_text][\/vc_column][\/vc_row]<\/p>\n<\/div>","protected":false},"excerpt":{"rendered":"<p>[vc_row][vc_column][vc_custom_heading text=&#8221;Successo formativo 2025 &#8211; ESF2_f2_0015&#8243; css=&#8221;&#8221;][\/vc_column][\/vc_row][vc_row][vc_column][vc_column_text css=&#8221;&#8221;]ESF_f2_0015 \u2013\u00a0SUCCESSO FORMATIVO 2025\u00a0ist ein Projekt, das mit\u00a0Kofinanzierung der Europ\u00e4ischen Union und des ESF+ Programms 2021-2027 der Autonomen Provinz Bozen realisiert wird. Es wird von\u00a0Irecoop Alto Adige S\u00fcdtirol\u00a0in Partnerschaft mit dem Verein\u00a0La Strada \u2013 der Weg\u00a0und\u00a0Arciragazzi Bolzano APS\u00a0in einem Netzwerk mit dem\u00a0italienischsprachigen Schulamt der Provinz Bozen\u00a0und den\u00a0Schulen\u00a0durchgef\u00fchrt. Ziele&hellip;<\/p>\n","protected":false},"author":2,"featured_media":0,"parent":3156,"menu_order":0,"comment_status":"closed","ping_status":"closed","template":"","meta":{"footnotes":""},"class_list":["post-10592","page","type-page","status-publish","hentry","description-off"],"_links":{"self":[{"href":"https:\/\/www.lastrada-derweg.org\/index.php?rest_route=\/wp\/v2\/pages\/10592","targetHints":{"allow":["GET"]}}],"collection":[{"href":"https:\/\/www.lastrada-derweg.org\/index.php?rest_route=\/wp\/v2\/pages"}],"about":[{"href":"https:\/\/www.lastrada-derweg.org\/index.php?rest_route=\/wp\/v2\/types\/page"}],"author":[{"embeddable":true,"href":"https:\/\/www.lastrada-derweg.org\/index.php?rest_route=\/wp\/v2\/users\/2"}],"replies":[{"embeddable":true,"href":"https:\/\/www.lastrada-derweg.org\/index.php?rest_route=%2Fwp%2Fv2%2Fcomments&post=10592"}],"version-history":[{"count":3,"href":"https:\/\/www.lastrada-derweg.org\/index.php?rest_route=\/wp\/v2\/pages\/10592\/revisions"}],"predecessor-version":[{"id":10595,"href":"https:\/\/www.lastrada-derweg.org\/index.php?rest_route=\/wp\/v2\/pages\/10592\/revisions\/10595"}],"up":[{"embeddable":true,"href":"https:\/\/www.lastrada-derweg.org\/index.php?rest_route=\/wp\/v2\/pages\/3156"}],"wp:attachment":[{"href":"https:\/\/www.lastrada-derweg.org\/index.php?rest_route=%2Fwp%2Fv2%2Fmedia&parent=10592"}],"curies":[{"name":"wp","href":"https:\/\/api.w.org\/{rel}","templated":true}]}}

<div class="wpb-content-wrapper"><p>[vc_row][vc_column][vc_custom_heading text=&#8221;Successo formativo 2025 &#8211; ESF2_f2_0015&#8243; css=&#8221;&#8221;][/vc_column][/vc_row][vc_row][vc_column][vc_column_text css=&#8221;&#8221;]<strong>ESF_f2_0015 –</strong> <strong>SUCCESSO FORMATIVO 2025</strong> ist ein Projekt, das mit <strong>Kofinanzierung der Europäischen Union und des ESF+ Programms 2021-2027 der Autonomen Provinz Bozen realisiert wird.</strong></p>
<p>Es wird von <strong>Irecoop Alto Adige Südtirol</strong> in Partnerschaft mit dem Verein <strong>La Strada – der Weg</strong> und <strong>Arciragazzi Bolzano APS</strong> in einem Netzwerk mit dem <strong>italienischsprachigen Schulamt der Provinz Bozen </strong>und den<strong> Schulen </strong>durchgeführt.</p>
<p><strong>Ziele des Projekts:</strong></p>
<p><strong>SUCCESSO FORMATIVO 2025</strong> ist Teil der vom Europäischen Sozialfonds der Provinz Bozen finanzierten Initiativen mit dem Ziel, den gleichberechtigten Zugang zu und den Abschluss einer integrativen und qualitativ hochwertigen allgemeinen und beruflichen Bildung zu fördern, insbesondere für benachteiligte Gruppen, von der frühkindlichen Bildung und Betreuung über die allgemeine und berufliche Bildung bis hin zur Hochschulbildung und Erwachsenenbildung, auch durch die Erleichterung der Mobilität für das Lernen für alle und der Zugänglichkeit für Menschen mit Behinderungen</p>
<p><strong>Beschreibung des Projekts und der geplanten Aktivitäten</strong>:</p>
<p><strong>SUCCESSO FORMATIVO 2025</strong> unterstützt den schulischen Kontext dabei, ein Ort der Möglichkeiten zu werden, an dem jeder aktiv an effektiven und qualitativ hochwertigen Lernprozessen teilnehmen, sich frei mit anderen auseinandersetzen, sich beteiligen und die Fähigkeiten erwerben kann, um seine Zukunft zu gestalten. Es richtet sich an Schülerinnen und Schüler der Sekundarschulen und Grundschulen der Projektpartner.</p>
<p>Es bietet folgende Maßnahmen an:</p>
<ul class="wp-block-list">
<li>individuelle und gruppenbasierte Förderung von Grundkenntnissen,</li>
<li>thematische Pfade,</li>
<li>Gruppenprävention und Orientierungsdienste,</li>
<li>sozial-psycho-pädagogische Unterstützung/Dienstleistung.</li>
</ul>
<div class="wp-block-group">
<div class="wp-block-group__inner-container is-layout-constrained wp-block-group-is-layout-constrained">
<p><strong>Informativa di progetto / Informationen zum Projekt:</strong></p>
<p><a href="https://assets-eu-01.kc-usercontent.com/bcebb4a7-48c6-010f-23f5-2a0876a4748e/f83f32ba-ae2c-43b6-914f-8006309e0953/ALT_Condizioni_di_partecipazione_agli_interventi_FSE%2B_Rev00.pdf">https://assets-eu-01.kc-usercontent.com/bcebb4a7-48c6-010f-23f5-2a0876a4748e/f83f32ba-ae2c-43b6-914f-8006309e0953/ALT_Condizioni_di_partecipazione_agli_interventi_FSE%2B_Rev00.pdf</a></p>
<p class="has-text-align-left"><strong>Beneficiario</strong> /<strong> Begünstigter</strong>:</p>
<p class="has-text-align-left"><strong>SUCCESSO FORMATIVO 2025</strong> è realizzato da / wird durchgeführt von :</p>
<p class="has-text-align-left"><strong>Irecoop Alto Adige Sűdtirol</strong>, Via Galilei 2/e, 39100 Bolzano – tel. 0471 1535318</p>
<p class="has-text-align-left">Responsabile di progetto / Projektleiter : Teresa Pedretti, <a href="mailto:teresa.pedretti@irecoopbz.eu">teresa.pedretti@irecoopbz.eu</a></p>
<p class="has-text-align-left">In partenariato con / in Partnerschaft mit :</p>
<p class="has-text-align-left"><strong>Associazione la Strada-der Weg</strong>, Via Visitazione 42, 39100 Bolzano – tel. 0471 203111</p>
<p class="has-text-align-left"><strong>Arciragazzi Bolzano APS</strong>, Via Dolomiti 14, 39100 Bolzano – 0471 323655</p>
<p><strong>Le scuole dove si svolge il progetto / den Schulen, an denen das Projekt stattfindet </strong><strong>SUCCESSO FORMATIVO 2025</strong>:</p>
<ul class="wp-block-list">
<li>I. C. Bassa Atesina</li>
<li>I. C. Bolzano – Europa 2</li>
<li>I. C. Bolzano I – Centro storico</li>
<li>I. C. Bolzano II – Don Bosco</li>
<li>I. C. Bolzano III – Viale Trieste</li>
<li>I. C. Bolzano IV – Oltrisarco</li>
<li>I. C. Bolzano V – Gries 1</li>
<li>I. C. Bolzano VI – Via Rovigo</li>
<li>I. C. Laives</li>
<li>I. C. Merano I</li>
<li>I. C. Merano II</li>
<li>I. P. C. Bolzano – Europa 1</li>
<li>I. P. C. Bressanone</li>
<li>I. P. C. Brunico – Val Pusteria</li>
<li>I. P. C. Vipiteno – Alta Val d’Isarco</li>
</ul>
<p>&nbsp;</p>
</div>
</div>
<p>[/vc_column_text][/vc_column][/vc_row]</p>
</div>

<p>[vc_row][vc_column][vc_custom_heading text=&#8221;Successo formativo 2025 &#8211; ESF2_f2_0015&#8243; css=&#8221;&#8221;][/vc_column][/vc_row][vc_row][vc_column][vc_column_text css=&#8221;&#8221;]ESF_f2_0015 – SUCCESSO FORMATIVO 2025 ist ein Projekt, das mit Kofinanzierung der Europäischen Union und des ESF+ Programms 2021-2027 der Autonomen Provinz Bozen realisiert wird. Es wird von Irecoop Alto Adige Südtirol in Partnerschaft mit dem Verein La Strada – der Weg und Arciragazzi Bolzano APS in einem Netzwerk mit dem italienischsprachigen Schulamt der Provinz Bozen und den Schulen durchgeführt. Ziele&hellip;</p>
