{"id":10613,"date":"2024-07-22T17:20:31","date_gmt":"2024-07-22T15:20:31","guid":{"rendered":"https:\/\/www.lastrada-derweg.org\/?page_id=10613"},"modified":"2025-02-14T09:14:10","modified_gmt":"2025-02-14T08:14:10","slug":"oltre-i-ponti-uber-die-brucken","status":"publish","type":"page","link":"https:\/\/www.lastrada-derweg.org\/?page_id=10613","title":{"rendered":"Oltre i ponti &#8211; \u00dcber die Br\u00fccken"},"content":{"rendered":"<div class=\"wpb-content-wrapper\"><p>[vc_row][vc_column width=&#8221;1\/2&#8243;][vc_custom_heading text=&#8221;Oltre i ponti &#8211; \u00dcber die Br\u00fccken&#8221; use_theme_fonts=&#8221;yes&#8221; css=&#8221;&#8221;][vc_column_text css=&#8221;&#8221;]Il progetto <strong>\u201cOltre i Ponti &#8211; \u00dcber die Br\u00fccken\u201d<\/strong> prevede l\u2019impiego di educatrici ed educatori sociali in alcune scuole dell\u2019infanzia del territorio altoatesino. Gli\/le educatori\/trici, dipendenti del terzo settore, lavorano a stretto contatto con il personale educativo dell&#8217;asilo pubblico. Nell&#8217;ambito delle loro mansioni, sostengono i bambini e le loro famiglie che si trovano in situazioni di stress. Sviluppano inoltre programmi di prevenzione sia all\u2019interno delle scuole che nell&#8217;ambiente sociale delle famiglie. L\u2019attuale progetto \u201cOltre i Ponti &#8211; \u00dcber die Br\u00fccken\u201d nasce come capitalizzazione dell\u2019esperienza pilota de \u201cIl Ponte &#8211; Die Br\u00fccke\u201d risposta al bando \u201cUn passo avanti\u201d che ha coinvolto <strong>quasi 900 bambini e le relative famiglie<\/strong>. Il progetto \u00e8 attivo in <strong>cinque circoli didattici della Provincia Autonoma di Bolzano<\/strong> coinvolgenti scuole sia italiane che tedesche e si rivolge ad alunne\/i delle scuole dell\u2019infanzia (3-6 anni) e le loro famiglie, insegnanti e mondo della scuola, contesto sociale e attori politici ed istituzionali.<\/p>\n<p>&nbsp;<\/p>\n<p>&nbsp;<\/p>\n<p><strong><u>Finanziamento<\/u><\/strong><\/p>\n<p>&nbsp;<\/p>\n<p>Il progetto \u201c<strong>Oltre i Ponti &#8211; \u00dcber die Br\u00fccken<\/strong>\u201d \u00e8 finanziato al 50% dall\u2019impresa sociale \u201cCon i Bambini\u201d \u2013 con cui si condivide l\u2019impegno per il contrasto della povert\u00e0 educativa minorile \u2013 e per il restante 50% da imprese for profit (Alperia, Autoindustriale Srl-GMbH, W\u00fcrth Srl, Stiftung H. Oberrauch Philantropische K\u00f6rperschaft) e fondazioni locali (Fondazione Cassa di Risparmio di Bolzano). Il progetto attuale ha una durata di tre anni ed \u00e8 attivo da febbraio 2024 a febbraio 2027. La struttura di progetto \u00e8 sostenuta da un\u2019attenta gestione territoriale, dal monitoraggio e dalla valutazione d\u2019impatto.<\/p>\n<p>&nbsp;<\/p>\n<p>&nbsp;<\/p>\n<p><strong><u>Partenariato<\/u><\/strong><\/p>\n<p><strong>\u00a0<\/strong><\/p>\n<p><strong>Capofila:<\/strong> Associazione La Strada &#8211; Der Weg ONLUS.<\/p>\n<p><strong>Partner:<\/strong> Arciragazzi Bolzano, Cooperativa sociale EOS, Forum Prevenzione, Cooperativa Sociale S\u00fcdtiroler Kinderdorf.<\/p>\n<p><strong>Ente valutatore:<\/strong> Libera Universit\u00e0 di Bolzano &#8211; Facolt\u00e0 di Scienze della Formazione.<\/p>\n<p><strong>\u00a0<\/strong><\/p>\n<p><strong>\u00a0<\/strong><\/p>\n<p><strong><u>Obiettivi e finalit\u00e0 del progetto<\/u><\/strong><\/p>\n<p><strong>\u00a0<\/strong><\/p>\n<p>Obiettivo del progetto \u00e8 quello di <strong>offrire sostegno socio-pedagogico nelle scuole d\u2019infanzia ai bambini e le loro famiglie<\/strong>. A tale scopo si prevede:<\/p>\n<ul>\n<li>la presenza di operatori nelle scuole per offrire <strong>consulenza e supporto<\/strong> per casi e situazioni particolarmente bisognose;<\/li>\n<li><strong>lavoro di rete e allargamento della comunit\u00e0 educante<\/strong> oltre i singoli circoli scolastici condividendo risorse, conoscenze, metodologie, modalit\u00e0 operative e best practice;<\/li>\n<li><strong>sensibilizzazione e tematizzazione<\/strong> a livello istituzionale e politico del fenomeno della \u201c<strong>povert\u00e0 educativa<\/strong>\u201d (vedi \u201cPiattaforma di contrasto alla povert\u00e0 educativa\u201d).<\/li>\n<\/ul>\n<p>&nbsp;<\/p>\n<p><strong><u>La piattaforma di contrasto alla povert\u00e0 educativa<\/u><\/strong><\/p>\n<p><strong>\u00a0<\/strong><\/p>\n<p><strong>La piattaforma di contrasto alla povert\u00e0 educativa<\/strong> ha l\u2019obiettivo di sensibilizzare attori istituzionali e politici sul tema della povert\u00e0 educativa. Traduzione pratica di questa attivit\u00e0 progettuale \u00e8 l\u2019organizzazione di incontri dove sar\u00e0 possibile:<\/p>\n<ul>\n<li><strong>comprendere e definire ulteriormente <\/strong>il tema della<strong> \u201cpovert\u00e0 educativa\u201d<\/strong>;<\/li>\n<li>discutere e dialogare sulla <strong>situazione e le attuali necessit\u00e0<\/strong> delle realt\u00e0 locali della scuola italiana e tedesca;<\/li>\n<li>delineare <strong>possibili interventi e scenari futuri<\/strong>;<\/li>\n<li>creare una \u201c<strong>nuova cultura\u201d<\/strong> dove dialogo e individuazione di strategie comuni divenga \u201cprassi operativa;<\/li>\n<li>contribuire all\u2019istituzione di un gruppo di interesse che sia <strong>\u201cponte\u201d tra prassi ed istituzioni politiche e sociali<\/strong> in grado di poter stabilire un <strong>reale cambiamento<\/strong> oltre la durata di progetto.<\/li>\n<\/ul>\n<p>[\/vc_column_text][\/vc_column][vc_column width=&#8221;1\/2&#8243;][vc_single_image image=&#8221;6192&#8243; img_size=&#8221;full&#8221;][\/vc_column][\/vc_row][vc_row][vc_column][vc_single_image image=&#8221;11888&#8243; img_size=&#8221;full&#8221; alignment=&#8221;center&#8221; css=&#8221;&#8221;][\/vc_column][\/vc_row][vc_row][vc_column][vc_column_text css=&#8221;&#8221;]<\/p>\n<h6>Il progetto \u00e8 stato selezionato da Con i Bambini nell\u2019ambito del Fondo per il contrasto della povert\u00e0 educativa minorile minorile e cofinanziato da Alperia SpA, Fondazione Cassa di Risparmio di Bolzano &#8211; Stiftung S\u00fcdtiroler Sparkasse, W\u00fcrth Srl, Stiftung H. Oberrauch e Autoindustriale Srl-GMbh. Il Fondo nasce da un\u2019intesa tra le Fondazioni di origine bancaria rappresentate da Acri, il Forum Nazionale del Terzo Settore e il Governo. Sostiene interventi finalizzati a rimuovere gli ostacoli di natura economica, sociale e culturale che impediscono la piena fruizione dei processi educativi da parte dei minori. Per attuare i programmi del Fondo, a giugno 2016 \u00e8 nata l\u2019impresa sociale Con i Bambini, organizzazione senza scopo di lucro interamente partecipata dalla Fondazione CON IL SUD. <a href=\"http:\/\/www.conibambini.org\">www.conibambini.org<\/a>\u201d.<\/h6>\n<p>[\/vc_column_text][\/vc_column][\/vc_row]<\/p>\n<\/div>","protected":false},"excerpt":{"rendered":"<p>[vc_row][vc_column width=&#8221;1\/2&#8243;][vc_custom_heading text=&#8221;Oltre i ponti &#8211; \u00dcber die Br\u00fccken&#8221; use_theme_fonts=&#8221;yes&#8221; css=&#8221;&#8221;][vc_column_text css=&#8221;&#8221;]Il progetto \u201cOltre i Ponti &#8211; \u00dcber die Br\u00fccken\u201d prevede l\u2019impiego di educatrici ed educatori sociali in alcune scuole dell\u2019infanzia del territorio altoatesino. Gli\/le educatori\/trici, dipendenti del terzo settore, lavorano a stretto contatto con il personale educativo dell&#8217;asilo pubblico. Nell&#8217;ambito delle loro mansioni, sostengono&hellip;<\/p>\n","protected":false},"author":2,"featured_media":0,"parent":3140,"menu_order":0,"comment_status":"closed","ping_status":"closed","template":"","meta":{"footnotes":""},"class_list":["post-10613","page","type-page","status-publish","hentry","description-off"],"_links":{"self":[{"href":"https:\/\/www.lastrada-derweg.org\/index.php?rest_route=\/wp\/v2\/pages\/10613","targetHints":{"allow":["GET"]}}],"collection":[{"href":"https:\/\/www.lastrada-derweg.org\/index.php?rest_route=\/wp\/v2\/pages"}],"about":[{"href":"https:\/\/www.lastrada-derweg.org\/index.php?rest_route=\/wp\/v2\/types\/page"}],"author":[{"embeddable":true,"href":"https:\/\/www.lastrada-derweg.org\/index.php?rest_route=\/wp\/v2\/users\/2"}],"replies":[{"embeddable":true,"href":"https:\/\/www.lastrada-derweg.org\/index.php?rest_route=%2Fwp%2Fv2%2Fcomments&post=10613"}],"version-history":[{"count":7,"href":"https:\/\/www.lastrada-derweg.org\/index.php?rest_route=\/wp\/v2\/pages\/10613\/revisions"}],"predecessor-version":[{"id":10615,"href":"https:\/\/www.lastrada-derweg.org\/index.php?rest_route=\/wp\/v2\/pages\/10613\/revisions\/10615"}],"up":[{"embeddable":true,"href":"https:\/\/www.lastrada-derweg.org\/index.php?rest_route=\/wp\/v2\/pages\/3140"}],"wp:attachment":[{"href":"https:\/\/www.lastrada-derweg.org\/index.php?rest_route=%2Fwp%2Fv2%2Fmedia&parent=10613"}],"curies":[{"name":"wp","href":"https:\/\/api.w.org\/{rel}","templated":true}]}}

Oltre i ponti &#8211; Über die Brücken

<div class="wpb-content-wrapper"><p>[vc_row][vc_column width=&#8221;1/2&#8243;][vc_custom_heading text=&#8221;Oltre i ponti &#8211; Über die Brücken&#8221; use_theme_fonts=&#8221;yes&#8221; css=&#8221;&#8221;][vc_column_text css=&#8221;&#8221;]Il progetto <strong>“Oltre i Ponti &#8211; Über die Brücken”</strong> prevede l’impiego di educatrici ed educatori sociali in alcune scuole dell’infanzia del territorio altoatesino. Gli/le educatori/trici, dipendenti del terzo settore, lavorano a stretto contatto con il personale educativo dell&#8217;asilo pubblico. Nell&#8217;ambito delle loro mansioni, sostengono i bambini e le loro famiglie che si trovano in situazioni di stress. Sviluppano inoltre programmi di prevenzione sia all’interno delle scuole che nell&#8217;ambiente sociale delle famiglie. L’attuale progetto “Oltre i Ponti &#8211; Über die Brücken” nasce come capitalizzazione dell’esperienza pilota de “Il Ponte &#8211; Die Brücke” risposta al bando “Un passo avanti” che ha coinvolto <strong>quasi 900 bambini e le relative famiglie</strong>. Il progetto è attivo in <strong>cinque circoli didattici della Provincia Autonoma di Bolzano</strong> coinvolgenti scuole sia italiane che tedesche e si rivolge ad alunne/i delle scuole dell’infanzia (3-6 anni) e le loro famiglie, insegnanti e mondo della scuola, contesto sociale e attori politici ed istituzionali.</p>
<p>&nbsp;</p>
<p>&nbsp;</p>
<p><strong><u>Finanziamento</u></strong></p>
<p>&nbsp;</p>
<p>Il progetto “<strong>Oltre i Ponti &#8211; Über die Brücken</strong>” è finanziato al 50% dall’impresa sociale “Con i Bambini” – con cui si condivide l’impegno per il contrasto della povertà educativa minorile – e per il restante 50% da imprese for profit (Alperia, Autoindustriale Srl-GMbH, Würth Srl, Stiftung H. Oberrauch Philantropische Körperschaft) e fondazioni locali (Fondazione Cassa di Risparmio di Bolzano). Il progetto attuale ha una durata di tre anni ed è attivo da febbraio 2024 a febbraio 2027. La struttura di progetto è sostenuta da un’attenta gestione territoriale, dal monitoraggio e dalla valutazione d’impatto.</p>
<p>&nbsp;</p>
<p>&nbsp;</p>
<p><strong><u>Partenariato</u></strong></p>
<p><strong> </strong></p>
<p><strong>Capofila:</strong> Associazione La Strada &#8211; Der Weg ONLUS.</p>
<p><strong>Partner:</strong> Arciragazzi Bolzano, Cooperativa sociale EOS, Forum Prevenzione, Cooperativa Sociale Südtiroler Kinderdorf.</p>
<p><strong>Ente valutatore:</strong> Libera Università di Bolzano &#8211; Facoltà di Scienze della Formazione.</p>
<p><strong> </strong></p>
<p><strong> </strong></p>
<p><strong><u>Obiettivi e finalità del progetto</u></strong></p>
<p><strong> </strong></p>
<p>Obiettivo del progetto è quello di <strong>offrire sostegno socio-pedagogico nelle scuole d’infanzia ai bambini e le loro famiglie</strong>. A tale scopo si prevede:</p>
<ul>
<li>la presenza di operatori nelle scuole per offrire <strong>consulenza e supporto</strong> per casi e situazioni particolarmente bisognose;</li>
<li><strong>lavoro di rete e allargamento della comunità educante</strong> oltre i singoli circoli scolastici condividendo risorse, conoscenze, metodologie, modalità operative e best practice;</li>
<li><strong>sensibilizzazione e tematizzazione</strong> a livello istituzionale e politico del fenomeno della “<strong>povertà educativa</strong>” (vedi “Piattaforma di contrasto alla povertà educativa”).</li>
</ul>
<p>&nbsp;</p>
<p><strong><u>La piattaforma di contrasto alla povertà educativa</u></strong></p>
<p><strong> </strong></p>
<p><strong>La piattaforma di contrasto alla povertà educativa</strong> ha l’obiettivo di sensibilizzare attori istituzionali e politici sul tema della povertà educativa. Traduzione pratica di questa attività progettuale è l’organizzazione di incontri dove sarà possibile:</p>
<ul>
<li><strong>comprendere e definire ulteriormente </strong>il tema della<strong> “povertà educativa”</strong>;</li>
<li>discutere e dialogare sulla <strong>situazione e le attuali necessità</strong> delle realtà locali della scuola italiana e tedesca;</li>
<li>delineare <strong>possibili interventi e scenari futuri</strong>;</li>
<li>creare una “<strong>nuova cultura”</strong> dove dialogo e individuazione di strategie comuni divenga “prassi operativa;</li>
<li>contribuire all’istituzione di un gruppo di interesse che sia <strong>“ponte” tra prassi ed istituzioni politiche e sociali</strong> in grado di poter stabilire un <strong>reale cambiamento</strong> oltre la durata di progetto.</li>
</ul>
<p>[/vc_column_text][/vc_column][vc_column width=&#8221;1/2&#8243;][vc_single_image image=&#8221;6192&#8243; img_size=&#8221;full&#8221;][/vc_column][/vc_row][vc_row][vc_column][vc_single_image image=&#8221;11888&#8243; img_size=&#8221;full&#8221; alignment=&#8221;center&#8221; css=&#8221;&#8221;][/vc_column][/vc_row][vc_row][vc_column][vc_column_text css=&#8221;&#8221;]</p>
<h6>Il progetto è stato selezionato da Con i Bambini nell’ambito del Fondo per il contrasto della povertà educativa minorile minorile e cofinanziato da Alperia SpA, Fondazione Cassa di Risparmio di Bolzano &#8211; Stiftung Südtiroler Sparkasse, Würth Srl, Stiftung H. Oberrauch e Autoindustriale Srl-GMbh. Il Fondo nasce da un’intesa tra le Fondazioni di origine bancaria rappresentate da Acri, il Forum Nazionale del Terzo Settore e il Governo. Sostiene interventi finalizzati a rimuovere gli ostacoli di natura economica, sociale e culturale che impediscono la piena fruizione dei processi educativi da parte dei minori. Per attuare i programmi del Fondo, a giugno 2016 è nata l’impresa sociale Con i Bambini, organizzazione senza scopo di lucro interamente partecipata dalla Fondazione CON IL SUD. <a href="http://www.conibambini.org">www.conibambini.org</a>”.</h6>
<p>[/vc_column_text][/vc_column][/vc_row]</p>
</div>

<p>[vc_row][vc_column width=&#8221;1/2&#8243;][vc_custom_heading text=&#8221;Oltre i ponti &#8211; Über die Brücken&#8221; use_theme_fonts=&#8221;yes&#8221; css=&#8221;&#8221;][vc_column_text css=&#8221;&#8221;]Il progetto “Oltre i Ponti &#8211; Über die Brücken” prevede l’impiego di educatrici ed educatori sociali in alcune scuole dell’infanzia del territorio altoatesino. Gli/le educatori/trici, dipendenti del terzo settore, lavorano a stretto contatto con il personale educativo dell&#8217;asilo pubblico. Nell&#8217;ambito delle loro mansioni, sostengono&hellip;</p>
