{"id":12365,"date":"2025-09-18T08:10:44","date_gmt":"2025-09-18T06:10:44","guid":{"rendered":"https:\/\/www.lastrada-derweg.org\/?page_id=12365"},"modified":"2025-09-18T08:24:18","modified_gmt":"2025-09-18T06:24:18","slug":"suppi","status":"publish","type":"page","link":"https:\/\/www.lastrada-derweg.org\/?page_id=12365","title":{"rendered":"SUPPI"},"content":{"rendered":"<div class=\"wpb-content-wrapper\"><p>[vc_row][vc_column][vc_column_text css=&#8221;&#8221;]<strong>ESF_f4_0021 <\/strong><strong>\u2013<\/strong> <strong>SUPPI &#8211; Supporto socio-pedagogico per la prima infanzia &#8211; Scuole d\u2019infanzia in lingua italiana &#8211; Area Territoriale A: Bolzano e Oltradige Bassa Atesina, Salto-Sciliar<\/strong> \u00e8 un progetto <strong>realizzato con il cofinanziamento dell\u2019Unione Europea<\/strong> e del <strong>Programma FSE+ 2021-2027 della Provincia autonoma di Bolzano<\/strong>.<\/p>\n<p>\u00c8 realizzato dall\u2019 <strong>Associazione La Strada \u2013 der Weg <\/strong>in rete con con la <strong>Direzione provinciale Scuole dell\u2019infanzia in lingua italiana<\/strong> <strong>della Provincia di Bolzano<\/strong> e le <strong>scuole dell\u2019infanzia.<\/strong><\/p>\n<p>&nbsp;<\/p>\n<p><strong>Finalit\u00e0 del progetto<\/strong><\/p>\n<p>&nbsp;<\/p>\n<p>&nbsp;<\/p>\n<p><strong>SUPPI &#8211; Supporto socio-pedagogico per la prima infanzia <\/strong>si colloca all\u2019interno delle iniziative finanziate dal <strong>Fondo sociale europeo <\/strong>della Provincia di Bolzano con lo scopo di <strong>promuovere la parit\u00e0 di accesso e di completamento di un\u2019istruzione e una formazione inclusive e di qualit\u00e0<\/strong>, in particolare per i gruppi svantaggiati, dall\u2019educazione alla cura della prima infanzia.<\/p>\n<p>&nbsp;<\/p>\n<p><strong>Descrizione del progetto e delle attivit\u00e0 previste<\/strong><\/p>\n<p>&nbsp;<\/p>\n<p>Il progetto <strong>SUPPI <\/strong>\u00e8 stato ideato per far fronte a un&#8217;esigenza riscontrata in Alto Adige, dove l&#8217;aumento della fragilit\u00e0 sociale e della povert\u00e0 educativa compromette la crescita dei pi\u00f9 piccoli. L&#8217;iniziativa si svolge presso la scuola d&#8217;infanzia &#8220;Girasole&#8221; di Bolzano, e ha lo scopo di fornire un supporto mirato e completo ai bambini e alle bambine che si trovano in contesti di vulnerabilit\u00e0 e non solo.<\/p>\n<p>Il programma si fonda su tre pilastri: un <strong>supporto socio-pedagogico<\/strong> diretto ai bambini e un&#8217;assistenza indiretta a genitori e personale educativo, l&#8217;organizzazione di <strong>incontri formativi<\/strong> per rafforzare le competenze della comunit\u00e0 scolastica e un sistema di monitoraggio e <strong>valutazione continua<\/strong> per misurare i progressi. L&#8217;iniziativa si avvale di una solida rete di partner pubblici e privati, assicurando un aiuto integrato e coerente. <strong>SUPPI<\/strong> punta a costruire un modello educativo replicabile che, oltre a promuovere l&#8217;inclusione e l&#8217;uguaglianza, tiene conto anche di temi fondamentali come la parit\u00e0 di genere, la non discriminazione e lo sviluppo sostenibile, con l&#8217;obiettivo di migliorare il benessere di tutti i partecipanti.<\/p>\n<p>&nbsp;<\/p>\n<p>Offre azioni di:<\/p>\n<ul>\n<li>potenziamento delle competenze di base individualizzate e di gruppo,<\/li>\n<li>servizi di supporto\/sostegno socio-psico-pedagogico,<\/li>\n<li>servizi di prevenzione e orientamento di gruppo,<\/li>\n<li>promozione della parit\u00e0 di genere<\/li>\n<li>workshop tematici e di sensibilizzazione<\/li>\n<\/ul>\n<p>Durata Progettuale: dal 1 settembre 2025 al 31 agosto 2027<\/p>\n<p>&nbsp;<\/p>\n<p>&nbsp;<\/p>\n<p><strong>\u00a0<\/strong><strong>Informativa di progetto<\/strong><\/p>\n<p><a href=\"https:\/\/assets-eu-01.kc-usercontent.com\/bcebb4a7-48c6-010f-23f5-2a0876a4748e\/f83f32ba-ae2c-43b6-914f-8006309e0953\/ALT_Condizioni_di_partecipazione_agli_interventi_FSE%2B_Rev00.pdf\">https:\/\/assets-eu-01.kc-usercontent.com\/bcebb4a7-48c6-010f-23f5-2a0876a4748e\/f83f32ba-ae2c-43b6-914f-8006309e0953\/ALT_Condizioni_di_partecipazione_agli_interventi_FSE%2B_Rev00.pdf<\/a><\/p>\n<p><strong>Sito dell\u2019Ufficio FSE<\/strong><\/p>\n<p><a href=\"https:\/\/europa.provincia.bz.it\/it\/fse-il-fondo-sociale-europeo-plus\">https:\/\/europa.provincia.bz.it\/it\/fse-il-fondo-sociale-europeo-plus<\/a><\/p>\n<p><strong>Beneficiario<\/strong><\/p>\n<p><strong>SUPPI &#8211; Supporto socio-pedagogico per la prima infanzia <\/strong>\u00e8 realizzato da:<\/p>\n<p>Associazione La Strada-Der Weg Onlus<\/p>\n<p>Via Visitazione 42, 39100 Bolzano<\/p>\n<p>tel. 0471 203111<\/p>\n<p><strong>\u00a0<\/strong><\/p>\n<p><strong>Responsabile di progetto<\/strong><\/p>\n<p>&nbsp;<\/p>\n<p>Dr. Marion Lorenzon<\/p>\n<p><a href=\"mailto:marion.lorenzon@lastrada-derweg.org\">marion.lorenzon@lastrada-derweg.org<\/a><\/p>\n<p>&nbsp;<\/p>\n<p>Il progetto si svolger\u00e0 all\u2019interno della scuola dell\u2019infanzia<strong> \u201cGirasole\u201d <\/strong>della citt\u00e0 di Bolzano<strong>.<\/strong>[\/vc_column_text][\/vc_column][\/vc_row][vc_row][vc_column][vc_single_image image=&#8221;12372&#8243; img_size=&#8221;full&#8221; css=&#8221;&#8221;][\/vc_column][\/vc_row]<\/p>\n<\/div>","protected":false},"excerpt":{"rendered":"<p>[vc_row][vc_column][vc_column_text css=&#8221;&#8221;]ESF_f4_0021 \u2013 SUPPI &#8211; Supporto socio-pedagogico per la prima infanzia &#8211; Scuole d\u2019infanzia in lingua italiana &#8211; Area Territoriale A: Bolzano e Oltradige Bassa Atesina, Salto-Sciliar \u00e8 un progetto realizzato con il cofinanziamento dell\u2019Unione Europea e del Programma FSE+ 2021-2027 della Provincia autonoma di Bolzano. \u00c8 realizzato dall\u2019 Associazione La Strada \u2013 der Weg&hellip;<\/p>\n","protected":false},"author":2,"featured_media":0,"parent":3154,"menu_order":0,"comment_status":"closed","ping_status":"closed","template":"","meta":{"footnotes":""},"class_list":["post-12365","page","type-page","status-publish","hentry","description-off"],"_links":{"self":[{"href":"https:\/\/www.lastrada-derweg.org\/index.php?rest_route=\/wp\/v2\/pages\/12365","targetHints":{"allow":["GET"]}}],"collection":[{"href":"https:\/\/www.lastrada-derweg.org\/index.php?rest_route=\/wp\/v2\/pages"}],"about":[{"href":"https:\/\/www.lastrada-derweg.org\/index.php?rest_route=\/wp\/v2\/types\/page"}],"author":[{"embeddable":true,"href":"https:\/\/www.lastrada-derweg.org\/index.php?rest_route=\/wp\/v2\/users\/2"}],"replies":[{"embeddable":true,"href":"https:\/\/www.lastrada-derweg.org\/index.php?rest_route=%2Fwp%2Fv2%2Fcomments&post=12365"}],"version-history":[{"count":5,"href":"https:\/\/www.lastrada-derweg.org\/index.php?rest_route=\/wp\/v2\/pages\/12365\/revisions"}],"predecessor-version":[{"id":12376,"href":"https:\/\/www.lastrada-derweg.org\/index.php?rest_route=\/wp\/v2\/pages\/12365\/revisions\/12376"}],"up":[{"embeddable":true,"href":"https:\/\/www.lastrada-derweg.org\/index.php?rest_route=\/wp\/v2\/pages\/3154"}],"wp:attachment":[{"href":"https:\/\/www.lastrada-derweg.org\/index.php?rest_route=%2Fwp%2Fv2%2Fmedia&parent=12365"}],"curies":[{"name":"wp","href":"https:\/\/api.w.org\/{rel}","templated":true}]}}

<div class="wpb-content-wrapper"><p>[vc_row][vc_column][vc_column_text css=&#8221;&#8221;]<strong>ESF_f4_0021 </strong><strong>–</strong> <strong>SUPPI &#8211; Supporto socio-pedagogico per la prima infanzia &#8211; Scuole d’infanzia in lingua italiana &#8211; Area Territoriale A: Bolzano e Oltradige Bassa Atesina, Salto-Sciliar</strong> è un progetto <strong>realizzato con il cofinanziamento dell’Unione Europea</strong> e del <strong>Programma FSE+ 2021-2027 della Provincia autonoma di Bolzano</strong>.</p>
<p>È realizzato dall’ <strong>Associazione La Strada – der Weg </strong>in rete con con la <strong>Direzione provinciale Scuole dell’infanzia in lingua italiana</strong> <strong>della Provincia di Bolzano</strong> e le <strong>scuole dell’infanzia.</strong></p>
<p>&nbsp;</p>
<p><strong>Finalità del progetto</strong></p>
<p>&nbsp;</p>
<p>&nbsp;</p>
<p><strong>SUPPI &#8211; Supporto socio-pedagogico per la prima infanzia </strong>si colloca all’interno delle iniziative finanziate dal <strong>Fondo sociale europeo </strong>della Provincia di Bolzano con lo scopo di <strong>promuovere la parità di accesso e di completamento di un’istruzione e una formazione inclusive e di qualità</strong>, in particolare per i gruppi svantaggiati, dall’educazione alla cura della prima infanzia.</p>
<p>&nbsp;</p>
<p><strong>Descrizione del progetto e delle attività previste</strong></p>
<p>&nbsp;</p>
<p>Il progetto <strong>SUPPI </strong>è stato ideato per far fronte a un&#8217;esigenza riscontrata in Alto Adige, dove l&#8217;aumento della fragilità sociale e della povertà educativa compromette la crescita dei più piccoli. L&#8217;iniziativa si svolge presso la scuola d&#8217;infanzia &#8220;Girasole&#8221; di Bolzano, e ha lo scopo di fornire un supporto mirato e completo ai bambini e alle bambine che si trovano in contesti di vulnerabilità e non solo.</p>
<p>Il programma si fonda su tre pilastri: un <strong>supporto socio-pedagogico</strong> diretto ai bambini e un&#8217;assistenza indiretta a genitori e personale educativo, l&#8217;organizzazione di <strong>incontri formativi</strong> per rafforzare le competenze della comunità scolastica e un sistema di monitoraggio e <strong>valutazione continua</strong> per misurare i progressi. L&#8217;iniziativa si avvale di una solida rete di partner pubblici e privati, assicurando un aiuto integrato e coerente. <strong>SUPPI</strong> punta a costruire un modello educativo replicabile che, oltre a promuovere l&#8217;inclusione e l&#8217;uguaglianza, tiene conto anche di temi fondamentali come la parità di genere, la non discriminazione e lo sviluppo sostenibile, con l&#8217;obiettivo di migliorare il benessere di tutti i partecipanti.</p>
<p>&nbsp;</p>
<p>Offre azioni di:</p>
<ul>
<li>potenziamento delle competenze di base individualizzate e di gruppo,</li>
<li>servizi di supporto/sostegno socio-psico-pedagogico,</li>
<li>servizi di prevenzione e orientamento di gruppo,</li>
<li>promozione della parità di genere</li>
<li>workshop tematici e di sensibilizzazione</li>
</ul>
<p>Durata Progettuale: dal 1 settembre 2025 al 31 agosto 2027</p>
<p>&nbsp;</p>
<p>&nbsp;</p>
<p><strong> </strong><strong>Informativa di progetto</strong></p>
<p><a href="https://assets-eu-01.kc-usercontent.com/bcebb4a7-48c6-010f-23f5-2a0876a4748e/f83f32ba-ae2c-43b6-914f-8006309e0953/ALT_Condizioni_di_partecipazione_agli_interventi_FSE%2B_Rev00.pdf">https://assets-eu-01.kc-usercontent.com/bcebb4a7-48c6-010f-23f5-2a0876a4748e/f83f32ba-ae2c-43b6-914f-8006309e0953/ALT_Condizioni_di_partecipazione_agli_interventi_FSE%2B_Rev00.pdf</a></p>
<p><strong>Sito dell’Ufficio FSE</strong></p>
<p><a href="https://europa.provincia.bz.it/it/fse-il-fondo-sociale-europeo-plus">https://europa.provincia.bz.it/it/fse-il-fondo-sociale-europeo-plus</a></p>
<p><strong>Beneficiario</strong></p>
<p><strong>SUPPI &#8211; Supporto socio-pedagogico per la prima infanzia </strong>è realizzato da:</p>
<p>Associazione La Strada-Der Weg Onlus</p>
<p>Via Visitazione 42, 39100 Bolzano</p>
<p>tel. 0471 203111</p>
<p><strong> </strong></p>
<p><strong>Responsabile di progetto</strong></p>
<p>&nbsp;</p>
<p>Dr. Marion Lorenzon</p>
<p><a href="mailto:marion.lorenzon@lastrada-derweg.org">marion.lorenzon@lastrada-derweg.org</a></p>
<p>&nbsp;</p>
<p>Il progetto si svolgerà all’interno della scuola dell’infanzia<strong> “Girasole” </strong>della città di Bolzano<strong>.</strong>[/vc_column_text][/vc_column][/vc_row][vc_row][vc_column][vc_single_image image=&#8221;12372&#8243; img_size=&#8221;full&#8221; css=&#8221;&#8221;][/vc_column][/vc_row]</p>
</div>

<p>[vc_row][vc_column][vc_column_text css=&#8221;&#8221;]ESF_f4_0021 – SUPPI &#8211; Supporto socio-pedagogico per la prima infanzia &#8211; Scuole d’infanzia in lingua italiana &#8211; Area Territoriale A: Bolzano e Oltradige Bassa Atesina, Salto-Sciliar è un progetto realizzato con il cofinanziamento dell’Unione Europea e del Programma FSE+ 2021-2027 della Provincia autonoma di Bolzano. È realizzato dall’ Associazione La Strada – der Weg&hellip;</p>
