{"id":12377,"date":"2025-09-18T08:20:06","date_gmt":"2025-09-18T06:20:06","guid":{"rendered":"https:\/\/www.lastrada-derweg.org\/?page_id=12377"},"modified":"2025-09-18T08:23:50","modified_gmt":"2025-09-18T06:23:50","slug":"suppi","status":"publish","type":"page","link":"https:\/\/www.lastrada-derweg.org\/?page_id=12377&lang=de","title":{"rendered":"SUPPI"},"content":{"rendered":"<div class=\"wpb-content-wrapper\"><p>[vc_row][vc_column][vc_column_text css=&#8221;&#8221;]<strong>ESF_f4_0021 <\/strong><strong>\u2013<\/strong> <strong>SUPPI &#8211; Supporto socio-pedagogico per la prima infanzia &#8211; Scuole d\u2019infanzia in lingua italiana &#8211; Area Territoriale A: Bolzano e Oltradige Bassa Atesina, Salto-Sciliar<\/strong>\u00a0 ist ein Projekt, das mit finanzieller Unterst\u00fctzung der Europ\u00e4ischen Union und des Programms ESF+ 2021-2027 der Autonomen Provinz Bozen realisiert wurde.<\/p>\n<p>&nbsp;<\/p>\n<p>Es wird vom <strong>Verein La Strada\u2013Der Weg<\/strong> in Zusammenarbeit mit der <strong>italienischsprachigen Landesdirektion italienischsprachiger <\/strong>Kinderg\u00e4rten der Provinz Bozen und den <strong>Kinderg\u00e4rten<\/strong> durchgef\u00fchrt.<\/p>\n<p>&nbsp;<\/p>\n<p><strong>Ziel des Projekts<\/strong><\/p>\n<p>SUPPI \u2013 Sozialp\u00e4dagogische Unterst\u00fctzung f\u00fcr die fr\u00fche Kindheit ist Teil der vom Europ\u00e4ischen Sozialfond der Provinz Bozen finanzierten Initiativen, deren Ziel es ist, den gleichberechtigten Zugang und den Abschluss einer inklusiven und hochwertigen allgemeinen und beruflichen Bildung zu f\u00f6rdern, insbesondere f\u00fcr benachteiligte Gruppen, im Bereich der fr\u00fchkindlichen Bildung und Betreuung.<\/p>\n<p>&nbsp;<\/p>\n<p><strong>Beschreibung des Projekts und der geplanten Aktivit\u00e4ten<\/strong><\/p>\n<p>Das Projekt SUPPI wurde ins Leben gerufen, um einem Bedarf in S\u00fcdtirol gerecht zu werden, wo die zunehmende soziale Fragilit\u00e4t und Bildungsarmut das Wachstum der Kleinsten beeintr\u00e4chtigen. Die Initiative findet im Kindergarten \u201eGirasole\u201d in Bozen statt und hat zum Ziel, Kindern in prek\u00e4ren Lebenssituationen, und nicht nur, gezielte und umfassende Unterst\u00fctzung zu bieten.<\/p>\n<p>Das Programm basiert auf drei S\u00e4ulen: einer direkten sozialp\u00e4dagogischen Unterst\u00fctzung f\u00fcr Kinder und einer indirekten Unterst\u00fctzung f\u00fcr Eltern und p\u00e4dagogisches Personal, der Organisation von Fortbildungen zur St\u00e4rkung der Kompetenzen der Schulgemeinschaft und einem System zur kontinuierlichen \u00dcberwachung und Bewertung, um die Fortschritte zu messen. Die Initiative st\u00fctzt sich auf ein solides Netzwerk \u00f6ffentlicher und privater Partner, das eine integrierte und koh\u00e4rente Hilfe gew\u00e4hrleistet. SUPPI zielt darauf ab, ein reproduzierbares Bildungsmodell zu entwickeln, das nicht nur Inklusion und Gleichberechtigung f\u00f6rdert, sondern auch grundlegende Themen wie Geschlechtergleichstellung, Nichtdiskriminierung und nachhaltige Entwicklung ber\u00fccksichtigt, mit dem Ziel, das Wohlergehen aller Beteiligten zu verbessern.<\/p>\n<p>&nbsp;<\/p>\n<p>Es bietet Ma\u00dfnahmen zur:<\/p>\n<ul>\n<li>St\u00e4rkung individueller und gruppenbezogener Grundkompetenzen,<\/li>\n<li>sozialpsychologischer und p\u00e4dagogischer Unterst\u00fctzung,<\/li>\n<li>Pr\u00e4vention und Gruppenberatung,<\/li>\n<li>F\u00f6rderung der Gleichstellung der Geschlechter<\/li>\n<li>thematischen Workshops und Sensibilisierungsma\u00dfnahmen<\/li>\n<\/ul>\n<p>&nbsp;<\/p>\n<p>Projektdauer: vom 1. September 2025 bis zum 31. August 2027<\/p>\n<p>&nbsp;<\/p>\n<p><strong>Informationen zum Projekt<\/strong><\/p>\n<p>https:\/\/assets-eu-01.kc-usercontent.com\/bcebb4a7-48c6-010f-23f5-2a0876a4748e\/83f2a1f5-3d60-4da5-a1f5-059d8dc59d3c\/ALT_DE_Teilnahmebedingungen_zu_ESF%2B-%20Ma%C3%9Fnahmen_Rev00.pdf<\/p>\n<p><strong>Website des FSE-B\u00fcros<\/strong>: <a href=\"https:\/\/europa.provincia.bz.it\/it\/fse-il-fondo-sociale-europeo-plus\">https:\/\/europa.provincia.bz.it\/it\/fse-il-fondo-sociale-europeo-plus<\/a><\/p>\n<p><strong>Beg\u00fcnstigter<\/strong>:<\/p>\n<p><strong>SUPPI &#8211; Supporto socio-pedagogico per la prima infanzia <\/strong>wird durchgef\u00fchrt von:<\/p>\n<p>Verein La Strada-Der Weg Onlus<\/p>\n<p>Mariaheimweg 42, 39100 Bozen<\/p>\n<p>Tel. 0471 203111<\/p>\n<p>&nbsp;<\/p>\n<p><strong>Projektleiterin: <\/strong><\/p>\n<p>Marion Lorenzon<\/p>\n<p><a href=\"mailto:marion.lorenzon@lastrada-derweg.org\">marion.lorenzon@lastrada-derweg.org<\/a><\/p>\n<p>&nbsp;<\/p>\n<p><strong>Das Projekt wird in dem Kindergarten \u201eGirasole\u201c in Bozen durchgef\u00fchrt.<\/strong>[\/vc_column_text][\/vc_column][\/vc_row][vc_row][vc_column][vc_single_image image=&#8221;12378&#8243; img_size=&#8221;full&#8221; css=&#8221;&#8221;][\/vc_column][\/vc_row]<\/p>\n<\/div>","protected":false},"excerpt":{"rendered":"<p>[vc_row][vc_column][vc_column_text css=&#8221;&#8221;]ESF_f4_0021 \u2013 SUPPI &#8211; Supporto socio-pedagogico per la prima infanzia &#8211; Scuole d\u2019infanzia in lingua italiana &#8211; Area Territoriale A: Bolzano e Oltradige Bassa Atesina, Salto-Sciliar\u00a0 ist ein Projekt, das mit finanzieller Unterst\u00fctzung der Europ\u00e4ischen Union und des Programms ESF+ 2021-2027 der Autonomen Provinz Bozen realisiert wurde. &nbsp; Es wird vom Verein La Strada\u2013Der&hellip;<\/p>\n","protected":false},"author":2,"featured_media":0,"parent":3156,"menu_order":0,"comment_status":"closed","ping_status":"closed","template":"","meta":{"footnotes":""},"class_list":["post-12377","page","type-page","status-publish","hentry","description-off"],"_links":{"self":[{"href":"https:\/\/www.lastrada-derweg.org\/index.php?rest_route=\/wp\/v2\/pages\/12377","targetHints":{"allow":["GET"]}}],"collection":[{"href":"https:\/\/www.lastrada-derweg.org\/index.php?rest_route=\/wp\/v2\/pages"}],"about":[{"href":"https:\/\/www.lastrada-derweg.org\/index.php?rest_route=\/wp\/v2\/types\/page"}],"author":[{"embeddable":true,"href":"https:\/\/www.lastrada-derweg.org\/index.php?rest_route=\/wp\/v2\/users\/2"}],"replies":[{"embeddable":true,"href":"https:\/\/www.lastrada-derweg.org\/index.php?rest_route=%2Fwp%2Fv2%2Fcomments&post=12377"}],"version-history":[{"count":2,"href":"https:\/\/www.lastrada-derweg.org\/index.php?rest_route=\/wp\/v2\/pages\/12377\/revisions"}],"predecessor-version":[{"id":12381,"href":"https:\/\/www.lastrada-derweg.org\/index.php?rest_route=\/wp\/v2\/pages\/12377\/revisions\/12381"}],"up":[{"embeddable":true,"href":"https:\/\/www.lastrada-derweg.org\/index.php?rest_route=\/wp\/v2\/pages\/3156"}],"wp:attachment":[{"href":"https:\/\/www.lastrada-derweg.org\/index.php?rest_route=%2Fwp%2Fv2%2Fmedia&parent=12377"}],"curies":[{"name":"wp","href":"https:\/\/api.w.org\/{rel}","templated":true}]}}

<div class="wpb-content-wrapper"><p>[vc_row][vc_column][vc_column_text css=&#8221;&#8221;]<strong>ESF_f4_0021 </strong><strong>–</strong> <strong>SUPPI &#8211; Supporto socio-pedagogico per la prima infanzia &#8211; Scuole d’infanzia in lingua italiana &#8211; Area Territoriale A: Bolzano e Oltradige Bassa Atesina, Salto-Sciliar</strong>  ist ein Projekt, das mit finanzieller Unterstützung der Europäischen Union und des Programms ESF+ 2021-2027 der Autonomen Provinz Bozen realisiert wurde.</p>
<p>&nbsp;</p>
<p>Es wird vom <strong>Verein La Strada–Der Weg</strong> in Zusammenarbeit mit der <strong>italienischsprachigen Landesdirektion italienischsprachiger </strong>Kindergärten der Provinz Bozen und den <strong>Kindergärten</strong> durchgeführt.</p>
<p>&nbsp;</p>
<p><strong>Ziel des Projekts</strong></p>
<p>SUPPI – Sozialpädagogische Unterstützung für die frühe Kindheit ist Teil der vom Europäischen Sozialfond der Provinz Bozen finanzierten Initiativen, deren Ziel es ist, den gleichberechtigten Zugang und den Abschluss einer inklusiven und hochwertigen allgemeinen und beruflichen Bildung zu fördern, insbesondere für benachteiligte Gruppen, im Bereich der frühkindlichen Bildung und Betreuung.</p>
<p>&nbsp;</p>
<p><strong>Beschreibung des Projekts und der geplanten Aktivitäten</strong></p>
<p>Das Projekt SUPPI wurde ins Leben gerufen, um einem Bedarf in Südtirol gerecht zu werden, wo die zunehmende soziale Fragilität und Bildungsarmut das Wachstum der Kleinsten beeinträchtigen. Die Initiative findet im Kindergarten „Girasole” in Bozen statt und hat zum Ziel, Kindern in prekären Lebenssituationen, und nicht nur, gezielte und umfassende Unterstützung zu bieten.</p>
<p>Das Programm basiert auf drei Säulen: einer direkten sozialpädagogischen Unterstützung für Kinder und einer indirekten Unterstützung für Eltern und pädagogisches Personal, der Organisation von Fortbildungen zur Stärkung der Kompetenzen der Schulgemeinschaft und einem System zur kontinuierlichen Überwachung und Bewertung, um die Fortschritte zu messen. Die Initiative stützt sich auf ein solides Netzwerk öffentlicher und privater Partner, das eine integrierte und kohärente Hilfe gewährleistet. SUPPI zielt darauf ab, ein reproduzierbares Bildungsmodell zu entwickeln, das nicht nur Inklusion und Gleichberechtigung fördert, sondern auch grundlegende Themen wie Geschlechtergleichstellung, Nichtdiskriminierung und nachhaltige Entwicklung berücksichtigt, mit dem Ziel, das Wohlergehen aller Beteiligten zu verbessern.</p>
<p>&nbsp;</p>
<p>Es bietet Maßnahmen zur:</p>
<ul>
<li>Stärkung individueller und gruppenbezogener Grundkompetenzen,</li>
<li>sozialpsychologischer und pädagogischer Unterstützung,</li>
<li>Prävention und Gruppenberatung,</li>
<li>Förderung der Gleichstellung der Geschlechter</li>
<li>thematischen Workshops und Sensibilisierungsmaßnahmen</li>
</ul>
<p>&nbsp;</p>
<p>Projektdauer: vom 1. September 2025 bis zum 31. August 2027</p>
<p>&nbsp;</p>
<p><strong>Informationen zum Projekt</strong></p>
<p>https://assets-eu-01.kc-usercontent.com/bcebb4a7-48c6-010f-23f5-2a0876a4748e/83f2a1f5-3d60-4da5-a1f5-059d8dc59d3c/ALT_DE_Teilnahmebedingungen_zu_ESF%2B-%20Ma%C3%9Fnahmen_Rev00.pdf</p>
<p><strong>Website des FSE-Büros</strong>: <a href="https://europa.provincia.bz.it/it/fse-il-fondo-sociale-europeo-plus">https://europa.provincia.bz.it/it/fse-il-fondo-sociale-europeo-plus</a></p>
<p><strong>Begünstigter</strong>:</p>
<p><strong>SUPPI &#8211; Supporto socio-pedagogico per la prima infanzia </strong>wird durchgeführt von:</p>
<p>Verein La Strada-Der Weg Onlus</p>
<p>Mariaheimweg 42, 39100 Bozen</p>
<p>Tel. 0471 203111</p>
<p>&nbsp;</p>
<p><strong>Projektleiterin: </strong></p>
<p>Marion Lorenzon</p>
<p><a href="mailto:marion.lorenzon@lastrada-derweg.org">marion.lorenzon@lastrada-derweg.org</a></p>
<p>&nbsp;</p>
<p><strong>Das Projekt wird in dem Kindergarten „Girasole“ in Bozen durchgeführt.</strong>[/vc_column_text][/vc_column][/vc_row][vc_row][vc_column][vc_single_image image=&#8221;12378&#8243; img_size=&#8221;full&#8221; css=&#8221;&#8221;][/vc_column][/vc_row]</p>
</div>

<p>[vc_row][vc_column][vc_column_text css=&#8221;&#8221;]ESF_f4_0021 – SUPPI &#8211; Supporto socio-pedagogico per la prima infanzia &#8211; Scuole d’infanzia in lingua italiana &#8211; Area Territoriale A: Bolzano e Oltradige Bassa Atesina, Salto-Sciliar  ist ein Projekt, das mit finanzieller Unterstützung der Europäischen Union und des Programms ESF+ 2021-2027 der Autonomen Provinz Bozen realisiert wurde. &nbsp; Es wird vom Verein La Strada–Der&hellip;</p>
