{"id":12383,"date":"2025-09-18T08:26:39","date_gmt":"2025-09-18T06:26:39","guid":{"rendered":"https:\/\/www.lastrada-derweg.org\/?page_id=12383"},"modified":"2025-09-22T15:48:07","modified_gmt":"2025-09-22T13:48:07","slug":"poppi","status":"publish","type":"page","link":"https:\/\/www.lastrada-derweg.org\/?page_id=12383","title":{"rendered":"POPPI"},"content":{"rendered":"<div class=\"wpb-content-wrapper\"><p>[vc_row][vc_column][vc_column_text css=&#8221;&#8221;]<strong>ESF_f4_0011 <\/strong><strong>\u2013<\/strong> <strong>PO.PPI &#8211; POnti Per la Prima Infanzia &#8211; Scuole d\u2019infanzia in lingua italiana &#8211; Area Territoriale C: Burgraviato e Val Venosta<\/strong> \u00e8 un progetto <strong>realizzato con il cofinanziamento dell\u2019Unione Europea<\/strong> e del <strong>Programma FSE+ 2021-2027 della Provincia Autonoma di Bolzano<\/strong>.<\/p>\n<p>&nbsp;<\/p>\n<p>E\u2019 realizzato dall\u2019 <strong>Associazione La Strada \u2013 Der Weg <\/strong>in rete con <strong>la Direzione provinciale Scuole dell\u2019infanzia<\/strong> in lingua italiana della<strong> Provincia di Bolzano<\/strong> e <strong>le scuole dell\u2019infanzia.<\/strong><\/p>\n<p><strong>\u00a0<\/strong><\/p>\n<p><strong>Finalit\u00e0 del progetto<\/strong><\/p>\n<p><strong>PO.PPI \u2013 Ponti Per la Prima Infanzia<\/strong> si colloca all\u2019interno delle iniziative finanziate dal <strong>Fondo sociale europeo <\/strong>della Provincia di Bolzano con lo scopo di <strong>promuovere la parit\u00e0 di accesso e di completamento di un\u2019istruzione e una formazione inclusive e di qualit\u00e0<\/strong>, in particolare per i gruppi svantaggiati, dall\u2019educazione alla cura della prima infanzia.<\/p>\n<p>&nbsp;<\/p>\n<p><strong>Descrizione del progetto e delle attivit\u00e0 previste<\/strong><\/p>\n<p>Il progetto <strong>PO.PPI \u2013 Ponti Per la Prima Infanzia<\/strong> \u00e8 un&#8217;iniziativa dell&#8217;Associazione La Strada &#8211; Der Weg, nata per rispondere a un&#8217;urgente necessit\u00e0 emersa in Alto Adige, dove dati specifici indicano una vulnerabilit\u00e0 crescente e una povert\u00e0 educativa che incidono sul percorso di vita dei bambini. L&#8217;iniziativa interviene nelle scuole d&#8217;infanzia &#8220;Girotondo&#8221; e &#8220;Regina Elena&#8221; a Merano, con l&#8217;obiettivo di offrire un sostegno strutturato e multidisciplinare a circa 120 bambini, alcuni dei quali potrebbero vivere in situazioni di fragilit\u00e0.<\/p>\n<p>L&#8217;intervento si articola in tre pilastri principali: <strong>sostegno socio-pedagogico<\/strong> diretto ai bambini e indiretto a genitori e operatori; <strong>seminari e workshop<\/strong> per rafforzare le competenze di tutta la comunit\u00e0 educante; e un costante <strong>monitoraggio e valutazione<\/strong> dei risultati. Il progetto si avvale di una vasta rete di collaborazioni con enti pubblici e privati per garantire un supporto completo e integrato. Oltre a promuovere l&#8217;inclusione e l&#8217;uguaglianza fin dalla prima infanzia, l&#8217;iniziativa integra tra i suoi obiettivi anche la parit\u00e0 di genere, la non discriminazione e lo sviluppo sostenibile, con l&#8217;intento di creare un modello educativo solido, replicabile e attento al benessere di tutti gli attori coinvolti, inclusi gli operatori scolastici.<\/p>\n<p>Offre azioni di:<\/p>\n<ul>\n<li>potenziamento delle competenze di base individualizzate e di gruppo,<\/li>\n<li>servizi di supporto\/sostegno socio-psico-pedagogico,<\/li>\n<li>servizi di prevenzione e orientamento di gruppo,<\/li>\n<li>promozione della parit\u00e0 di genere<\/li>\n<li>workshop tematici e di sensibilizzazione<\/li>\n<\/ul>\n<p>&nbsp;<\/p>\n<p>Durata Progettuale: dal 1 settembre 2025 al 31 agosto 2027<\/p>\n<p><strong>\u00a0<\/strong><\/p>\n<p><strong>\u00a0<\/strong><strong>Informativa di progetto<\/strong><\/p>\n<p><a href=\"https:\/\/assets-eu-01.kc-usercontent.com\/bcebb4a7-48c6-010f-23f5-2a0876a4748e\/f83f32ba-ae2c-43b6-914f-8006309e0953\/ALT_Condizioni_di_partecipazione_agli_interventi_FSE%2B_Rev00.pdf\">https:\/\/assets-eu-01.kc-usercontent.com\/bcebb4a7-48c6-010f-23f5-2a0876a4748e\/f83f32ba-ae2c-43b6-914f-8006309e0953\/ALT_Condizioni_di_partecipazione_agli_interventi_FSE%2B_Rev00.pdf<\/a><\/p>\n<p><strong>Sito dell\u2019Ufficio FSE:<\/strong> <a href=\"https:\/\/europa.provincia.bz.it\/it\/fse-il-fondo-sociale-europeo-plus\">https:\/\/europa.provincia.bz.it\/it\/fse-il-fondo-sociale-europeo-plus<\/a><\/p>\n<p><strong>Beneficiario<\/strong><\/p>\n<p><strong>PO.PPI \u2013 Ponti Per la Prima Infanzia<\/strong> \u00e8 realizzato da:<\/p>\n<p>Associazione La Strada-Der Weg Onlus<\/p>\n<p>Via Visitazione 42, 39100 Bolzano<\/p>\n<p>tel. 0471 203111<\/p>\n<p>&nbsp;<\/p>\n<p><strong>Responsabile di progetto: <\/strong><\/p>\n<p>&nbsp;<\/p>\n<p>Dr. Marion Lorenzon<\/p>\n<p><a href=\"mailto:marion.lorenzon@lastrada-derweg.org\">marion.lorenzon@lastrada-derweg.org<\/a><\/p>\n<p>&nbsp;<\/p>\n<p><strong>Le scuole dell\u2019infanzia dove si svolgeranno i progetti sono:<\/strong><\/p>\n<ul>\n<li>Kindergarten \u201cGirotondo\u201d Untermais<\/li>\n<\/ul>\n<p>Kindergarten \u201cRegina Elena\u201d Sinich[\/vc_column_text][\/vc_column][\/vc_row][vc_row][vc_column][vc_single_image image=&#8221;12372&#8243; img_size=&#8221;full&#8221; css=&#8221;&#8221;][\/vc_column][\/vc_row]<\/p>\n<\/div>","protected":false},"excerpt":{"rendered":"<p>[vc_row][vc_column][vc_column_text css=&#8221;&#8221;]ESF_f4_0011 \u2013 PO.PPI &#8211; POnti Per la Prima Infanzia &#8211; Scuole d\u2019infanzia in lingua italiana &#8211; Area Territoriale C: Burgraviato e Val Venosta \u00e8 un progetto realizzato con il cofinanziamento dell\u2019Unione Europea e del Programma FSE+ 2021-2027 della Provincia Autonoma di Bolzano. &nbsp; E\u2019 realizzato dall\u2019 Associazione La Strada \u2013 Der Weg in rete&hellip;<\/p>\n","protected":false},"author":2,"featured_media":0,"parent":3154,"menu_order":0,"comment_status":"closed","ping_status":"closed","template":"","meta":{"footnotes":""},"class_list":["post-12383","page","type-page","status-publish","hentry","description-off"],"_links":{"self":[{"href":"https:\/\/www.lastrada-derweg.org\/index.php?rest_route=\/wp\/v2\/pages\/12383","targetHints":{"allow":["GET"]}}],"collection":[{"href":"https:\/\/www.lastrada-derweg.org\/index.php?rest_route=\/wp\/v2\/pages"}],"about":[{"href":"https:\/\/www.lastrada-derweg.org\/index.php?rest_route=\/wp\/v2\/types\/page"}],"author":[{"embeddable":true,"href":"https:\/\/www.lastrada-derweg.org\/index.php?rest_route=\/wp\/v2\/users\/2"}],"replies":[{"embeddable":true,"href":"https:\/\/www.lastrada-derweg.org\/index.php?rest_route=%2Fwp%2Fv2%2Fcomments&post=12383"}],"version-history":[{"count":2,"href":"https:\/\/www.lastrada-derweg.org\/index.php?rest_route=\/wp\/v2\/pages\/12383\/revisions"}],"predecessor-version":[{"id":12398,"href":"https:\/\/www.lastrada-derweg.org\/index.php?rest_route=\/wp\/v2\/pages\/12383\/revisions\/12398"}],"up":[{"embeddable":true,"href":"https:\/\/www.lastrada-derweg.org\/index.php?rest_route=\/wp\/v2\/pages\/3154"}],"wp:attachment":[{"href":"https:\/\/www.lastrada-derweg.org\/index.php?rest_route=%2Fwp%2Fv2%2Fmedia&parent=12383"}],"curies":[{"name":"wp","href":"https:\/\/api.w.org\/{rel}","templated":true}]}}

<div class="wpb-content-wrapper"><p>[vc_row][vc_column][vc_column_text css=&#8221;&#8221;]<strong>ESF_f4_0011 </strong><strong>–</strong> <strong>PO.PPI &#8211; POnti Per la Prima Infanzia &#8211; Scuole d’infanzia in lingua italiana &#8211; Area Territoriale C: Burgraviato e Val Venosta</strong> è un progetto <strong>realizzato con il cofinanziamento dell’Unione Europea</strong> e del <strong>Programma FSE+ 2021-2027 della Provincia Autonoma di Bolzano</strong>.</p>
<p>&nbsp;</p>
<p>E’ realizzato dall’ <strong>Associazione La Strada – Der Weg </strong>in rete con <strong>la Direzione provinciale Scuole dell’infanzia</strong> in lingua italiana della<strong> Provincia di Bolzano</strong> e <strong>le scuole dell’infanzia.</strong></p>
<p><strong> </strong></p>
<p><strong>Finalità del progetto</strong></p>
<p><strong>PO.PPI – Ponti Per la Prima Infanzia</strong> si colloca all’interno delle iniziative finanziate dal <strong>Fondo sociale europeo </strong>della Provincia di Bolzano con lo scopo di <strong>promuovere la parità di accesso e di completamento di un’istruzione e una formazione inclusive e di qualità</strong>, in particolare per i gruppi svantaggiati, dall’educazione alla cura della prima infanzia.</p>
<p>&nbsp;</p>
<p><strong>Descrizione del progetto e delle attività previste</strong></p>
<p>Il progetto <strong>PO.PPI – Ponti Per la Prima Infanzia</strong> è un&#8217;iniziativa dell&#8217;Associazione La Strada &#8211; Der Weg, nata per rispondere a un&#8217;urgente necessità emersa in Alto Adige, dove dati specifici indicano una vulnerabilità crescente e una povertà educativa che incidono sul percorso di vita dei bambini. L&#8217;iniziativa interviene nelle scuole d&#8217;infanzia &#8220;Girotondo&#8221; e &#8220;Regina Elena&#8221; a Merano, con l&#8217;obiettivo di offrire un sostegno strutturato e multidisciplinare a circa 120 bambini, alcuni dei quali potrebbero vivere in situazioni di fragilità.</p>
<p>L&#8217;intervento si articola in tre pilastri principali: <strong>sostegno socio-pedagogico</strong> diretto ai bambini e indiretto a genitori e operatori; <strong>seminari e workshop</strong> per rafforzare le competenze di tutta la comunità educante; e un costante <strong>monitoraggio e valutazione</strong> dei risultati. Il progetto si avvale di una vasta rete di collaborazioni con enti pubblici e privati per garantire un supporto completo e integrato. Oltre a promuovere l&#8217;inclusione e l&#8217;uguaglianza fin dalla prima infanzia, l&#8217;iniziativa integra tra i suoi obiettivi anche la parità di genere, la non discriminazione e lo sviluppo sostenibile, con l&#8217;intento di creare un modello educativo solido, replicabile e attento al benessere di tutti gli attori coinvolti, inclusi gli operatori scolastici.</p>
<p>Offre azioni di:</p>
<ul>
<li>potenziamento delle competenze di base individualizzate e di gruppo,</li>
<li>servizi di supporto/sostegno socio-psico-pedagogico,</li>
<li>servizi di prevenzione e orientamento di gruppo,</li>
<li>promozione della parità di genere</li>
<li>workshop tematici e di sensibilizzazione</li>
</ul>
<p>&nbsp;</p>
<p>Durata Progettuale: dal 1 settembre 2025 al 31 agosto 2027</p>
<p><strong> </strong></p>
<p><strong> </strong><strong>Informativa di progetto</strong></p>
<p><a href="https://assets-eu-01.kc-usercontent.com/bcebb4a7-48c6-010f-23f5-2a0876a4748e/f83f32ba-ae2c-43b6-914f-8006309e0953/ALT_Condizioni_di_partecipazione_agli_interventi_FSE%2B_Rev00.pdf">https://assets-eu-01.kc-usercontent.com/bcebb4a7-48c6-010f-23f5-2a0876a4748e/f83f32ba-ae2c-43b6-914f-8006309e0953/ALT_Condizioni_di_partecipazione_agli_interventi_FSE%2B_Rev00.pdf</a></p>
<p><strong>Sito dell’Ufficio FSE:</strong> <a href="https://europa.provincia.bz.it/it/fse-il-fondo-sociale-europeo-plus">https://europa.provincia.bz.it/it/fse-il-fondo-sociale-europeo-plus</a></p>
<p><strong>Beneficiario</strong></p>
<p><strong>PO.PPI – Ponti Per la Prima Infanzia</strong> è realizzato da:</p>
<p>Associazione La Strada-Der Weg Onlus</p>
<p>Via Visitazione 42, 39100 Bolzano</p>
<p>tel. 0471 203111</p>
<p>&nbsp;</p>
<p><strong>Responsabile di progetto: </strong></p>
<p>&nbsp;</p>
<p>Dr. Marion Lorenzon</p>
<p><a href="mailto:marion.lorenzon@lastrada-derweg.org">marion.lorenzon@lastrada-derweg.org</a></p>
<p>&nbsp;</p>
<p><strong>Le scuole dell’infanzia dove si svolgeranno i progetti sono:</strong></p>
<ul>
<li>Kindergarten “Girotondo” Untermais</li>
</ul>
<p>Kindergarten “Regina Elena” Sinich[/vc_column_text][/vc_column][/vc_row][vc_row][vc_column][vc_single_image image=&#8221;12372&#8243; img_size=&#8221;full&#8221; css=&#8221;&#8221;][/vc_column][/vc_row]</p>
</div>

<p>[vc_row][vc_column][vc_column_text css=&#8221;&#8221;]ESF_f4_0011 – PO.PPI &#8211; POnti Per la Prima Infanzia &#8211; Scuole d’infanzia in lingua italiana &#8211; Area Territoriale C: Burgraviato e Val Venosta è un progetto realizzato con il cofinanziamento dell’Unione Europea e del Programma FSE+ 2021-2027 della Provincia Autonoma di Bolzano. &nbsp; E’ realizzato dall’ Associazione La Strada – Der Weg in rete&hellip;</p>
