{"id":1305,"date":"2018-07-29T11:53:26","date_gmt":"2018-07-29T09:53:26","guid":{"rendered":"http:\/\/www.lastrada-derweg.org\/?page_id=1305"},"modified":"2024-07-10T14:59:54","modified_gmt":"2024-07-10T12:59:54","slug":"don-giancarlo-bertagnolli","status":"publish","type":"page","link":"https:\/\/www.lastrada-derweg.org\/?page_id=1305","title":{"rendered":"Don Giancarlo Bertagnolli"},"content":{"rendered":"<div class=\"wpb-content-wrapper\"><p>[vc_row][vc_column width=&#8221;1\/4&#8243;][vc_single_image image=&#8221;1314&#8243; img_size=&#8221;300&#215;200&#8243; style=&#8221;vc_box_rounded&#8221; onclick=&#8221;img_link_large&#8221; css_animation=&#8221;none&#8221;][\/vc_column][vc_column width=&#8221;3\/4&#8243;][vc_column_text]<strong>Fondatore e assistente spirituale dell&#8217;associazione<\/strong><\/p>\n<p><strong>\u201cLa Strada \u2013 Der Weg ONLUS\u201d<\/strong><\/p>\n<p>* Fondo &#8211; Tn 03.11.1933<br \/>\n\u253c Bolzano 24.12.2014[\/vc_column_text][\/vc_column][\/vc_row][vc_row][vc_column][vc_column_text css=&#8221;&#8221;]Dopo l&#8217;ordinazione a sacerdote nel 1959, don Giancarlo viene nominato cappellano a Bronzolo (Bz).<br \/>\nNel 1963 avviene quello che don Giancarlo amava definire un \u201csalto mortale\u201d: il vescovo Gargitter lo nomina assistente diocesano ai giovani all&#8217;interno dell&#8217;Azione Cattolica. Vi rimarr\u00e0 per quattordici, svolgendo contemporaneamente l&#8217;attivit\u00e0 di insegnante di religione nelle scuole superiori di Bolzano.<\/p>\n<p>In questo contesto don Giancarlo si distingue, come gi\u00e0 negli anni a Bronzolo, per la sua grande capacit\u00e0 di stare con i giovani: \u00e8 un instancabile motivatore e organizzatore di attivit\u00e0, ma \u00e8 anche capace di addentrarsi con empatia e compassione nelle storie di sofferenza di tanti giovani che incontra nelle scuole e sul territorio. Sono gli anni in cui anche a Bolzano inizia il fenomeno dell&#8217;eroina, scelta da molti ragazzi e ragazze come rifugio da situazioni personali troppo dolorose.<br \/>\nSul territorio mancano servizi di aiuto e intervento per queste situazioni e don Giancarlo decide di agire colmando il vuoto con la fondazione di una nuova associazione laica, che rifacendosi ai valori cristiani universali, metta al centro del proprio agire il sostegno e l&#8217;aiuto alle persone in difficolt\u00e0.<\/p>\n<p>Nasce cos\u00ec l&#8217;Associazione \u201cLa Strada\u2013Der Weg ONLUS\u201d, fondata il 14 giugno 1978 da don Giancarlo assieme a 17 amici, che gli rimarranno sempre vicini negli anni a venire. Un ruolo fondamentale nella nascita dell&#8217;Associazione \u00e8 ricoperto da don Luigi Ciotti, fondatore del &#8220;Gruppo Abele&#8221; di Torino, che sostiene l&#8217;\u201damico Giancarlo\u201d soprattutto nel trovare l&#8217;appoggio del vescovo Gargitter, il quale con lungimiranza coglie il valore profondo dell&#8217;intuizione del \u201cprete di strada\u201d e d\u00e0 il suo s\u00ec alla nuova missione di don Giancarlo.<\/p>\n<p>D&#8217;ora in avanti la biografia di don Giancarlo si fonde e si intreccia con quella della sua creatura, l&#8217;Associazione \u201cLa Strada\u2013Der Weg ONLUS\u201d. Per trentasei anni ne segue e condivide il cammino, la crescita, l&#8217;evoluzione. La sua presenza quotidiana nell&#8217;ufficio della sede, \u201cCasa San Francesco\u201d, la sua presenza costante con ragazze e ragazzi delle comunit\u00e0 e a fianco dei volontari, nei tanti momenti di spiritualit\u00e0, scandiscono il ritmo della vita associativa.<\/p>\n<p>Solo in estate si concede lunghi periodi di riposo e meditazione nel suo paese natale a Fondo, sui monti della valle di Non: lui sosteneva :\u201d&#8230;per sfuggire al caldo della citt\u00e0\u201d, noi sappiamo che era un rientro desiderato nell&#8217;amato paese che nel profondo del suo cuore non aveva mai abbandonato. Don Giancarlo se ne va in punta di piedi la vigilia di Natale 2014, dopo un breve ricovero resosi necessario a causa di un improvviso aggravamento delle sue condizioni di salute.<br \/>\nUomo molto conosciuto e apprezzato, la sua morte ha destato profonda commozione a livello provinciale e nazionale.<br \/>\nIl giorno del funerale a Bolzano una grande folla di amici, dipendenti, volontari, utenti ed ex utenti dell&#8217;Associazione, semplici cittadini riconoscenti ha voluto rendergli omaggio.[\/vc_column_text][\/vc_column][\/vc_row]<\/p>\n<\/div>","protected":false},"excerpt":{"rendered":"<p>[vc_row][vc_column width=&#8221;1\/4&#8243;][vc_single_image image=&#8221;1314&#8243; img_size=&#8221;300&#215;200&#8243; style=&#8221;vc_box_rounded&#8221; onclick=&#8221;img_link_large&#8221; css_animation=&#8221;none&#8221;][\/vc_column][vc_column width=&#8221;3\/4&#8243;][vc_column_text]Fondatore e assistente spirituale dell&#8217;associazione \u201cLa Strada \u2013 Der Weg ONLUS\u201d * Fondo &#8211; Tn 03.11.1933 \u253c Bolzano 24.12.2014[\/vc_column_text][\/vc_column][\/vc_row][vc_row][vc_column][vc_column_text css=&#8221;&#8221;]Dopo l&#8217;ordinazione a sacerdote nel 1959, don Giancarlo viene nominato cappellano a Bronzolo (Bz). Nel 1963 avviene quello che don Giancarlo amava definire un \u201csalto mortale\u201d: il vescovo Gargitter&hellip;<\/p>\n","protected":false},"author":1,"featured_media":0,"parent":1219,"menu_order":0,"comment_status":"closed","ping_status":"closed","template":"","meta":{"footnotes":""},"class_list":["post-1305","page","type-page","status-publish","hentry","description-off"],"_links":{"self":[{"href":"https:\/\/www.lastrada-derweg.org\/index.php?rest_route=\/wp\/v2\/pages\/1305","targetHints":{"allow":["GET"]}}],"collection":[{"href":"https:\/\/www.lastrada-derweg.org\/index.php?rest_route=\/wp\/v2\/pages"}],"about":[{"href":"https:\/\/www.lastrada-derweg.org\/index.php?rest_route=\/wp\/v2\/types\/page"}],"author":[{"embeddable":true,"href":"https:\/\/www.lastrada-derweg.org\/index.php?rest_route=\/wp\/v2\/users\/1"}],"replies":[{"embeddable":true,"href":"https:\/\/www.lastrada-derweg.org\/index.php?rest_route=%2Fwp%2Fv2%2Fcomments&post=1305"}],"version-history":[{"count":16,"href":"https:\/\/www.lastrada-derweg.org\/index.php?rest_route=\/wp\/v2\/pages\/1305\/revisions"}],"predecessor-version":[{"id":10466,"href":"https:\/\/www.lastrada-derweg.org\/index.php?rest_route=\/wp\/v2\/pages\/1305\/revisions\/10466"}],"up":[{"embeddable":true,"href":"https:\/\/www.lastrada-derweg.org\/index.php?rest_route=\/wp\/v2\/pages\/1219"}],"wp:attachment":[{"href":"https:\/\/www.lastrada-derweg.org\/index.php?rest_route=%2Fwp%2Fv2%2Fmedia&parent=1305"}],"curies":[{"name":"wp","href":"https:\/\/api.w.org\/{rel}","templated":true}]}}

<div class="wpb-content-wrapper"><p>[vc_row][vc_column width=&#8221;1/4&#8243;][vc_single_image image=&#8221;1314&#8243; img_size=&#8221;300&#215;200&#8243; style=&#8221;vc_box_rounded&#8221; onclick=&#8221;img_link_large&#8221; css_animation=&#8221;none&#8221;][/vc_column][vc_column width=&#8221;3/4&#8243;][vc_column_text]<strong>Fondatore e assistente spirituale dell&#8217;associazione</strong></p>
<p><strong>“La Strada – Der Weg ONLUS”</strong></p>
<p>* Fondo &#8211; Tn 03.11.1933<br />
┼ Bolzano 24.12.2014[/vc_column_text][/vc_column][/vc_row][vc_row][vc_column][vc_column_text css=&#8221;&#8221;]Dopo l&#8217;ordinazione a sacerdote nel 1959, don Giancarlo viene nominato cappellano a Bronzolo (Bz).<br />
Nel 1963 avviene quello che don Giancarlo amava definire un “salto mortale”: il vescovo Gargitter lo nomina assistente diocesano ai giovani all&#8217;interno dell&#8217;Azione Cattolica. Vi rimarrà per quattordici, svolgendo contemporaneamente l&#8217;attività di insegnante di religione nelle scuole superiori di Bolzano.</p>
<p>In questo contesto don Giancarlo si distingue, come già negli anni a Bronzolo, per la sua grande capacità di stare con i giovani: è un instancabile motivatore e organizzatore di attività, ma è anche capace di addentrarsi con empatia e compassione nelle storie di sofferenza di tanti giovani che incontra nelle scuole e sul territorio. Sono gli anni in cui anche a Bolzano inizia il fenomeno dell&#8217;eroina, scelta da molti ragazzi e ragazze come rifugio da situazioni personali troppo dolorose.<br />
Sul territorio mancano servizi di aiuto e intervento per queste situazioni e don Giancarlo decide di agire colmando il vuoto con la fondazione di una nuova associazione laica, che rifacendosi ai valori cristiani universali, metta al centro del proprio agire il sostegno e l&#8217;aiuto alle persone in difficoltà.</p>
<p>Nasce così l&#8217;Associazione “La Strada–Der Weg ONLUS”, fondata il 14 giugno 1978 da don Giancarlo assieme a 17 amici, che gli rimarranno sempre vicini negli anni a venire. Un ruolo fondamentale nella nascita dell&#8217;Associazione è ricoperto da don Luigi Ciotti, fondatore del &#8220;Gruppo Abele&#8221; di Torino, che sostiene l&#8217;”amico Giancarlo” soprattutto nel trovare l&#8217;appoggio del vescovo Gargitter, il quale con lungimiranza coglie il valore profondo dell&#8217;intuizione del “prete di strada” e dà il suo sì alla nuova missione di don Giancarlo.</p>
<p>D&#8217;ora in avanti la biografia di don Giancarlo si fonde e si intreccia con quella della sua creatura, l&#8217;Associazione “La Strada–Der Weg ONLUS”. Per trentasei anni ne segue e condivide il cammino, la crescita, l&#8217;evoluzione. La sua presenza quotidiana nell&#8217;ufficio della sede, “Casa San Francesco”, la sua presenza costante con ragazze e ragazzi delle comunità e a fianco dei volontari, nei tanti momenti di spiritualità, scandiscono il ritmo della vita associativa.</p>
<p>Solo in estate si concede lunghi periodi di riposo e meditazione nel suo paese natale a Fondo, sui monti della valle di Non: lui sosteneva :”&#8230;per sfuggire al caldo della città”, noi sappiamo che era un rientro desiderato nell&#8217;amato paese che nel profondo del suo cuore non aveva mai abbandonato. Don Giancarlo se ne va in punta di piedi la vigilia di Natale 2014, dopo un breve ricovero resosi necessario a causa di un improvviso aggravamento delle sue condizioni di salute.<br />
Uomo molto conosciuto e apprezzato, la sua morte ha destato profonda commozione a livello provinciale e nazionale.<br />
Il giorno del funerale a Bolzano una grande folla di amici, dipendenti, volontari, utenti ed ex utenti dell&#8217;Associazione, semplici cittadini riconoscenti ha voluto rendergli omaggio.[/vc_column_text][/vc_column][/vc_row]</p>
</div>
