{"id":1321,"date":"2018-07-29T12:20:36","date_gmt":"2018-07-29T10:20:36","guid":{"rendered":"http:\/\/www.lastrada-derweg.org\/?page_id=1321"},"modified":"2022-01-18T18:15:39","modified_gmt":"2022-01-18T17:15:39","slug":"don-giancarlo-bertagnolli","status":"publish","type":"page","link":"https:\/\/www.lastrada-derweg.org\/?page_id=1321&lang=de","title":{"rendered":"Don Giancarlo Bertagnolli"},"content":{"rendered":"<div class=\"wpb-content-wrapper\"><p>[vc_row][vc_column width=&#8221;1\/4&#8243;][vc_single_image image=&#8221;1314&#8243; img_size=&#8221;300&#215;200&#8243; style=&#8221;vc_box_rounded&#8221; onclick=&#8221;img_link_large&#8221; css_animation=&#8221;none&#8221;][\/vc_column][vc_column width=&#8221;3\/4&#8243;][vc_column_text]<strong>Gr\u00fcnder und geistlicher Begleiter des Vereins <\/strong><\/p>\n<p><strong>\u201cLa Strada \u2013 Der Weg ONLUS\u201d<\/strong><\/p>\n<p>* Fondo bei Trient 03.11.1933<br \/>\n\u253c Bozen 24.12.2014[\/vc_column_text][\/vc_column][\/vc_row][vc_row][vc_column][vc_column_text]Nach der Priesterweihe im Jahr 1959 wird Don Giancarlo in Branzoll (BZ) Kaplan. Im Jahr 1963 ereignet sich das, was Don Giancarlo liebevoll seinen \u201csalto mortale\u201d nennt: Bischof Gargitter ernennt ihn zum Di\u00f6zesanassistenten f\u00fcr die Jugendlichen innerhalb der \u201cAzione Cattolica\u201d.<br \/>\nEr bleibt es 14 Jahre lang und geht gleichzeitig auch einer Lehrt\u00e4tigkeit als Religionslehrer an den Bozner Oberschulen nach.<br \/>\nIn diesem Umfeld profiliert sich Don Giancarlo, wie schon in seinen Jahren in Branzoll, wegen seiner besonderen F\u00e4higkeit im Umgang mit jungen Menschen als unerm\u00fcdlicher Motivator und Organisator. Aber auch aufgrund der F\u00e4higkeit sich mit Empathie und Mitgef\u00fchl den Lebensgeschichten vieler Jugendlichen anzun\u00e4hern, wird er gesch\u00e4tzt.<br \/>\nEs sind die Jahre, in denen auch in Bozen die Droge Heroin immer mehr junge Frauen und M\u00e4nner \u2013 als Flucht vor pers\u00f6nlichen, schmerzlichen Situationen \u2013 in ihren Bann zieht.<br \/>\nIn der Provinz fehlen Hilfestellungen und Dienstleistungen um diese Lebenssituationen aufzufangen und Don Giancarlo beschlie\u00dft dem entgegenzuwirken, indem er einen neuen, laizistischen Verein gr\u00fcndet. Sich auf universelle, christliche Werte st\u00fctzend, stehen im Mittelpunkt seines Handelns die Unterst\u00fctzung und die Hilfe f\u00fcr bed\u00fcrftige Personen.<br \/>\nSo wird der Verein \u201cLa Strada \u2013 Der Weg ONLUS\u201d am 14. Juni 1978 von Don Giancarlo und 17 weiteren Personen, die ihm ab dieser Zeit stets verbunden bleiben, gegr\u00fcndet. W\u00e4hrend des Entstehungsprozesses nimmt Don Luigi Ciotti, Gr\u00fcnder des Vereins \u201cGruppo Abele\u201d Turin, eine wichtige Rolle ein: Er unterst\u00fctzt seinen \u201camico Giancarlo\u201d und gibt ihm R\u00fcckhalt bei den Gespr\u00e4chen mit Bischof Gargitter, welcher mit Weitsicht die wertvolle Intuition dieses \u201cStra\u00dfenpriesters\u201d erkennt und somit auch der neuen Mission seine Zustimmung erteilt.<br \/>\nAb diesem Moment ist die Biographie von Don Giancarlo untrennbar mit jener des Vereins \u201eLa Strada \u2013 Der Weg ONLUS\u201d verwoben.<br \/>\nF\u00fcr 36 Jahre verfolgt er die Entwicklung des Vereins und dessen Wachstum.<br \/>\nSeine t\u00e4gliche Pr\u00e4senz im Hauptsitz \u201cFranziskus Haus\u201d, seine konstante Aufmerksamkeit gegen\u00fcber den Jugendlichen der Gemeinschaften und die spirituellen Momente mit den Freiwilligen sind Teil des Vereinslebens.<br \/>\nLediglich im Sommer g\u00f6nnt er sich Zeiten der Rast und Meditation in seinem Heimatort Fondo, in den Bergen des Nonstals. Er pflegte zu sagen: \u201cum der Hitze der Stadt zu entfliehen\u201d, wir aber wissen, dass dies die R\u00fcckkehr in sein geliebtes Dorf war, welches er im Grunde seines Herzens nie verlassen hat.<br \/>\nAm Heiligabend des Jahres 2014 stirbt Don Giancarlo, nach einem kurzen Krankenhausaufenthalt, der n\u00f6tig wird, als sich sein Gesundheitszustand unerwartet schnell verschlechtert.<br \/>\nDie Bekanntgabe des Todes dieses angesehenen und ber\u00fchmten Mannes l\u00f6st sowohl in der Provinz, als auch auf nationaler Ebene Ergriffenheit aus.<br \/>\nAn der Beerdigung in Bozen nimmt eine gro\u00dfe Menschenmenge bestehend aus Freunden*innen, Angestellten, Freiwilligen, Klienten*innen, Ex-Klienten*innen und B\u00fcrgern*innen teil und erweist ihm somit die letzte Ehre.[\/vc_column_text][\/vc_column][\/vc_row]<\/p>\n<\/div>","protected":false},"excerpt":{"rendered":"<p>[vc_row][vc_column width=&#8221;1\/4&#8243;][vc_single_image image=&#8221;1314&#8243; img_size=&#8221;300&#215;200&#8243; style=&#8221;vc_box_rounded&#8221; onclick=&#8221;img_link_large&#8221; css_animation=&#8221;none&#8221;][\/vc_column][vc_column width=&#8221;3\/4&#8243;][vc_column_text]Gr\u00fcnder und geistlicher Begleiter des Vereins \u201cLa Strada \u2013 Der Weg ONLUS\u201d * Fondo bei Trient 03.11.1933 \u253c Bozen 24.12.2014[\/vc_column_text][\/vc_column][\/vc_row][vc_row][vc_column][vc_column_text]Nach der Priesterweihe im Jahr 1959 wird Don Giancarlo in Branzoll (BZ) Kaplan. Im Jahr 1963 ereignet sich das, was Don Giancarlo liebevoll seinen \u201csalto mortale\u201d nennt: Bischof Gargitter&hellip;<\/p>\n","protected":false},"author":1,"featured_media":0,"parent":1293,"menu_order":0,"comment_status":"closed","ping_status":"closed","template":"","meta":{"footnotes":""},"class_list":["post-1321","page","type-page","status-publish","hentry","description-off"],"_links":{"self":[{"href":"https:\/\/www.lastrada-derweg.org\/index.php?rest_route=\/wp\/v2\/pages\/1321","targetHints":{"allow":["GET"]}}],"collection":[{"href":"https:\/\/www.lastrada-derweg.org\/index.php?rest_route=\/wp\/v2\/pages"}],"about":[{"href":"https:\/\/www.lastrada-derweg.org\/index.php?rest_route=\/wp\/v2\/types\/page"}],"author":[{"embeddable":true,"href":"https:\/\/www.lastrada-derweg.org\/index.php?rest_route=\/wp\/v2\/users\/1"}],"replies":[{"embeddable":true,"href":"https:\/\/www.lastrada-derweg.org\/index.php?rest_route=%2Fwp%2Fv2%2Fcomments&post=1321"}],"version-history":[{"count":3,"href":"https:\/\/www.lastrada-derweg.org\/index.php?rest_route=\/wp\/v2\/pages\/1321\/revisions"}],"predecessor-version":[{"id":6992,"href":"https:\/\/www.lastrada-derweg.org\/index.php?rest_route=\/wp\/v2\/pages\/1321\/revisions\/6992"}],"up":[{"embeddable":true,"href":"https:\/\/www.lastrada-derweg.org\/index.php?rest_route=\/wp\/v2\/pages\/1293"}],"wp:attachment":[{"href":"https:\/\/www.lastrada-derweg.org\/index.php?rest_route=%2Fwp%2Fv2%2Fmedia&parent=1321"}],"curies":[{"name":"wp","href":"https:\/\/api.w.org\/{rel}","templated":true}]}}

<div class="wpb-content-wrapper"><p>[vc_row][vc_column width=&#8221;1/4&#8243;][vc_single_image image=&#8221;1314&#8243; img_size=&#8221;300&#215;200&#8243; style=&#8221;vc_box_rounded&#8221; onclick=&#8221;img_link_large&#8221; css_animation=&#8221;none&#8221;][/vc_column][vc_column width=&#8221;3/4&#8243;][vc_column_text]<strong>Gründer und geistlicher Begleiter des Vereins </strong></p>
<p><strong>“La Strada – Der Weg ONLUS”</strong></p>
<p>* Fondo bei Trient 03.11.1933<br />
┼ Bozen 24.12.2014[/vc_column_text][/vc_column][/vc_row][vc_row][vc_column][vc_column_text]Nach der Priesterweihe im Jahr 1959 wird Don Giancarlo in Branzoll (BZ) Kaplan. Im Jahr 1963 ereignet sich das, was Don Giancarlo liebevoll seinen “salto mortale” nennt: Bischof Gargitter ernennt ihn zum Diözesanassistenten für die Jugendlichen innerhalb der “Azione Cattolica”.<br />
Er bleibt es 14 Jahre lang und geht gleichzeitig auch einer Lehrtätigkeit als Religionslehrer an den Bozner Oberschulen nach.<br />
In diesem Umfeld profiliert sich Don Giancarlo, wie schon in seinen Jahren in Branzoll, wegen seiner besonderen Fähigkeit im Umgang mit jungen Menschen als unermüdlicher Motivator und Organisator. Aber auch aufgrund der Fähigkeit sich mit Empathie und Mitgefühl den Lebensgeschichten vieler Jugendlichen anzunähern, wird er geschätzt.<br />
Es sind die Jahre, in denen auch in Bozen die Droge Heroin immer mehr junge Frauen und Männer – als Flucht vor persönlichen, schmerzlichen Situationen – in ihren Bann zieht.<br />
In der Provinz fehlen Hilfestellungen und Dienstleistungen um diese Lebenssituationen aufzufangen und Don Giancarlo beschließt dem entgegenzuwirken, indem er einen neuen, laizistischen Verein gründet. Sich auf universelle, christliche Werte stützend, stehen im Mittelpunkt seines Handelns die Unterstützung und die Hilfe für bedürftige Personen.<br />
So wird der Verein “La Strada – Der Weg ONLUS” am 14. Juni 1978 von Don Giancarlo und 17 weiteren Personen, die ihm ab dieser Zeit stets verbunden bleiben, gegründet. Während des Entstehungsprozesses nimmt Don Luigi Ciotti, Gründer des Vereins “Gruppo Abele” Turin, eine wichtige Rolle ein: Er unterstützt seinen “amico Giancarlo” und gibt ihm Rückhalt bei den Gesprächen mit Bischof Gargitter, welcher mit Weitsicht die wertvolle Intuition dieses “Straßenpriesters” erkennt und somit auch der neuen Mission seine Zustimmung erteilt.<br />
Ab diesem Moment ist die Biographie von Don Giancarlo untrennbar mit jener des Vereins „La Strada – Der Weg ONLUS” verwoben.<br />
Für 36 Jahre verfolgt er die Entwicklung des Vereins und dessen Wachstum.<br />
Seine tägliche Präsenz im Hauptsitz “Franziskus Haus”, seine konstante Aufmerksamkeit gegenüber den Jugendlichen der Gemeinschaften und die spirituellen Momente mit den Freiwilligen sind Teil des Vereinslebens.<br />
Lediglich im Sommer gönnt er sich Zeiten der Rast und Meditation in seinem Heimatort Fondo, in den Bergen des Nonstals. Er pflegte zu sagen: “um der Hitze der Stadt zu entfliehen”, wir aber wissen, dass dies die Rückkehr in sein geliebtes Dorf war, welches er im Grunde seines Herzens nie verlassen hat.<br />
Am Heiligabend des Jahres 2014 stirbt Don Giancarlo, nach einem kurzen Krankenhausaufenthalt, der nötig wird, als sich sein Gesundheitszustand unerwartet schnell verschlechtert.<br />
Die Bekanntgabe des Todes dieses angesehenen und berühmten Mannes löst sowohl in der Provinz, als auch auf nationaler Ebene Ergriffenheit aus.<br />
An der Beerdigung in Bozen nimmt eine große Menschenmenge bestehend aus Freunden*innen, Angestellten, Freiwilligen, Klienten*innen, Ex-Klienten*innen und Bürgern*innen teil und erweist ihm somit die letzte Ehre.[/vc_column_text][/vc_column][/vc_row]</p>
</div>

<p>[vc_row][vc_column width=&#8221;1/4&#8243;][vc_single_image image=&#8221;1314&#8243; img_size=&#8221;300&#215;200&#8243; style=&#8221;vc_box_rounded&#8221; onclick=&#8221;img_link_large&#8221; css_animation=&#8221;none&#8221;][/vc_column][vc_column width=&#8221;3/4&#8243;][vc_column_text]Gründer und geistlicher Begleiter des Vereins “La Strada – Der Weg ONLUS” * Fondo bei Trient 03.11.1933 ┼ Bozen 24.12.2014[/vc_column_text][/vc_column][/vc_row][vc_row][vc_column][vc_column_text]Nach der Priesterweihe im Jahr 1959 wird Don Giancarlo in Branzoll (BZ) Kaplan. Im Jahr 1963 ereignet sich das, was Don Giancarlo liebevoll seinen “salto mortale” nennt: Bischof Gargitter&hellip;</p>
