{"id":1325,"date":"2018-07-29T14:32:23","date_gmt":"2018-07-29T12:32:23","guid":{"rendered":"http:\/\/www.lastrada-derweg.org\/?page_id=1325"},"modified":"2022-11-03T11:18:09","modified_gmt":"2022-11-03T10:18:09","slug":"die-geschichte-des-vereins","status":"publish","type":"page","link":"https:\/\/www.lastrada-derweg.org\/?page_id=1325&lang=de","title":{"rendered":"Die Geschichte des Vereins"},"content":{"rendered":"<div class=\"wpb-content-wrapper\"><p>[vc_row][vc_column][vc_column_text]Der Verein entstand einst aus der Arbeit freiwilliger Personen. Diese begleiteten Don Giancarlo Bertagnolli bei seinen ersten Aktivit\u00e4ten in den Jahren 1977-1978. Unter ihnen entwickelte sich ein starkes Gef\u00fchl der Zusammengeh\u00f6rigkeit, welches Einfluss auf die Wahl des heutigen Vereinsnamens \u201cLa Strada \u2013 Der Weg\u201d nahm. Monatliche Treffen zur Vertiefung des eigenen Kulturgutes und zur spirituellen Auseinandersetzung mit sozialen Thematiken dienten dem Zusammengeh\u00f6rigkeitsgef\u00fchl und f\u00f6rderten die gemeinsame Arbeit.<\/p>\n<p>Interessierte Freiwillige nahmen an einer Fortbildung im \u201cCentro Internazionale Giovani\u201d, geleitet von Pater Giovanni Barbieri, teil. Barbieri kontaktierte zudem weitere italienische Organisationen unter Klosterf\u00fchrung, welche sich mit denselben Themen auseinandersetzten. Durch den Austausch in der Gruppe sowie in den verschiedenen Organisationen konnten eigene Meinungen gefestigt und vertieft werden.<br \/>\nDiese Vorbereitungen trugen folglich zur Gr\u00fcndung des Vereines \u201cLa Strada \u2013 Der Weg\u201d am 14. Juni 1978 bei. Au\u00dferdem f\u00fchrten sie zur Er\u00f6ffnung einer Wohngemeinschaft in der Vittorio-Veneto Stra\u00dfe, die von freiwilligen Mitarbeitern und Mitarbeiterinnen gef\u00fchrt wurde und au\u00dfen stehenden Personen mit pers\u00f6nlichen Schwierigkeiten zur Verf\u00fcgung stand. Auch die etwa ein Jahr zuvor in Sabiona entstandene Therapiegemeinschaft f\u00fcr drogenabh\u00e4ngige Menschen wurde von Freiwilligen gef\u00fchrt.<\/p>\n<p>Aufgrund der in beiden Organisationen behandelten Probleme wurde der Entschluss gefasst, den freiwilligen Helfern und Helferinnen Unterst\u00fctzung durch fachlich ausgebildetes Personal zu gew\u00e4hrleisten. Weiters wurde die Notwendigkeit erkannt, sowohl die Zielgruppe und das Umfeld, als auch die Programme der eigenen Interventionen besser zu definieren.<br \/>\nAusschlaggebend daf\u00fcr waren Dr. Guido Antonin, welcher im Jahre 1980 das Projekt f\u00fcr Kinder und Jugendliche mit famili\u00e4ren Schwierigkeiten und Verhaltensauff\u00e4lligkeiten leitete und Don Gianni Cosciotti, der 1983 von Rom nach Bozen \u00fcbersiedelte und nach einer \u00dcbereinkunft mit der Institution \u201eProjekt Mensch\u201c aus Rom das Therapieprogramm f\u00fcr Drogenabh\u00e4ngige \u00fcbernahm.<\/p>\n<p>Mit der Zeit wurden die therapeutischen und rehabilitativen Ma\u00dfnahmen mehr und mehr dem fachspezifisch-ausgebildetem Personal \u00fcbertragen, um unter anderem den Anforderungen der \u00f6ffentlichen Institutionen, welche begonnen hatten mit dem Verein zusammen zu arbeiten, gerecht zu werden. Die Freiwilligen f\u00fchrten trotz dieser Ver\u00e4nderung ihre wertvolle Arbeit in den verschiedenen Diensten an der Seite der Fachkr\u00e4fte weiter. Auch der Verwaltungsrat des Vereins war damals wie heute aus ehrenamtlich t\u00e4tigen Mitgliedern zusammengesetzt.<\/p>\n<p>Im Laufe der Jahre wuchsen und ver\u00e4nderten sich die beiden Projekte aufgrund der sich stetig \u00e4ndernden Bed\u00fcrfnisse der Umgebung. Dies forderte von den Angestellten und den Freiwilligen ein hohes Ma\u00df an Flexibilit\u00e4t.<\/p>\n<p>Neue Bereiche, wie zum Beispiel die Jugendzentren, das Projekt Streetwork und die Unterst\u00fctzung der Frauen in Problemsituationen, entstanden. Es er\u00f6ffneten betreute Wohn- und Tagesst\u00e4tten in Bozen, Meran, Bruneck, Eppan und Kohlern.<br \/>\nGleichzeitig wurde das Studienzentrum, welches \u00fcber die letzten Jahre an Bedeutung gewonnen hatte, neu organisiert. Mittlerweile ist es zu einer wichtigen Ressource im kulturellen und erzieherischen Bereich, sowie f\u00fcr die eigene Organisation von neuen Interventionen geworden.[\/vc_column_text][\/vc_column][\/vc_row]<\/p>\n<\/div>","protected":false},"excerpt":{"rendered":"<p>[vc_row][vc_column][vc_column_text]Der Verein entstand einst aus der Arbeit freiwilliger Personen. Diese begleiteten Don Giancarlo Bertagnolli bei seinen ersten Aktivit\u00e4ten in den Jahren 1977-1978. Unter ihnen entwickelte sich ein starkes Gef\u00fchl der Zusammengeh\u00f6rigkeit, welches Einfluss auf die Wahl des heutigen Vereinsnamens \u201cLa Strada \u2013 Der Weg\u201d nahm. Monatliche Treffen zur Vertiefung des eigenen Kulturgutes und zur spirituellen&hellip;<\/p>\n","protected":false},"author":1,"featured_media":0,"parent":1293,"menu_order":0,"comment_status":"closed","ping_status":"closed","template":"","meta":{"footnotes":""},"class_list":["post-1325","page","type-page","status-publish","hentry","description-off"],"_links":{"self":[{"href":"https:\/\/www.lastrada-derweg.org\/index.php?rest_route=\/wp\/v2\/pages\/1325","targetHints":{"allow":["GET"]}}],"collection":[{"href":"https:\/\/www.lastrada-derweg.org\/index.php?rest_route=\/wp\/v2\/pages"}],"about":[{"href":"https:\/\/www.lastrada-derweg.org\/index.php?rest_route=\/wp\/v2\/types\/page"}],"author":[{"embeddable":true,"href":"https:\/\/www.lastrada-derweg.org\/index.php?rest_route=\/wp\/v2\/users\/1"}],"replies":[{"embeddable":true,"href":"https:\/\/www.lastrada-derweg.org\/index.php?rest_route=%2Fwp%2Fv2%2Fcomments&post=1325"}],"version-history":[{"count":8,"href":"https:\/\/www.lastrada-derweg.org\/index.php?rest_route=\/wp\/v2\/pages\/1325\/revisions"}],"predecessor-version":[{"id":7965,"href":"https:\/\/www.lastrada-derweg.org\/index.php?rest_route=\/wp\/v2\/pages\/1325\/revisions\/7965"}],"up":[{"embeddable":true,"href":"https:\/\/www.lastrada-derweg.org\/index.php?rest_route=\/wp\/v2\/pages\/1293"}],"wp:attachment":[{"href":"https:\/\/www.lastrada-derweg.org\/index.php?rest_route=%2Fwp%2Fv2%2Fmedia&parent=1325"}],"curies":[{"name":"wp","href":"https:\/\/api.w.org\/{rel}","templated":true}]}}

<div class="wpb-content-wrapper"><p>[vc_row][vc_column][vc_column_text]Der Verein entstand einst aus der Arbeit freiwilliger Personen. Diese begleiteten Don Giancarlo Bertagnolli bei seinen ersten Aktivitäten in den Jahren 1977-1978. Unter ihnen entwickelte sich ein starkes Gefühl der Zusammengehörigkeit, welches Einfluss auf die Wahl des heutigen Vereinsnamens “La Strada – Der Weg” nahm. Monatliche Treffen zur Vertiefung des eigenen Kulturgutes und zur spirituellen Auseinandersetzung mit sozialen Thematiken dienten dem Zusammengehörigkeitsgefühl und förderten die gemeinsame Arbeit.</p>
<p>Interessierte Freiwillige nahmen an einer Fortbildung im “Centro Internazionale Giovani”, geleitet von Pater Giovanni Barbieri, teil. Barbieri kontaktierte zudem weitere italienische Organisationen unter Klosterführung, welche sich mit denselben Themen auseinandersetzten. Durch den Austausch in der Gruppe sowie in den verschiedenen Organisationen konnten eigene Meinungen gefestigt und vertieft werden.<br />
Diese Vorbereitungen trugen folglich zur Gründung des Vereines “La Strada – Der Weg” am 14. Juni 1978 bei. Außerdem führten sie zur Eröffnung einer Wohngemeinschaft in der Vittorio-Veneto Straße, die von freiwilligen Mitarbeitern und Mitarbeiterinnen geführt wurde und außen stehenden Personen mit persönlichen Schwierigkeiten zur Verfügung stand. Auch die etwa ein Jahr zuvor in Sabiona entstandene Therapiegemeinschaft für drogenabhängige Menschen wurde von Freiwilligen geführt.</p>
<p>Aufgrund der in beiden Organisationen behandelten Probleme wurde der Entschluss gefasst, den freiwilligen Helfern und Helferinnen Unterstützung durch fachlich ausgebildetes Personal zu gewährleisten. Weiters wurde die Notwendigkeit erkannt, sowohl die Zielgruppe und das Umfeld, als auch die Programme der eigenen Interventionen besser zu definieren.<br />
Ausschlaggebend dafür waren Dr. Guido Antonin, welcher im Jahre 1980 das Projekt für Kinder und Jugendliche mit familiären Schwierigkeiten und Verhaltensauffälligkeiten leitete und Don Gianni Cosciotti, der 1983 von Rom nach Bozen übersiedelte und nach einer Übereinkunft mit der Institution „Projekt Mensch“ aus Rom das Therapieprogramm für Drogenabhängige übernahm.</p>
<p>Mit der Zeit wurden die therapeutischen und rehabilitativen Maßnahmen mehr und mehr dem fachspezifisch-ausgebildetem Personal übertragen, um unter anderem den Anforderungen der öffentlichen Institutionen, welche begonnen hatten mit dem Verein zusammen zu arbeiten, gerecht zu werden. Die Freiwilligen führten trotz dieser Veränderung ihre wertvolle Arbeit in den verschiedenen Diensten an der Seite der Fachkräfte weiter. Auch der Verwaltungsrat des Vereins war damals wie heute aus ehrenamtlich tätigen Mitgliedern zusammengesetzt.</p>
<p>Im Laufe der Jahre wuchsen und veränderten sich die beiden Projekte aufgrund der sich stetig ändernden Bedürfnisse der Umgebung. Dies forderte von den Angestellten und den Freiwilligen ein hohes Maß an Flexibilität.</p>
<p>Neue Bereiche, wie zum Beispiel die Jugendzentren, das Projekt Streetwork und die Unterstützung der Frauen in Problemsituationen, entstanden. Es eröffneten betreute Wohn- und Tagesstätten in Bozen, Meran, Bruneck, Eppan und Kohlern.<br />
Gleichzeitig wurde das Studienzentrum, welches über die letzten Jahre an Bedeutung gewonnen hatte, neu organisiert. Mittlerweile ist es zu einer wichtigen Ressource im kulturellen und erzieherischen Bereich, sowie für die eigene Organisation von neuen Interventionen geworden.[/vc_column_text][/vc_column][/vc_row]</p>
</div>

<p>[vc_row][vc_column][vc_column_text]Der Verein entstand einst aus der Arbeit freiwilliger Personen. Diese begleiteten Don Giancarlo Bertagnolli bei seinen ersten Aktivitäten in den Jahren 1977-1978. Unter ihnen entwickelte sich ein starkes Gefühl der Zusammengehörigkeit, welches Einfluss auf die Wahl des heutigen Vereinsnamens “La Strada – Der Weg” nahm. Monatliche Treffen zur Vertiefung des eigenen Kulturgutes und zur spirituellen&hellip;</p>
