{"id":1331,"date":"2018-07-29T14:40:30","date_gmt":"2018-07-29T12:40:30","guid":{"rendered":"http:\/\/www.lastrada-derweg.org\/?page_id=1331"},"modified":"2024-06-26T16:45:23","modified_gmt":"2024-06-26T14:45:23","slug":"der-verein-heute","status":"publish","type":"page","link":"https:\/\/www.lastrada-derweg.org\/?page_id=1331&lang=de","title":{"rendered":"Der Verein heute"},"content":{"rendered":"<div class=\"wpb-content-wrapper\"><p>[vc_row][vc_column][vc_column_text css=&#8221;&#8221;]Heute ist der Verein \u201cLa Strada \u2013 Der Weg\u201d eine komplexe Organisation, die im Bereich des privaten Sozialwesens t\u00e4tig ist.<\/p>\n<p>300 Angestellte, unterst\u00fctzt von 200 ehrenamtlichen Mitarbeitern und Mitarbeiterinnen, 50 Zivildienern und Zivildienerinnen, freiwilligen Sozialdienern und Sozialdienerinnen und mehrere Praktikanten arbeiten f\u00fcr die Unterst\u00fctzung von Kindern und Jugendlichen in schwierigen Situationen, f\u00fcr die Wiedereingliederung von Menschen mit Abh\u00e4ngigkeitsproblemen, f\u00fcr den Beistand f\u00fcr weibliche Opfer des Menschenhandels und der Prostitution, f\u00fcr die Begleitung zur Wohnnungs-und Arbeitsuche\u00a0 von sozial schw\u00e4cheren Gruppen, f\u00fcr die Pr\u00e4vention von Gewalt gegen Minderj\u00e4hrige, f\u00fcr die Entwicklung der Jugend- und Sportkultur durch die die F\u00fchrung von Jugendzentren, Nachmittagsbetreuungen und Familiendiensten.<\/p>\n<p>Geleitet wird der Verein vom Verwaltungsrat, dessen Mitglieder ihr Amt ehrenamtlich aus\u00fcben. Aus deren Kreis wird der Pr\u00e4sident bzw. die Pr\u00e4sidentin gew\u00e4hlt. Vom Verwaltungsrat h\u00e4nen wiederum der Direktor und die Vizedirektorin ab, die in Zusammenarbeit mit dem Bereich Verwaltung und den Verantwortlichen der einzelnen Bereiche den Verein leiten. Die Bereichsverantwortlichen arbeiten mit den Koordinatoren zusammen, die ihrerseits die Arbeit der Teams in den einzelnen Diensten organisieren..[\/vc_column_text][\/vc_column][\/vc_row]<\/p>\n<\/div>","protected":false},"excerpt":{"rendered":"<p>[vc_row][vc_column][vc_column_text css=&#8221;&#8221;]Heute ist der Verein \u201cLa Strada \u2013 Der Weg\u201d eine komplexe Organisation, die im Bereich des privaten Sozialwesens t\u00e4tig ist. 300 Angestellte, unterst\u00fctzt von 200 ehrenamtlichen Mitarbeitern und Mitarbeiterinnen, 50 Zivildienern und Zivildienerinnen, freiwilligen Sozialdienern und Sozialdienerinnen und mehrere Praktikanten arbeiten f\u00fcr die Unterst\u00fctzung von Kindern und Jugendlichen in schwierigen Situationen, f\u00fcr die Wiedereingliederung&hellip;<\/p>\n","protected":false},"author":1,"featured_media":0,"parent":1293,"menu_order":0,"comment_status":"closed","ping_status":"closed","template":"","meta":{"footnotes":""},"class_list":["post-1331","page","type-page","status-publish","hentry","description-off"],"_links":{"self":[{"href":"https:\/\/www.lastrada-derweg.org\/index.php?rest_route=\/wp\/v2\/pages\/1331","targetHints":{"allow":["GET"]}}],"collection":[{"href":"https:\/\/www.lastrada-derweg.org\/index.php?rest_route=\/wp\/v2\/pages"}],"about":[{"href":"https:\/\/www.lastrada-derweg.org\/index.php?rest_route=\/wp\/v2\/types\/page"}],"author":[{"embeddable":true,"href":"https:\/\/www.lastrada-derweg.org\/index.php?rest_route=\/wp\/v2\/users\/1"}],"replies":[{"embeddable":true,"href":"https:\/\/www.lastrada-derweg.org\/index.php?rest_route=%2Fwp%2Fv2%2Fcomments&post=1331"}],"version-history":[{"count":7,"href":"https:\/\/www.lastrada-derweg.org\/index.php?rest_route=\/wp\/v2\/pages\/1331\/revisions"}],"predecessor-version":[{"id":10365,"href":"https:\/\/www.lastrada-derweg.org\/index.php?rest_route=\/wp\/v2\/pages\/1331\/revisions\/10365"}],"up":[{"embeddable":true,"href":"https:\/\/www.lastrada-derweg.org\/index.php?rest_route=\/wp\/v2\/pages\/1293"}],"wp:attachment":[{"href":"https:\/\/www.lastrada-derweg.org\/index.php?rest_route=%2Fwp%2Fv2%2Fmedia&parent=1331"}],"curies":[{"name":"wp","href":"https:\/\/api.w.org\/{rel}","templated":true}]}}

<div class="wpb-content-wrapper"><p>[vc_row][vc_column][vc_column_text css=&#8221;&#8221;]Heute ist der Verein “La Strada – Der Weg” eine komplexe Organisation, die im Bereich des privaten Sozialwesens tätig ist.</p>
<p>300 Angestellte, unterstützt von 200 ehrenamtlichen Mitarbeitern und Mitarbeiterinnen, 50 Zivildienern und Zivildienerinnen, freiwilligen Sozialdienern und Sozialdienerinnen und mehrere Praktikanten arbeiten für die Unterstützung von Kindern und Jugendlichen in schwierigen Situationen, für die Wiedereingliederung von Menschen mit Abhängigkeitsproblemen, für den Beistand für weibliche Opfer des Menschenhandels und der Prostitution, für die Begleitung zur Wohnnungs-und Arbeitsuche  von sozial schwächeren Gruppen, für die Prävention von Gewalt gegen Minderjährige, für die Entwicklung der Jugend- und Sportkultur durch die die Führung von Jugendzentren, Nachmittagsbetreuungen und Familiendiensten.</p>
<p>Geleitet wird der Verein vom Verwaltungsrat, dessen Mitglieder ihr Amt ehrenamtlich ausüben. Aus deren Kreis wird der Präsident bzw. die Präsidentin gewählt. Vom Verwaltungsrat hänen wiederum der Direktor und die Vizedirektorin ab, die in Zusammenarbeit mit dem Bereich Verwaltung und den Verantwortlichen der einzelnen Bereiche den Verein leiten. Die Bereichsverantwortlichen arbeiten mit den Koordinatoren zusammen, die ihrerseits die Arbeit der Teams in den einzelnen Diensten organisieren..[/vc_column_text][/vc_column][/vc_row]</p>
</div>

<p>[vc_row][vc_column][vc_column_text css=&#8221;&#8221;]Heute ist der Verein “La Strada – Der Weg” eine komplexe Organisation, die im Bereich des privaten Sozialwesens tätig ist. 300 Angestellte, unterstützt von 200 ehrenamtlichen Mitarbeitern und Mitarbeiterinnen, 50 Zivildienern und Zivildienerinnen, freiwilligen Sozialdienern und Sozialdienerinnen und mehrere Praktikanten arbeiten für die Unterstützung von Kindern und Jugendlichen in schwierigen Situationen, für die Wiedereingliederung&hellip;</p>
