{"id":1584,"date":"2018-08-14T10:36:59","date_gmt":"2018-08-14T08:36:59","guid":{"rendered":"http:\/\/www.lastrada-derweg.org\/?page_id=1584"},"modified":"2024-06-07T13:50:02","modified_gmt":"2024-06-07T11:50:02","slug":"biblioteca-specialistica","status":"publish","type":"page","link":"https:\/\/www.lastrada-derweg.org\/?page_id=1584","title":{"rendered":"Biblioteca specialistica"},"content":{"rendered":"<div class=\"wpb-content-wrapper\"><p>[vc_row][vc_column width=&#8221;1\/2&#8243;][vc_custom_heading text=&#8221;Dove siamo&#8221; use_theme_fonts=&#8221;yes&#8221;][vc_column_text css=&#8221;&#8221;]Biblioteca specialistica<br \/>\nAssociazione<br \/>\n\u201cLa Strada &#8211; Der Weg\u201d ONLUS<br \/>\nVia Visitazione 42 \u2013 39100 Bolzano<\/p>\n<p><a href=\"mailto:biblioteca@lastrada-derweg.org\">biblioteca@lastrada-derweg.org<\/a><\/p>\n<p>Responsabile: <strong>Dario Volani<\/strong>[\/vc_column_text][vc_custom_heading text=&#8221;Chi siamo&#8221; use_theme_fonts=&#8221;yes&#8221;][vc_column_text css=&#8221;&#8221;]\u201cMedicina per l\u2019anima\u201d.<br \/>\n(Iscrizione sopra la porta della Biblioteca di Tebe)<\/p>\n<p>L\u2019equipe si avvale dell&#8217;aiuto di volontari e tirocinanti.[\/vc_column_text][\/vc_column][vc_column width=&#8221;1\/2&#8243;][vc_single_image image=&#8221;2960&#8243; img_size=&#8221;full&#8221;][\/vc_column][\/vc_row][vc_row][vc_column][vc_custom_heading text=&#8221;Cosa facciamo&#8221; use_theme_fonts=&#8221;yes&#8221;][vc_column_text]La biblioteca gestisce, per la consultazione interna ed esterna, circa 3000 volumi su tematiche sociali.<br \/>\nGestisce la rivista interna Internos e il sito web ufficiale dell\u2019Associazione.<\/p>\n<p>Dal 2015 l&#8217;archivio della biblioteca specialistica \u00e8 consultabile attraverso il <a class=\"ref\" href=\"http:\/\/www.provincia.bz.it\/cultura\/bis.htm\" target=\"_blank\" rel=\"noopener\">Sistema Biblioteche della Provincia Autonoma di Bolzano<\/a>.[\/vc_column_text][\/vc_column][\/vc_row][vc_row][vc_column width=&#8221;1\/3&#8243;][vc_custom_heading text=&#8221;Per chi&#8221; use_theme_fonts=&#8221;yes&#8221;][vc_column_text]La biblioteca \u00e8 a disposizione di tutti gli operatori, addetti ai lavori, studenti e singoli cittadini.[\/vc_column_text][\/vc_column][vc_column width=&#8221;1\/3&#8243;][vc_custom_heading text=&#8221;Perch\u00e9&#8221; use_theme_fonts=&#8221;yes&#8221;][vc_column_text]\u00c9 un centro di scambio e produzione culturale. Vuole dare la possibilit\u00e0 a tutti gli interessati di approfondire ed arricchire le proprie conoscenze in ambito sociale.<br \/>\nAttraverso pubblicazioni ed articoli cerca di contribuire al dibattito culturale sul sociale in ambito cittadino e provinciale.[\/vc_column_text][\/vc_column][vc_column width=&#8221;1\/3&#8243;][vc_custom_heading text=&#8221;Quando&#8221; use_theme_fonts=&#8221;yes&#8221;][vc_column_text]Dal luned\u00ec al gioved\u00ec:dalle 9.00 alle 12.30 e dalle 14.00 alle 17.00<br \/>\nVenerd\u00ec dalle 9.00 alle 12.30[\/vc_column_text][\/vc_column][\/vc_row]<\/p>\n<\/div>","protected":false},"excerpt":{"rendered":"<p>[vc_row][vc_column width=&#8221;1\/2&#8243;][vc_custom_heading text=&#8221;Dove siamo&#8221; use_theme_fonts=&#8221;yes&#8221;][vc_column_text css=&#8221;&#8221;]Biblioteca specialistica Associazione \u201cLa Strada &#8211; Der Weg\u201d ONLUS Via Visitazione 42 \u2013 39100 Bolzano biblioteca@lastrada-derweg.org Responsabile: Dario Volani[\/vc_column_text][vc_custom_heading text=&#8221;Chi siamo&#8221; use_theme_fonts=&#8221;yes&#8221;][vc_column_text css=&#8221;&#8221;]\u201cMedicina per l\u2019anima\u201d. (Iscrizione sopra la porta della Biblioteca di Tebe) L\u2019equipe si avvale dell&#8217;aiuto di volontari e tirocinanti.[\/vc_column_text][\/vc_column][vc_column width=&#8221;1\/2&#8243;][vc_single_image image=&#8221;2960&#8243; img_size=&#8221;full&#8221;][\/vc_column][\/vc_row][vc_row][vc_column][vc_custom_heading text=&#8221;Cosa facciamo&#8221; use_theme_fonts=&#8221;yes&#8221;][vc_column_text]La biblioteca gestisce, per&hellip;<\/p>\n","protected":false},"author":1,"featured_media":0,"parent":1554,"menu_order":0,"comment_status":"closed","ping_status":"closed","template":"","meta":{"footnotes":""},"class_list":["post-1584","page","type-page","status-publish","hentry","description-off"],"_links":{"self":[{"href":"https:\/\/www.lastrada-derweg.org\/index.php?rest_route=\/wp\/v2\/pages\/1584","targetHints":{"allow":["GET"]}}],"collection":[{"href":"https:\/\/www.lastrada-derweg.org\/index.php?rest_route=\/wp\/v2\/pages"}],"about":[{"href":"https:\/\/www.lastrada-derweg.org\/index.php?rest_route=\/wp\/v2\/types\/page"}],"author":[{"embeddable":true,"href":"https:\/\/www.lastrada-derweg.org\/index.php?rest_route=\/wp\/v2\/users\/1"}],"replies":[{"embeddable":true,"href":"https:\/\/www.lastrada-derweg.org\/index.php?rest_route=%2Fwp%2Fv2%2Fcomments&post=1584"}],"version-history":[{"count":9,"href":"https:\/\/www.lastrada-derweg.org\/index.php?rest_route=\/wp\/v2\/pages\/1584\/revisions"}],"predecessor-version":[{"id":9971,"href":"https:\/\/www.lastrada-derweg.org\/index.php?rest_route=\/wp\/v2\/pages\/1584\/revisions\/9971"}],"up":[{"embeddable":true,"href":"https:\/\/www.lastrada-derweg.org\/index.php?rest_route=\/wp\/v2\/pages\/1554"}],"wp:attachment":[{"href":"https:\/\/www.lastrada-derweg.org\/index.php?rest_route=%2Fwp%2Fv2%2Fmedia&parent=1584"}],"curies":[{"name":"wp","href":"https:\/\/api.w.org\/{rel}","templated":true}]}}