{"id":1595,"date":"2018-08-14T10:57:18","date_gmt":"2018-08-14T08:57:18","guid":{"rendered":"http:\/\/www.lastrada-derweg.org\/?page_id=1595"},"modified":"2024-06-07T13:27:30","modified_gmt":"2024-06-07T11:27:30","slug":"ufficio-stampa-comunicazione","status":"publish","type":"page","link":"https:\/\/www.lastrada-derweg.org\/?page_id=1595","title":{"rendered":"Ufficio stampa \/ comunicazione"},"content":{"rendered":"<div class=\"wpb-content-wrapper\"><p>[vc_row][vc_column width=&#8221;1\/2&#8243;][vc_custom_heading text=&#8221;Dove siamo&#8221; use_theme_fonts=&#8221;yes&#8221;][vc_column_text css=&#8221;&#8221;]Ufficio stampa \/ comunicazione<br \/>\nVia Visitazione 42<br \/>\n39100 Bolzano<\/p>\n<p>Mob. 348 87 09 823<br \/>\n<a class=\"ref\" href=\"mailto:info@lastrada-derweg.org\"><span class=\"color\">info@lastrada-derweg.org<\/span><\/a><\/p>\n<p>Addetto stampa e referente per la comunicazione: <strong>Massimo Antonino<\/strong>[\/vc_column_text][vc_custom_heading text=&#8221;Chi siamo&#8221; use_theme_fonts=&#8221;yes&#8221;][vc_column_text]<em>Tra ci\u00f2 che penso, ci\u00f2 che voglio dire, ci\u00f2 che penso sia, ci\u00f2 che dico, ci\u00f2 che voi desiderate capire, ci\u00f2 che intendete, ci\u00f2 che comprendete\u2026 ci sono dieci possibilit\u00e0 che ci siano difficolt\u00e0 di comunicazione. Ma proviamo comunque\u2026<\/em><br \/>\n<em>(Bernard Werber)<\/em><\/p>\n<p>Il servizio \u00e8 gestito da un pubblicista.<\/p>\n<p><strong>\u00a0<\/strong>[\/vc_column_text][\/vc_column][vc_column width=&#8221;1\/2&#8243;][vc_single_image image=&#8221;2936&#8243; img_size=&#8221;full&#8221;][\/vc_column][\/vc_row][vc_row][vc_column][vc_custom_heading text=&#8221;Cosa facciamo&#8221; use_theme_fonts=&#8221;yes&#8221;][vc_column_text]L&#8217;ufficio stampa \u00e8 addetto ai rapporti con i mass media (giornali cartacei e web, emittenti radio e tv) per quanto riguarda la pubblicizzazione di iniziative dell&#8217;associazione La Strada &#8211; Der Weg Onlus.<br \/>\nVengono redatti comunicati stampa e organizzate conferenze stampa.[\/vc_column_text][\/vc_column][\/vc_row][vc_row][vc_column width=&#8221;1\/3&#8243;][vc_custom_heading text=&#8221;Per chi&#8221; use_theme_fonts=&#8221;yes&#8221;][vc_column_text]Per la propria comunicazione l\u2019Associazione si avvale della competenza e della conoscenza dell\u2019Ufficio Comunicazione utilizzadolo anche al fine di una miglior pubblicizzazione delle proprie attivit\u00e0[\/vc_column_text][\/vc_column][vc_column width=&#8221;1\/3&#8243;][vc_custom_heading text=&#8221;Perch\u00e9&#8221; use_theme_fonts=&#8221;yes&#8221;][vc_column_text]riteniamo che tutto ci\u00f2 che riguarda la comunicazione sociale serva a sensibilizzare l&#8217;opinione pubblica e la pubblica amministrazione in merito a tematiche di natura sociale, sanitaria, giovanile[\/vc_column_text][\/vc_column][vc_column width=&#8221;1\/3&#8243;][vc_custom_heading text=&#8221;Quando&#8221; use_theme_fonts=&#8221;yes&#8221;][vc_column_text]Dal luned\u00ec al venerd\u00ec dalle 09.00 alle 12.00 e dalle 14.00 alle 17.00[\/vc_column_text][\/vc_column][\/vc_row]<\/p>\n<\/div>","protected":false},"excerpt":{"rendered":"<p>[vc_row][vc_column width=&#8221;1\/2&#8243;][vc_custom_heading text=&#8221;Dove siamo&#8221; use_theme_fonts=&#8221;yes&#8221;][vc_column_text css=&#8221;&#8221;]Ufficio stampa \/ comunicazione Via Visitazione 42 39100 Bolzano Mob. 348 87 09 823 info@lastrada-derweg.org Addetto stampa e referente per la comunicazione: Massimo Antonino[\/vc_column_text][vc_custom_heading text=&#8221;Chi siamo&#8221; use_theme_fonts=&#8221;yes&#8221;][vc_column_text]Tra ci\u00f2 che penso, ci\u00f2 che voglio dire, ci\u00f2 che penso sia, ci\u00f2 che dico, ci\u00f2 che voi desiderate capire, ci\u00f2 che intendete, ci\u00f2&hellip;<\/p>\n","protected":false},"author":1,"featured_media":0,"parent":1554,"menu_order":0,"comment_status":"closed","ping_status":"closed","template":"","meta":{"footnotes":""},"class_list":["post-1595","page","type-page","status-publish","hentry","description-off"],"_links":{"self":[{"href":"https:\/\/www.lastrada-derweg.org\/index.php?rest_route=\/wp\/v2\/pages\/1595","targetHints":{"allow":["GET"]}}],"collection":[{"href":"https:\/\/www.lastrada-derweg.org\/index.php?rest_route=\/wp\/v2\/pages"}],"about":[{"href":"https:\/\/www.lastrada-derweg.org\/index.php?rest_route=\/wp\/v2\/types\/page"}],"author":[{"embeddable":true,"href":"https:\/\/www.lastrada-derweg.org\/index.php?rest_route=\/wp\/v2\/users\/1"}],"replies":[{"embeddable":true,"href":"https:\/\/www.lastrada-derweg.org\/index.php?rest_route=%2Fwp%2Fv2%2Fcomments&post=1595"}],"version-history":[{"count":7,"href":"https:\/\/www.lastrada-derweg.org\/index.php?rest_route=\/wp\/v2\/pages\/1595\/revisions"}],"predecessor-version":[{"id":9962,"href":"https:\/\/www.lastrada-derweg.org\/index.php?rest_route=\/wp\/v2\/pages\/1595\/revisions\/9962"}],"up":[{"embeddable":true,"href":"https:\/\/www.lastrada-derweg.org\/index.php?rest_route=\/wp\/v2\/pages\/1554"}],"wp:attachment":[{"href":"https:\/\/www.lastrada-derweg.org\/index.php?rest_route=%2Fwp%2Fv2%2Fmedia&parent=1595"}],"curies":[{"name":"wp","href":"https:\/\/api.w.org\/{rel}","templated":true}]}}