{"id":1621,"date":"2018-08-14T18:47:55","date_gmt":"2018-08-14T16:47:55","guid":{"rendered":"http:\/\/www.lastrada-derweg.org\/?page_id=1621"},"modified":"2024-06-17T15:58:29","modified_gmt":"2024-06-17T13:58:29","slug":"il-focolare","status":"publish","type":"page","link":"https:\/\/www.lastrada-derweg.org\/?page_id=1621","title":{"rendered":"Il Focolare"},"content":{"rendered":"<div class=\"wpb-content-wrapper\"><p>[vc_row][vc_column width=&#8221;1\/2&#8243;][vc_custom_heading text=&#8221;Dove siamo&#8221; use_theme_fonts=&#8221;yes&#8221;][vc_column_text css=&#8221;&#8221;]Comunit\u00e0 \u201cIl Focolare\u201d<br \/>\nVia Eisenkeller 2<br \/>\n39100 Bolzano<\/p>\n<p>Tel.: 0471 281008<br \/>\nCell.: 331 6395178<br \/>\n<a href=\"mailto:focolare@lastrada-derweg.org\">focolare@lastrada-derweg.org<\/a><\/p>\n<p>Coordinatrice: <strong>Ilaria Perri<\/strong>[\/vc_column_text][vc_custom_heading text=&#8221;Chi siamo&#8221; use_theme_fonts=&#8221;yes&#8221;][vc_column_text css=&#8221;&#8221;]L\u2019equipe comprende differenti professionalit\u00e0: psicologa\/o, educatore\/trici, pedagogiste\/i, operatori\/trici, colf part time. Un componente ne \u00e8 il coordinatore.<br \/>\nIl \u201cFocolare\u201d \u00e8 accreditato presso il Ministero di Giustizia-Dipartimento \u201cGiustizia minorile e di comunit\u00e0\u201d.[\/vc_column_text][\/vc_column][vc_column width=&#8221;1\/2&#8243;][vc_single_image image=&#8221;2197&#8243; img_size=&#8221;full&#8221;][\/vc_column][\/vc_row][vc_row][vc_column][vc_custom_heading text=&#8221;Cosa facciamo&#8221; use_theme_fonts=&#8221;yes&#8221;][vc_column_text]Lo scopo principale di questa comunit\u00e0 \u00e8 di offrire a giovani ragazzi a rischio di et\u00e0 compresa tra i 14 e i 18 anni, un ambito pedagogico adatto, entro il quale i meccanismi di esclusione sociale vengano, quanto possibile, appianati. Il nostro lavoro socio pedagogico mette il giovane con la sua storia personale, le sue esperienze, bisogni e risorse in primo piano. Offriamo al giovane una possibilit\u00e0 di riflessione per permettergli di assumere un altro punto di vista e sviluppare nuove prospettive. Insieme al ragazzo si cerca di elaborare prospettive e obiettivi, i quali vengono periodicamente seguiti e valutati con tutti i servizi coinvolti, al fine di promuovere una sempre maggiore autonomia.[\/vc_column_text][\/vc_column][\/vc_row][vc_row][vc_column width=&#8221;1\/3&#8243;][vc_custom_heading text=&#8221;Per chi&#8221; use_theme_fonts=&#8221;yes&#8221;][vc_column_text]Giovani ragazzi tra i 14 e i 18 anni in situazioni di vita difficili vengono accolti attraverso la mediazione dei servizi sociali competenti. La struttura dispone di un posto di emergenza.[\/vc_column_text][\/vc_column][vc_column width=&#8221;1\/3&#8243;][vc_custom_heading text=&#8221;Perch\u00e9&#8221; use_theme_fonts=&#8221;yes&#8221;][vc_column_text]Lo scopo principale \u00e8 di offrire al giovane un ambito in parte protetto, nel quale con il sostegno socio pedagogico e in collaborazione con servizi esterni egli possa sviluppare prospettive per il proprio futuro ed integrarsi maggiormente nella societ\u00e0. Obiettivo principale \u00e8 rendere i giovani il pi\u00f9 possibile autonomi nei vari ambiti di vita quotidiana, al fine di poter intraprendere in futuro un percorso in autonomia[\/vc_column_text][\/vc_column][vc_column width=&#8221;1\/3&#8243;][vc_custom_heading text=&#8221;Quando&#8221; use_theme_fonts=&#8221;yes&#8221;][vc_column_text]La struttura \u00e8 aperta tutto l\u2019anno 24 ore su 24[\/vc_column_text][\/vc_column][\/vc_row]<\/p>\n<\/div>","protected":false},"excerpt":{"rendered":"<p>[vc_row][vc_column width=&#8221;1\/2&#8243;][vc_custom_heading text=&#8221;Dove siamo&#8221; use_theme_fonts=&#8221;yes&#8221;][vc_column_text css=&#8221;&#8221;]Comunit\u00e0 \u201cIl Focolare\u201d Via Eisenkeller 2 39100 Bolzano Tel.: 0471 281008 Cell.: 331 6395178 focolare@lastrada-derweg.org Coordinatrice: Ilaria Perri[\/vc_column_text][vc_custom_heading text=&#8221;Chi siamo&#8221; use_theme_fonts=&#8221;yes&#8221;][vc_column_text css=&#8221;&#8221;]L\u2019equipe comprende differenti professionalit\u00e0: psicologa\/o, educatore\/trici, pedagogiste\/i, operatori\/trici, colf part time. Un componente ne \u00e8 il coordinatore. Il \u201cFocolare\u201d \u00e8 accreditato presso il Ministero di Giustizia-Dipartimento \u201cGiustizia minorile e&hellip;<\/p>\n","protected":false},"author":1,"featured_media":0,"parent":0,"menu_order":0,"comment_status":"closed","ping_status":"closed","template":"","meta":{"footnotes":""},"class_list":["post-1621","page","type-page","status-publish","hentry","description-off"],"_links":{"self":[{"href":"https:\/\/www.lastrada-derweg.org\/index.php?rest_route=\/wp\/v2\/pages\/1621","targetHints":{"allow":["GET"]}}],"collection":[{"href":"https:\/\/www.lastrada-derweg.org\/index.php?rest_route=\/wp\/v2\/pages"}],"about":[{"href":"https:\/\/www.lastrada-derweg.org\/index.php?rest_route=\/wp\/v2\/types\/page"}],"author":[{"embeddable":true,"href":"https:\/\/www.lastrada-derweg.org\/index.php?rest_route=\/wp\/v2\/users\/1"}],"replies":[{"embeddable":true,"href":"https:\/\/www.lastrada-derweg.org\/index.php?rest_route=%2Fwp%2Fv2%2Fcomments&post=1621"}],"version-history":[{"count":16,"href":"https:\/\/www.lastrada-derweg.org\/index.php?rest_route=\/wp\/v2\/pages\/1621\/revisions"}],"predecessor-version":[{"id":10183,"href":"https:\/\/www.lastrada-derweg.org\/index.php?rest_route=\/wp\/v2\/pages\/1621\/revisions\/10183"}],"wp:attachment":[{"href":"https:\/\/www.lastrada-derweg.org\/index.php?rest_route=%2Fwp%2Fv2%2Fmedia&parent=1621"}],"curies":[{"name":"wp","href":"https:\/\/api.w.org\/{rel}","templated":true}]}}

<div class="wpb-content-wrapper"><p>[vc_row][vc_column width=&#8221;1/2&#8243;][vc_custom_heading text=&#8221;Dove siamo&#8221; use_theme_fonts=&#8221;yes&#8221;][vc_column_text css=&#8221;&#8221;]Comunità “Il Focolare”<br />
Via Eisenkeller 2<br />
39100 Bolzano</p>
<p>Tel.: 0471 281008<br />
Cell.: 331 6395178<br />
<a href="mailto:focolare@lastrada-derweg.org">focolare@lastrada-derweg.org</a></p>
<p>Coordinatrice: <strong>Ilaria Perri</strong>[/vc_column_text][vc_custom_heading text=&#8221;Chi siamo&#8221; use_theme_fonts=&#8221;yes&#8221;][vc_column_text css=&#8221;&#8221;]L’equipe comprende differenti professionalità: psicologa/o, educatore/trici, pedagogiste/i, operatori/trici, colf part time. Un componente ne è il coordinatore.<br />
Il “Focolare” è accreditato presso il Ministero di Giustizia-Dipartimento “Giustizia minorile e di comunità”.[/vc_column_text][/vc_column][vc_column width=&#8221;1/2&#8243;][vc_single_image image=&#8221;2197&#8243; img_size=&#8221;full&#8221;][/vc_column][/vc_row][vc_row][vc_column][vc_custom_heading text=&#8221;Cosa facciamo&#8221; use_theme_fonts=&#8221;yes&#8221;][vc_column_text]Lo scopo principale di questa comunità è di offrire a giovani ragazzi a rischio di età compresa tra i 14 e i 18 anni, un ambito pedagogico adatto, entro il quale i meccanismi di esclusione sociale vengano, quanto possibile, appianati. Il nostro lavoro socio pedagogico mette il giovane con la sua storia personale, le sue esperienze, bisogni e risorse in primo piano. Offriamo al giovane una possibilità di riflessione per permettergli di assumere un altro punto di vista e sviluppare nuove prospettive. Insieme al ragazzo si cerca di elaborare prospettive e obiettivi, i quali vengono periodicamente seguiti e valutati con tutti i servizi coinvolti, al fine di promuovere una sempre maggiore autonomia.[/vc_column_text][/vc_column][/vc_row][vc_row][vc_column width=&#8221;1/3&#8243;][vc_custom_heading text=&#8221;Per chi&#8221; use_theme_fonts=&#8221;yes&#8221;][vc_column_text]Giovani ragazzi tra i 14 e i 18 anni in situazioni di vita difficili vengono accolti attraverso la mediazione dei servizi sociali competenti. La struttura dispone di un posto di emergenza.[/vc_column_text][/vc_column][vc_column width=&#8221;1/3&#8243;][vc_custom_heading text=&#8221;Perché&#8221; use_theme_fonts=&#8221;yes&#8221;][vc_column_text]Lo scopo principale è di offrire al giovane un ambito in parte protetto, nel quale con il sostegno socio pedagogico e in collaborazione con servizi esterni egli possa sviluppare prospettive per il proprio futuro ed integrarsi maggiormente nella società. Obiettivo principale è rendere i giovani il più possibile autonomi nei vari ambiti di vita quotidiana, al fine di poter intraprendere in futuro un percorso in autonomia[/vc_column_text][/vc_column][vc_column width=&#8221;1/3&#8243;][vc_custom_heading text=&#8221;Quando&#8221; use_theme_fonts=&#8221;yes&#8221;][vc_column_text]La struttura è aperta tutto l’anno 24 ore su 24[/vc_column_text][/vc_column][/vc_row]</p>
</div>

<p>[vc_row][vc_column width=&#8221;1/2&#8243;][vc_custom_heading text=&#8221;Dove siamo&#8221; use_theme_fonts=&#8221;yes&#8221;][vc_column_text css=&#8221;&#8221;]Comunità “Il Focolare” Via Eisenkeller 2 39100 Bolzano Tel.: 0471 281008 Cell.: 331 6395178 focolare@lastrada-derweg.org Coordinatrice: Ilaria Perri[/vc_column_text][vc_custom_heading text=&#8221;Chi siamo&#8221; use_theme_fonts=&#8221;yes&#8221;][vc_column_text css=&#8221;&#8221;]L’equipe comprende differenti professionalità: psicologa/o, educatore/trici, pedagogiste/i, operatori/trici, colf part time. Un componente ne è il coordinatore. Il “Focolare” è accreditato presso il Ministero di Giustizia-Dipartimento “Giustizia minorile e&hellip;</p>
