{"id":1633,"date":"2018-08-14T22:44:02","date_gmt":"2018-08-14T20:44:02","guid":{"rendered":"http:\/\/www.lastrada-derweg.org\/?page_id=1633"},"modified":"2024-06-12T16:59:10","modified_gmt":"2024-06-12T14:59:10","slug":"sancta-clara","status":"publish","type":"page","link":"https:\/\/www.lastrada-derweg.org\/?page_id=1633","title":{"rendered":"Sancta Clara"},"content":{"rendered":"<div class=\"wpb-content-wrapper\"><p>[vc_row][vc_column][vc_column_text]<\/p>\n<h1>Sancta Clara<\/h1>\n<h4 class=\"fancy-subtitle start-animation-done start-animation\">Comunit\u00e0 residenziale sociopedagogica integrata<\/h4>\n<p>[\/vc_column_text][\/vc_column][\/vc_row][vc_row][vc_column][vc_separator][\/vc_column][\/vc_row][vc_row][vc_column width=&#8221;1\/2&#8243;][vc_custom_heading text=&#8221;Dove siamo&#8221; use_theme_fonts=&#8221;yes&#8221;][vc_column_text css=&#8221;&#8221;]Comunit\u00e0 sociopedagogica integrata \u201cSancta Clara\u201d<br \/>\nVia Visitazione 46<br \/>\n39100 Bolzano<\/p>\n<p>Tel.: 0471 932602<br \/>\nCell.: 347 5723039<br \/>\n<a href=\"mailto:sanctaclara@lastrada-derweg.org\">sanctaclara@lastrada-derweg.org<\/a><\/p>\n<p>Coordinatrice: <strong>Elena Zangrando<\/strong>[\/vc_column_text][vc_custom_heading text=&#8221;Chi siamo&#8221; use_theme_fonts=&#8221;yes&#8221;][vc_column_text css=&#8221;&#8221;]L\u2019equipe \u00e8 composta da differenti professionalit\u00e0: psicologa\/o-psicoterapeuta, educatori\/trici, pedagogiste\/i, terapiste\/i funzionali, operatori\/trici. Un componente ne \u00e8 il coordinatore.[\/vc_column_text][\/vc_column][vc_column width=&#8221;1\/2&#8243;][vc_single_image image=&#8221;2205&#8243; img_size=&#8221;full&#8221;][\/vc_column][\/vc_row][vc_row][vc_column][vc_custom_heading text=&#8221;Cosa facciamo&#8221; use_theme_fonts=&#8221;yes&#8221;][vc_column_text]Alla base del lavoro dell&#8217;educatore c\u2019\u00e8 la relazione: saper instaurare un sano ed efficacie rapporto tra adulto e giovane. Questo \u00e8 un processo, in parte individuale ma soprattutto d\u2019equipe, che richiede motivazione e tempi. Il lavoro quotidiano si avvale di tutti gli interventi necessari (psico-socio-terapeutico, riabilitativo-espressivo, educativo, relazionale, farmacologico, corporeo) secondo una modalit\u00e0 integrata e coerente con le complesse dinamiche psicopatologiche e i bisogni delle ragazze. L&#8217;intervento socio-terapeutico si basa su un approccio multidisciplinare: la lettura delle complesse dinamiche del singolo e del gruppo orienta sia la definizione dei progetti specifici, sia l&#8217;intervento nella quotidianit\u00e0.[\/vc_column_text][\/vc_column][\/vc_row][vc_row][vc_column width=&#8221;1\/3&#8243;][vc_custom_heading text=&#8221;Per chi&#8221; use_theme_fonts=&#8221;yes&#8221;][vc_column_text]La comunit\u00e0 pu\u00f2 accogliere 8 minori di sesso femminile in forma residenziale e dispone di un posto letto per le emergenze.[\/vc_column_text][\/vc_column][vc_column width=&#8221;1\/3&#8243;][vc_custom_heading text=&#8221;Perch\u00e9&#8221; use_theme_fonts=&#8221;yes&#8221;][vc_column_text]Lo scopo principale della nostra attivit\u00e0 e del nostro impegno \u00e8 l\u2019accoglienza, il sostegno e la cura di bambine e ragazze che manifestano la necessit\u00e0 di essere accompagnati in un determinato periodo di difficolt\u00e0 e bisogno. L&#8217;intervento si attua in quelle situazioni dove appare una richiesta, anche temporanea, di maggiori risorse affettive e relazionali, e di idonei strumenti di accompagnamento educativo e terapeutico individualizzato. La comunit\u00e0 \u00e8 quindi un luogo dove le ragazze vengono accompagnate in un\u2019esperienza positiva di crescita e sono aiutate ad acquisire consapevolezza di s\u00e9, della propria storia, a progettare il proprio futuro ed essere autonome. Ha compiti di tutela, accoglienza, mantenimento, educazione, istruzione. Offre prestazioni educativo-assistenziali e formative tese a contrastare i rischi derivanti da situazioni in cui sia necessaria la sostituzione o l\u2019integrazione del nucleo famigliare perch\u00e9 inesistente, impossibilitato o incapace di assolvere il proprio ruolo e qualora non sia opportuno e realizzabile un conveniente affidamento famigliare o ad un gruppo famiglia. Ha un bacino di utenza multizonale.[\/vc_column_text][\/vc_column][vc_column width=&#8221;1\/3&#8243;][vc_custom_heading text=&#8221;Quando&#8221; use_theme_fonts=&#8221;yes&#8221;][vc_column_text]La struttura \u00e8 aperta 365 giorni all&#8217;anno, 24 ore su 24.[\/vc_column_text][\/vc_column][\/vc_row]<\/p>\n<\/div>","protected":false},"excerpt":{"rendered":"<p>[vc_row][vc_column][vc_column_text] Sancta Clara Comunit\u00e0 residenziale sociopedagogica integrata [\/vc_column_text][\/vc_column][\/vc_row][vc_row][vc_column][vc_separator][\/vc_column][\/vc_row][vc_row][vc_column width=&#8221;1\/2&#8243;][vc_custom_heading text=&#8221;Dove siamo&#8221; use_theme_fonts=&#8221;yes&#8221;][vc_column_text css=&#8221;&#8221;]Comunit\u00e0 sociopedagogica integrata \u201cSancta Clara\u201d Via Visitazione 46 39100 Bolzano Tel.: 0471 932602 Cell.: 347 5723039 sanctaclara@lastrada-derweg.org Coordinatrice: Elena Zangrando[\/vc_column_text][vc_custom_heading text=&#8221;Chi siamo&#8221; use_theme_fonts=&#8221;yes&#8221;][vc_column_text css=&#8221;&#8221;]L\u2019equipe \u00e8 composta da differenti professionalit\u00e0: psicologa\/o-psicoterapeuta, educatori\/trici, pedagogiste\/i, terapiste\/i funzionali, operatori\/trici. Un componente ne \u00e8 il coordinatore.[\/vc_column_text][\/vc_column][vc_column width=&#8221;1\/2&#8243;][vc_single_image image=&#8221;2205&#8243;&hellip;<\/p>\n","protected":false},"author":1,"featured_media":0,"parent":1606,"menu_order":0,"comment_status":"closed","ping_status":"closed","template":"","meta":{"footnotes":""},"class_list":["post-1633","page","type-page","status-publish","hentry","description-off"],"_links":{"self":[{"href":"https:\/\/www.lastrada-derweg.org\/index.php?rest_route=\/wp\/v2\/pages\/1633","targetHints":{"allow":["GET"]}}],"collection":[{"href":"https:\/\/www.lastrada-derweg.org\/index.php?rest_route=\/wp\/v2\/pages"}],"about":[{"href":"https:\/\/www.lastrada-derweg.org\/index.php?rest_route=\/wp\/v2\/types\/page"}],"author":[{"embeddable":true,"href":"https:\/\/www.lastrada-derweg.org\/index.php?rest_route=\/wp\/v2\/users\/1"}],"replies":[{"embeddable":true,"href":"https:\/\/www.lastrada-derweg.org\/index.php?rest_route=%2Fwp%2Fv2%2Fcomments&post=1633"}],"version-history":[{"count":14,"href":"https:\/\/www.lastrada-derweg.org\/index.php?rest_route=\/wp\/v2\/pages\/1633\/revisions"}],"predecessor-version":[{"id":10104,"href":"https:\/\/www.lastrada-derweg.org\/index.php?rest_route=\/wp\/v2\/pages\/1633\/revisions\/10104"}],"up":[{"embeddable":true,"href":"https:\/\/www.lastrada-derweg.org\/index.php?rest_route=\/wp\/v2\/pages\/1606"}],"wp:attachment":[{"href":"https:\/\/www.lastrada-derweg.org\/index.php?rest_route=%2Fwp%2Fv2%2Fmedia&parent=1633"}],"curies":[{"name":"wp","href":"https:\/\/api.w.org\/{rel}","templated":true}]}}

<div class="wpb-content-wrapper"><p>[vc_row][vc_column][vc_column_text]</p>
<h1>Sancta Clara</h1>
<h4 class="fancy-subtitle start-animation-done start-animation">Comunità residenziale sociopedagogica integrata</h4>
<p>[/vc_column_text][/vc_column][/vc_row][vc_row][vc_column][vc_separator][/vc_column][/vc_row][vc_row][vc_column width=&#8221;1/2&#8243;][vc_custom_heading text=&#8221;Dove siamo&#8221; use_theme_fonts=&#8221;yes&#8221;][vc_column_text css=&#8221;&#8221;]Comunità sociopedagogica integrata “Sancta Clara”<br />
Via Visitazione 46<br />
39100 Bolzano</p>
<p>Tel.: 0471 932602<br />
Cell.: 347 5723039<br />
<a href="mailto:sanctaclara@lastrada-derweg.org">sanctaclara@lastrada-derweg.org</a></p>
<p>Coordinatrice: <strong>Elena Zangrando</strong>[/vc_column_text][vc_custom_heading text=&#8221;Chi siamo&#8221; use_theme_fonts=&#8221;yes&#8221;][vc_column_text css=&#8221;&#8221;]L’equipe è composta da differenti professionalità: psicologa/o-psicoterapeuta, educatori/trici, pedagogiste/i, terapiste/i funzionali, operatori/trici. Un componente ne è il coordinatore.[/vc_column_text][/vc_column][vc_column width=&#8221;1/2&#8243;][vc_single_image image=&#8221;2205&#8243; img_size=&#8221;full&#8221;][/vc_column][/vc_row][vc_row][vc_column][vc_custom_heading text=&#8221;Cosa facciamo&#8221; use_theme_fonts=&#8221;yes&#8221;][vc_column_text]Alla base del lavoro dell&#8217;educatore c’è la relazione: saper instaurare un sano ed efficacie rapporto tra adulto e giovane. Questo è un processo, in parte individuale ma soprattutto d’equipe, che richiede motivazione e tempi. Il lavoro quotidiano si avvale di tutti gli interventi necessari (psico-socio-terapeutico, riabilitativo-espressivo, educativo, relazionale, farmacologico, corporeo) secondo una modalità integrata e coerente con le complesse dinamiche psicopatologiche e i bisogni delle ragazze. L&#8217;intervento socio-terapeutico si basa su un approccio multidisciplinare: la lettura delle complesse dinamiche del singolo e del gruppo orienta sia la definizione dei progetti specifici, sia l&#8217;intervento nella quotidianità.[/vc_column_text][/vc_column][/vc_row][vc_row][vc_column width=&#8221;1/3&#8243;][vc_custom_heading text=&#8221;Per chi&#8221; use_theme_fonts=&#8221;yes&#8221;][vc_column_text]La comunità può accogliere 8 minori di sesso femminile in forma residenziale e dispone di un posto letto per le emergenze.[/vc_column_text][/vc_column][vc_column width=&#8221;1/3&#8243;][vc_custom_heading text=&#8221;Perché&#8221; use_theme_fonts=&#8221;yes&#8221;][vc_column_text]Lo scopo principale della nostra attività e del nostro impegno è l’accoglienza, il sostegno e la cura di bambine e ragazze che manifestano la necessità di essere accompagnati in un determinato periodo di difficoltà e bisogno. L&#8217;intervento si attua in quelle situazioni dove appare una richiesta, anche temporanea, di maggiori risorse affettive e relazionali, e di idonei strumenti di accompagnamento educativo e terapeutico individualizzato. La comunità è quindi un luogo dove le ragazze vengono accompagnate in un’esperienza positiva di crescita e sono aiutate ad acquisire consapevolezza di sé, della propria storia, a progettare il proprio futuro ed essere autonome. Ha compiti di tutela, accoglienza, mantenimento, educazione, istruzione. Offre prestazioni educativo-assistenziali e formative tese a contrastare i rischi derivanti da situazioni in cui sia necessaria la sostituzione o l’integrazione del nucleo famigliare perché inesistente, impossibilitato o incapace di assolvere il proprio ruolo e qualora non sia opportuno e realizzabile un conveniente affidamento famigliare o ad un gruppo famiglia. Ha un bacino di utenza multizonale.[/vc_column_text][/vc_column][vc_column width=&#8221;1/3&#8243;][vc_custom_heading text=&#8221;Quando&#8221; use_theme_fonts=&#8221;yes&#8221;][vc_column_text]La struttura è aperta 365 giorni all&#8217;anno, 24 ore su 24.[/vc_column_text][/vc_column][/vc_row]</p>
</div>

<p>[vc_row][vc_column][vc_column_text] Sancta Clara Comunità residenziale sociopedagogica integrata [/vc_column_text][/vc_column][/vc_row][vc_row][vc_column][vc_separator][/vc_column][/vc_row][vc_row][vc_column width=&#8221;1/2&#8243;][vc_custom_heading text=&#8221;Dove siamo&#8221; use_theme_fonts=&#8221;yes&#8221;][vc_column_text css=&#8221;&#8221;]Comunità sociopedagogica integrata “Sancta Clara” Via Visitazione 46 39100 Bolzano Tel.: 0471 932602 Cell.: 347 5723039 sanctaclara@lastrada-derweg.org Coordinatrice: Elena Zangrando[/vc_column_text][vc_custom_heading text=&#8221;Chi siamo&#8221; use_theme_fonts=&#8221;yes&#8221;][vc_column_text css=&#8221;&#8221;]L’equipe è composta da differenti professionalità: psicologa/o-psicoterapeuta, educatori/trici, pedagogiste/i, terapiste/i funzionali, operatori/trici. Un componente ne è il coordinatore.[/vc_column_text][/vc_column][vc_column width=&#8221;1/2&#8243;][vc_single_image image=&#8221;2205&#8243;&hellip;</p>
