{"id":1644,"date":"2018-08-14T23:14:41","date_gmt":"2018-08-14T21:14:41","guid":{"rendered":"http:\/\/www.lastrada-derweg.org\/?page_id=1644"},"modified":"2024-06-13T16:25:39","modified_gmt":"2024-06-13T14:25:39","slug":"grisu-bruneck","status":"publish","type":"page","link":"https:\/\/www.lastrada-derweg.org\/?page_id=1644&lang=de","title":{"rendered":"Gris\u00f9 &#8211; Bruneck"},"content":{"rendered":"<div class=\"wpb-content-wrapper\"><p>[vc_row][vc_column width=&#8221;1\/2&#8243;][vc_custom_heading text=&#8221;Wo&#8221; use_theme_fonts=&#8221;yes&#8221;][vc_column_text css=&#8221;&#8221;]Tagesst\u00e4tte &#8220;Gris\u00f9&#8221;<br \/>\nPaul von Sternbachstra\u00dfe 14<br \/>\n39031 Bruneck<\/p>\n<p>Tel.: 0474 414076<br \/>\nMobil.: 340 5896860<br \/>\n<a href=\"mailto:tagesgruppe.bruneck@lastrada-derweg.org\">tagesgruppe.bruneck@lastrada-derweg.org<\/a><\/p>\n<p>Koordinatorin: <strong>Verena Oberarzbacher<\/strong>[\/vc_column_text][vc_custom_heading text=&#8221;Wer&#8221; use_theme_fonts=&#8221;yes&#8221;][vc_column_text css=&#8221;&#8221;]Neben dem oder der Hauptkoordinator\/in besteht das Team aus verschiedenen Personen: Erzieher\/in(en), P\u00e4dagoge\/in(en), Fachkr\u00e4fte, Sozialbetreuer.[\/vc_column_text][\/vc_column][vc_column width=&#8221;1\/2&#8243;][vc_single_image image=&#8221;2217&#8243; img_size=&#8221;full&#8221;][\/vc_column][\/vc_row][vc_row][vc_column][vc_custom_heading text=&#8221;Was&#8221; use_theme_fonts=&#8221;yes&#8221;][vc_column_text]Unterst\u00fctzung der Kinder und Jugendlichen, sowie deren Eltern durch sozialp\u00e4dagogische Angebote, individuelle Erziehungsprojekte, Elternarbeit und die Zusammenarbeit mit anderen Diensten und Einrichtungen.[\/vc_column_text][\/vc_column][\/vc_row][vc_row][vc_column width=&#8221;1\/3&#8243;][vc_custom_heading text=&#8221;F\u00fcr wen&#8221; use_theme_fonts=&#8221;yes&#8221;][vc_column_text css=&#8221;&#8221;]F\u00fcr bis zu 10 Kinder und Jugendliche von 6 bis 17 Jahren aus dem Einzugsgebiet der Bezirksgemeinschaft Pustertal, deren Entwicklung und Wohlbefinden aufgrund verschiedener Gegebenheiten beeintr\u00e4chtigt sind und\/oder die durch ihr Sozialverhalten auffallen.[\/vc_column_text][\/vc_column][vc_column width=&#8221;1\/3&#8243;][vc_custom_heading text=&#8221;Warum&#8221; use_theme_fonts=&#8221;yes&#8221;][vc_column_text]Die Tagesgruppe bietet Kindern bzw. Jugendlichen und deren Familien die M\u00f6glichkeit der Entlastung und Neuorientierung, wenn die Situation in der Familie die Entwicklung der Kinder gef\u00e4hrdet. In der Familie m\u00fcssen jedoch gen\u00fcgend Ressourcen vorhanden sein, um eine ausreichende Versorgung der Kinder zu Hause zu sichern.[\/vc_column_text][\/vc_column][vc_column width=&#8221;1\/3&#8243;][vc_custom_heading text=&#8221;Wann&#8221; use_theme_fonts=&#8221;yes&#8221;][vc_column_text]Ganzj\u00e4hrig von Montag bis Freitag.<\/p>\n<p>An Schultagen: von 12:00 bis 18:00 Uhr<br \/>\nAn schulfreien Tagen: von 09:00 bis 15:00 Uhr<br \/>\nDie Besuchstage der Minderj\u00e4hrigen werden nach den speziellen Bed\u00fcrfnissen der Kinder und Jugendlichen und deren Familien vereinbart.[\/vc_column_text][\/vc_column][\/vc_row]<\/p>\n<\/div>","protected":false},"excerpt":{"rendered":"<p>[vc_row][vc_column width=&#8221;1\/2&#8243;][vc_custom_heading text=&#8221;Wo&#8221; use_theme_fonts=&#8221;yes&#8221;][vc_column_text css=&#8221;&#8221;]Tagesst\u00e4tte &#8220;Gris\u00f9&#8221; Paul von Sternbachstra\u00dfe 14 39031 Bruneck Tel.: 0474 414076 Mobil.: 340 5896860 tagesgruppe.bruneck@lastrada-derweg.org Koordinatorin: Verena Oberarzbacher[\/vc_column_text][vc_custom_heading text=&#8221;Wer&#8221; use_theme_fonts=&#8221;yes&#8221;][vc_column_text css=&#8221;&#8221;]Neben dem oder der Hauptkoordinator\/in besteht das Team aus verschiedenen Personen: Erzieher\/in(en), P\u00e4dagoge\/in(en), Fachkr\u00e4fte, Sozialbetreuer.[\/vc_column_text][\/vc_column][vc_column width=&#8221;1\/2&#8243;][vc_single_image image=&#8221;2217&#8243; img_size=&#8221;full&#8221;][\/vc_column][\/vc_row][vc_row][vc_column][vc_custom_heading text=&#8221;Was&#8221; use_theme_fonts=&#8221;yes&#8221;][vc_column_text]Unterst\u00fctzung der Kinder und Jugendlichen, sowie deren Eltern durch sozialp\u00e4dagogische Angebote, individuelle&hellip;<\/p>\n","protected":false},"author":1,"featured_media":0,"parent":1617,"menu_order":0,"comment_status":"closed","ping_status":"closed","template":"","meta":{"footnotes":""},"class_list":["post-1644","page","type-page","status-publish","hentry","description-off"],"_links":{"self":[{"href":"https:\/\/www.lastrada-derweg.org\/index.php?rest_route=\/wp\/v2\/pages\/1644","targetHints":{"allow":["GET"]}}],"collection":[{"href":"https:\/\/www.lastrada-derweg.org\/index.php?rest_route=\/wp\/v2\/pages"}],"about":[{"href":"https:\/\/www.lastrada-derweg.org\/index.php?rest_route=\/wp\/v2\/types\/page"}],"author":[{"embeddable":true,"href":"https:\/\/www.lastrada-derweg.org\/index.php?rest_route=\/wp\/v2\/users\/1"}],"replies":[{"embeddable":true,"href":"https:\/\/www.lastrada-derweg.org\/index.php?rest_route=%2Fwp%2Fv2%2Fcomments&post=1644"}],"version-history":[{"count":8,"href":"https:\/\/www.lastrada-derweg.org\/index.php?rest_route=\/wp\/v2\/pages\/1644\/revisions"}],"predecessor-version":[{"id":10126,"href":"https:\/\/www.lastrada-derweg.org\/index.php?rest_route=\/wp\/v2\/pages\/1644\/revisions\/10126"}],"up":[{"embeddable":true,"href":"https:\/\/www.lastrada-derweg.org\/index.php?rest_route=\/wp\/v2\/pages\/1617"}],"wp:attachment":[{"href":"https:\/\/www.lastrada-derweg.org\/index.php?rest_route=%2Fwp%2Fv2%2Fmedia&parent=1644"}],"curies":[{"name":"wp","href":"https:\/\/api.w.org\/{rel}","templated":true}]}}

Grisù &#8211; Bruneck

<div class="wpb-content-wrapper"><p>[vc_row][vc_column width=&#8221;1/2&#8243;][vc_custom_heading text=&#8221;Wo&#8221; use_theme_fonts=&#8221;yes&#8221;][vc_column_text css=&#8221;&#8221;]Tagesstätte &#8220;Grisù&#8221;<br />
Paul von Sternbachstraße 14<br />
39031 Bruneck</p>
<p>Tel.: 0474 414076<br />
Mobil.: 340 5896860<br />
<a href="mailto:tagesgruppe.bruneck@lastrada-derweg.org">tagesgruppe.bruneck@lastrada-derweg.org</a></p>
<p>Koordinatorin: <strong>Verena Oberarzbacher</strong>[/vc_column_text][vc_custom_heading text=&#8221;Wer&#8221; use_theme_fonts=&#8221;yes&#8221;][vc_column_text css=&#8221;&#8221;]Neben dem oder der Hauptkoordinator/in besteht das Team aus verschiedenen Personen: Erzieher/in(en), Pädagoge/in(en), Fachkräfte, Sozialbetreuer.[/vc_column_text][/vc_column][vc_column width=&#8221;1/2&#8243;][vc_single_image image=&#8221;2217&#8243; img_size=&#8221;full&#8221;][/vc_column][/vc_row][vc_row][vc_column][vc_custom_heading text=&#8221;Was&#8221; use_theme_fonts=&#8221;yes&#8221;][vc_column_text]Unterstützung der Kinder und Jugendlichen, sowie deren Eltern durch sozialpädagogische Angebote, individuelle Erziehungsprojekte, Elternarbeit und die Zusammenarbeit mit anderen Diensten und Einrichtungen.[/vc_column_text][/vc_column][/vc_row][vc_row][vc_column width=&#8221;1/3&#8243;][vc_custom_heading text=&#8221;Für wen&#8221; use_theme_fonts=&#8221;yes&#8221;][vc_column_text css=&#8221;&#8221;]Für bis zu 10 Kinder und Jugendliche von 6 bis 17 Jahren aus dem Einzugsgebiet der Bezirksgemeinschaft Pustertal, deren Entwicklung und Wohlbefinden aufgrund verschiedener Gegebenheiten beeinträchtigt sind und/oder die durch ihr Sozialverhalten auffallen.[/vc_column_text][/vc_column][vc_column width=&#8221;1/3&#8243;][vc_custom_heading text=&#8221;Warum&#8221; use_theme_fonts=&#8221;yes&#8221;][vc_column_text]Die Tagesgruppe bietet Kindern bzw. Jugendlichen und deren Familien die Möglichkeit der Entlastung und Neuorientierung, wenn die Situation in der Familie die Entwicklung der Kinder gefährdet. In der Familie müssen jedoch genügend Ressourcen vorhanden sein, um eine ausreichende Versorgung der Kinder zu Hause zu sichern.[/vc_column_text][/vc_column][vc_column width=&#8221;1/3&#8243;][vc_custom_heading text=&#8221;Wann&#8221; use_theme_fonts=&#8221;yes&#8221;][vc_column_text]Ganzjährig von Montag bis Freitag.</p>
<p>An Schultagen: von 12:00 bis 18:00 Uhr<br />
An schulfreien Tagen: von 09:00 bis 15:00 Uhr<br />
Die Besuchstage der Minderjährigen werden nach den speziellen Bedürfnissen der Kinder und Jugendlichen und deren Familien vereinbart.[/vc_column_text][/vc_column][/vc_row]</p>
</div>

<p>[vc_row][vc_column width=&#8221;1/2&#8243;][vc_custom_heading text=&#8221;Wo&#8221; use_theme_fonts=&#8221;yes&#8221;][vc_column_text css=&#8221;&#8221;]Tagesstätte &#8220;Grisù&#8221; Paul von Sternbachstraße 14 39031 Bruneck Tel.: 0474 414076 Mobil.: 340 5896860 tagesgruppe.bruneck@lastrada-derweg.org Koordinatorin: Verena Oberarzbacher[/vc_column_text][vc_custom_heading text=&#8221;Wer&#8221; use_theme_fonts=&#8221;yes&#8221;][vc_column_text css=&#8221;&#8221;]Neben dem oder der Hauptkoordinator/in besteht das Team aus verschiedenen Personen: Erzieher/in(en), Pädagoge/in(en), Fachkräfte, Sozialbetreuer.[/vc_column_text][/vc_column][vc_column width=&#8221;1/2&#8243;][vc_single_image image=&#8221;2217&#8243; img_size=&#8221;full&#8221;][/vc_column][/vc_row][vc_row][vc_column][vc_custom_heading text=&#8221;Was&#8221; use_theme_fonts=&#8221;yes&#8221;][vc_column_text]Unterstützung der Kinder und Jugendlichen, sowie deren Eltern durch sozialpädagogische Angebote, individuelle&hellip;</p>
