{"id":1654,"date":"2018-08-14T23:42:46","date_gmt":"2018-08-14T21:42:46","guid":{"rendered":"http:\/\/www.lastrada-derweg.org\/?page_id=1654"},"modified":"2024-06-13T16:43:05","modified_gmt":"2024-06-13T14:43:05","slug":"karibu-val-pusteria","status":"publish","type":"page","link":"https:\/\/www.lastrada-derweg.org\/?page_id=1654","title":{"rendered":"Karibu &#8211; Val Pusteria"},"content":{"rendered":"<div class=\"wpb-content-wrapper\"><p>[vc_row][vc_column width=&#8221;1\/2&#8243;][vc_custom_heading text=&#8221;Dove siamo&#8221; use_theme_fonts=&#8221;yes&#8221;][vc_column_text css=&#8221;&#8221;]Gruppo bambini \u201cKindogruppe\u201d<br \/>\nVia Bastioni 7<br \/>\n39031 Brunico<\/p>\n<p>Gruppo bambini \u201cKindogruppe\u201d e gruppo giovani \u201ck.i.m.m\u201c<br \/>\nVia Prato 6<br \/>\n39038 San Candido<\/p>\n<p>Gruppo bambini \u201cKindogruppe\u201d e gruppo giovani \u201cJugend Action\u201c<br \/>\nVia Hugo Von Taufers 19<br \/>\n39032 Campo Tures<\/p>\n<p>Gruppo bambini \u201cBlanch y fosch\u201d e gruppo giovani &#8220;Jugendgruppe Gadertal&#8221;<br \/>\nVia Piccolino 11<br \/>\n39030 San Martino in Badia<\/p>\n<p><a href=\"mailto:karibu@lastrada-derweg.org\">karibu@lastrada-derweg.org<\/a><\/p>\n<p>Coordinatrice: <strong>Birgit Harrasser<\/strong> &#8211; 340 1415052[\/vc_column_text][\/vc_column][vc_column width=&#8221;1\/2&#8243;][vc_single_image image=&#8221;2227&#8243; img_size=&#8221;full&#8221;][\/vc_column][\/vc_row][vc_row][vc_column][vc_custom_heading text=&#8221;Chi siamo&#8221; use_theme_fonts=&#8221;yes&#8221;][vc_column_text css=&#8221;&#8221;]L\u2019equipe \u00e8 composta da differenti professionalit\u00e0: psicologa\/o, educatore\/trici, pedagogiste\/i, operatori\/trici. Un componente ne \u00e8 il coordinatore.[\/vc_column_text][vc_custom_heading text=&#8221;Cosa facciamo&#8221; use_theme_fonts=&#8221;yes&#8221;][vc_column_text]KARIBU offre sostegno e accompagnamento per bambini e giovani tra i 6 e i 15 anni. Il sostegno avviene attraverso gruppi socio-pedagogici, progetti educativi individuali, accompagnamento e sostegno genitoriale e la collaborazione con altri servizi e strutture.[\/vc_column_text][\/vc_column][\/vc_row][vc_row][vc_column width=&#8221;1\/3&#8243;][vc_custom_heading text=&#8221;Per chi&#8221; use_theme_fonts=&#8221;yes&#8221;][vc_column_text]Durante l&#8217;anno scolastico assistiamo 4 gruppi per bambini e 3 gruppi per giovani, composti ognuno da otto ragazzi\/e, tutti provenienti dal bacino d&#8217;utenza della comunit\u00e0 comprensoriale della Val Pusteria. Ai gruppi possono partecipare bambini con difficolt\u00e0 sociali o scolastiche, che vengono segnalati dai servizi sociali, dalle scuole e da altri servizi. In pi\u00f9 per KARIBU \u00e8 importante integrare bambini con leggere disfunzioni e bambini con background migratorio.[\/vc_column_text][\/vc_column][vc_column width=&#8221;1\/3&#8243;][vc_custom_heading text=&#8221;Perch\u00e9&#8221; use_theme_fonts=&#8221;yes&#8221;][vc_column_text]Attraverso la partecipazione ai gruppi socio-pedagogici i bambini e ragazzi vengono sostenuti nell&#8217;apprendimento e nel rinforzo delle competenze sociali, nel nominare e percepire i propri desideri, nel rinforzare l&#8217;autostima e l&#8217;autonomia, nello svolgimento dei compiti scolastici e nello sviluppo personale, cognitivo ed emozionale.<br \/>\nPer supportare le competenze linguistiche dei bambini e giovani a Brunico, San Candido e Campo Tures si parla tedesco e italiano, mentre a Piccolino si parla ladino, tedesco e italiano.[\/vc_column_text][\/vc_column][vc_column width=&#8221;1\/3&#8243;][vc_custom_heading text=&#8221;Quando&#8221; use_theme_fonts=&#8221;yes&#8221;][vc_column_text]I gruppi per bambini e giovani durante l&#8217;anno scolastico si ritrovano 2 volte a settimana.<br \/>\nGruppo bambini: 12:30 &#8211; 17:30<br \/>\nGruppo ragazzi: 13:00 &#8211; 18:00<\/p>\n<p>D&#8217;estate si ritrovano esclusivamente i gruppi per bambini il luned\u00ec, il marted\u00ec, il mercoled\u00ec e il venerd\u00ec dalle ore 8:30 alle 13:30 e il gioved\u00ec dalle ore 08.30 alle 15.30.[\/vc_column_text][\/vc_column][\/vc_row]<\/p>\n<\/div>","protected":false},"excerpt":{"rendered":"<p>[vc_row][vc_column width=&#8221;1\/2&#8243;][vc_custom_heading text=&#8221;Dove siamo&#8221; use_theme_fonts=&#8221;yes&#8221;][vc_column_text css=&#8221;&#8221;]Gruppo bambini \u201cKindogruppe\u201d Via Bastioni 7 39031 Brunico Gruppo bambini \u201cKindogruppe\u201d e gruppo giovani \u201ck.i.m.m\u201c Via Prato 6 39038 San Candido Gruppo bambini \u201cKindogruppe\u201d e gruppo giovani \u201cJugend Action\u201c Via Hugo Von Taufers 19 39032 Campo Tures Gruppo bambini \u201cBlanch y fosch\u201d e gruppo giovani &#8220;Jugendgruppe Gadertal&#8221; Via Piccolino 11&hellip;<\/p>\n","protected":false},"author":1,"featured_media":0,"parent":1606,"menu_order":0,"comment_status":"closed","ping_status":"closed","template":"","meta":{"footnotes":""},"class_list":["post-1654","page","type-page","status-publish","hentry","description-off"],"_links":{"self":[{"href":"https:\/\/www.lastrada-derweg.org\/index.php?rest_route=\/wp\/v2\/pages\/1654","targetHints":{"allow":["GET"]}}],"collection":[{"href":"https:\/\/www.lastrada-derweg.org\/index.php?rest_route=\/wp\/v2\/pages"}],"about":[{"href":"https:\/\/www.lastrada-derweg.org\/index.php?rest_route=\/wp\/v2\/types\/page"}],"author":[{"embeddable":true,"href":"https:\/\/www.lastrada-derweg.org\/index.php?rest_route=\/wp\/v2\/users\/1"}],"replies":[{"embeddable":true,"href":"https:\/\/www.lastrada-derweg.org\/index.php?rest_route=%2Fwp%2Fv2%2Fcomments&post=1654"}],"version-history":[{"count":12,"href":"https:\/\/www.lastrada-derweg.org\/index.php?rest_route=\/wp\/v2\/pages\/1654\/revisions"}],"predecessor-version":[{"id":10129,"href":"https:\/\/www.lastrada-derweg.org\/index.php?rest_route=\/wp\/v2\/pages\/1654\/revisions\/10129"}],"up":[{"embeddable":true,"href":"https:\/\/www.lastrada-derweg.org\/index.php?rest_route=\/wp\/v2\/pages\/1606"}],"wp:attachment":[{"href":"https:\/\/www.lastrada-derweg.org\/index.php?rest_route=%2Fwp%2Fv2%2Fmedia&parent=1654"}],"curies":[{"name":"wp","href":"https:\/\/api.w.org\/{rel}","templated":true}]}}

<div class="wpb-content-wrapper"><p>[vc_row][vc_column width=&#8221;1/2&#8243;][vc_custom_heading text=&#8221;Dove siamo&#8221; use_theme_fonts=&#8221;yes&#8221;][vc_column_text css=&#8221;&#8221;]Gruppo bambini “Kindogruppe”<br />
Via Bastioni 7<br />
39031 Brunico</p>
<p>Gruppo bambini “Kindogruppe” e gruppo giovani “k.i.m.m“<br />
Via Prato 6<br />
39038 San Candido</p>
<p>Gruppo bambini “Kindogruppe” e gruppo giovani “Jugend Action“<br />
Via Hugo Von Taufers 19<br />
39032 Campo Tures</p>
<p>Gruppo bambini “Blanch y fosch” e gruppo giovani &#8220;Jugendgruppe Gadertal&#8221;<br />
Via Piccolino 11<br />
39030 San Martino in Badia</p>
<p><a href="mailto:karibu@lastrada-derweg.org">karibu@lastrada-derweg.org</a></p>
<p>Coordinatrice: <strong>Birgit Harrasser</strong> &#8211; 340 1415052[/vc_column_text][/vc_column][vc_column width=&#8221;1/2&#8243;][vc_single_image image=&#8221;2227&#8243; img_size=&#8221;full&#8221;][/vc_column][/vc_row][vc_row][vc_column][vc_custom_heading text=&#8221;Chi siamo&#8221; use_theme_fonts=&#8221;yes&#8221;][vc_column_text css=&#8221;&#8221;]L’equipe è composta da differenti professionalità: psicologa/o, educatore/trici, pedagogiste/i, operatori/trici. Un componente ne è il coordinatore.[/vc_column_text][vc_custom_heading text=&#8221;Cosa facciamo&#8221; use_theme_fonts=&#8221;yes&#8221;][vc_column_text]KARIBU offre sostegno e accompagnamento per bambini e giovani tra i 6 e i 15 anni. Il sostegno avviene attraverso gruppi socio-pedagogici, progetti educativi individuali, accompagnamento e sostegno genitoriale e la collaborazione con altri servizi e strutture.[/vc_column_text][/vc_column][/vc_row][vc_row][vc_column width=&#8221;1/3&#8243;][vc_custom_heading text=&#8221;Per chi&#8221; use_theme_fonts=&#8221;yes&#8221;][vc_column_text]Durante l&#8217;anno scolastico assistiamo 4 gruppi per bambini e 3 gruppi per giovani, composti ognuno da otto ragazzi/e, tutti provenienti dal bacino d&#8217;utenza della comunità comprensoriale della Val Pusteria. Ai gruppi possono partecipare bambini con difficoltà sociali o scolastiche, che vengono segnalati dai servizi sociali, dalle scuole e da altri servizi. In più per KARIBU è importante integrare bambini con leggere disfunzioni e bambini con background migratorio.[/vc_column_text][/vc_column][vc_column width=&#8221;1/3&#8243;][vc_custom_heading text=&#8221;Perché&#8221; use_theme_fonts=&#8221;yes&#8221;][vc_column_text]Attraverso la partecipazione ai gruppi socio-pedagogici i bambini e ragazzi vengono sostenuti nell&#8217;apprendimento e nel rinforzo delle competenze sociali, nel nominare e percepire i propri desideri, nel rinforzare l&#8217;autostima e l&#8217;autonomia, nello svolgimento dei compiti scolastici e nello sviluppo personale, cognitivo ed emozionale.<br />
Per supportare le competenze linguistiche dei bambini e giovani a Brunico, San Candido e Campo Tures si parla tedesco e italiano, mentre a Piccolino si parla ladino, tedesco e italiano.[/vc_column_text][/vc_column][vc_column width=&#8221;1/3&#8243;][vc_custom_heading text=&#8221;Quando&#8221; use_theme_fonts=&#8221;yes&#8221;][vc_column_text]I gruppi per bambini e giovani durante l&#8217;anno scolastico si ritrovano 2 volte a settimana.<br />
Gruppo bambini: 12:30 &#8211; 17:30<br />
Gruppo ragazzi: 13:00 &#8211; 18:00</p>
<p>D&#8217;estate si ritrovano esclusivamente i gruppi per bambini il lunedì, il martedì, il mercoledì e il venerdì dalle ore 8:30 alle 13:30 e il giovedì dalle ore 08.30 alle 15.30.[/vc_column_text][/vc_column][/vc_row]</p>
</div>
