{"id":1710,"date":"2018-08-16T23:51:24","date_gmt":"2018-08-16T21:51:24","guid":{"rendered":"http:\/\/www.lastrada-derweg.org\/?page_id=1710"},"modified":"2024-06-12T13:07:57","modified_gmt":"2024-06-12T11:07:57","slug":"excelsior","status":"publish","type":"page","link":"https:\/\/www.lastrada-derweg.org\/?page_id=1710&lang=de","title":{"rendered":"AT@ &#8211; Alltogether"},"content":{"rendered":"<div class=\"wpb-content-wrapper\"><p>[vc_row][vc_column width=&#8221;1\/2&#8243;][vc_custom_heading text=&#8221;Wo&#8221; use_theme_fonts=&#8221;yes&#8221;][vc_column_text css=&#8221;&#8221;]ALL TOGETHER<br \/>\nRovigostra\u00dfe 92 \u2013 39100 Bozen<\/p>\n<p><a href=\"mailto:alltogether@lastrada-derweg.org\">alltogether@lastrada-derweg.org<\/a><br \/>\nFacebook: <a href=\"https:\/\/www.facebook.com\/alltogetherbz\/\">alltogetherbz<\/a><br \/>\ninstagram: <a href=\"https:\/\/www.instagram.com\/alltogetherbz\/?hl=en\">@alltogetherbz<\/a><\/p>\n<p>Koordinatorin: <strong>Annika Moser<\/strong> &#8211; 3356022184[\/vc_column_text][vc_custom_heading text=&#8221;Wer&#8221; use_theme_fonts=&#8221;yes&#8221;][vc_column_text css=&#8221;&#8221;]Wir sind ein multidisziplin\u00e4res Team.[\/vc_column_text][\/vc_column][vc_column width=&#8221;1\/2&#8243;][vc_single_image image=&#8221;3476&#8243; img_size=&#8221;full&#8221;][\/vc_column][\/vc_row][vc_row][vc_column][vc_custom_heading text=&#8221;Was&#8221; use_theme_fonts=&#8221;yes&#8221;][vc_column_text css=&#8221;&#8221;]Wir haben einen ehemaligen Gewerbebereich sozial saniert und ihn zu einem Ort f\u00fcr geselliges Beisammensein gemacht.<br \/>\nWir besch\u00e4ftigen uns mit Themen wie Elternschaft, Kindheit, Interkulturalit\u00e4t in einem informellen Kontext, der sowohl unstrukturierte Momente als auch Trainings- \/ Informationsmomente und Freizeitaktivit\u00e4ten anbietet.<br \/>\nWir f\u00f6rdern die Sozialisation und den Austausch unter Gleichaltrigen.<br \/>\nWir sind als <em><strong>Baby pit stop unicef<\/strong><\/em> anerkannt.[\/vc_column_text][\/vc_column][\/vc_row][vc_row][vc_column width=&#8221;1\/3&#8243;][vc_custom_heading text=&#8221;F\u00fcr wen&#8221; use_theme_fonts=&#8221;yes&#8221;][vc_column_text]All Together ist ein Dienst f\u00fcr die ganze Familie: Neugeborene, Eltern, Onkel, Tanten, Gro\u00dfeltern, Enkel, Kinder usw.<\/p>\n<p>[\/vc_column_text][\/vc_column][vc_column width=&#8221;1\/3&#8243;][vc_custom_heading text=&#8221;Warum&#8221; use_theme_fonts=&#8221;yes&#8221;][vc_column_text]Das Hauptziel ist, soziales Wohlbefinden zu generieren. Um das Ziel zu erreichen, bieten wir:<br \/>\n\u2022 Unterst\u00fctzung und Pr\u00e4vention f\u00fcr Familien sowie Informationen und Austausch zu famili\u00e4ren und erzieherischen Themen.<br \/>\n\u2022 Wir st\u00e4rken die Beziehung zwischen den Eltern, zwischen Eltern und Kindern und zwischen den Generationen.<br \/>\n\u2022 Wir unterst\u00fctzen Elterninitiativen und Spielgruppen.<br \/>\nUnsere R\u00e4umlichkeiten befinden sich in einer von Familien stark frequentierten Gegend, in der es noch keinen solchen Dienst gab.<br \/>\n[\/vc_column_text][\/vc_column][vc_column width=&#8221;1\/3&#8243;][vc_custom_heading text=&#8221;Wann&#8221; use_theme_fonts=&#8221;yes&#8221;][vc_column_text css=&#8221;&#8221;]Dienstag &#8211; Freitag: 9.00 Uhr &#8211; 13.00 Uhr; 14.30 Uhr &#8211; 17.30 Uhr[\/vc_column_text][\/vc_column][\/vc_row][vc_row][vc_column][vc_column_text]<br \/>\n[\/vc_column_text][\/vc_column][\/vc_row][vc_row css=&#8221;.vc_custom_1613058991392{margin-top: 20px !important;}&#8221;][vc_column][vc_separator][\/vc_column][\/vc_row][vc_row][vc_column][vc_column_text]<\/p>\n<h4 style=\"text-align: center;\">Unterst\u00fctzt von:<\/h4>\n<p>[\/vc_column_text][\/vc_column][\/vc_row][vc_row content_placement=&#8221;middle&#8221;][vc_column width=&#8221;1\/3&#8243;][vc_single_image image=&#8221;7086&#8243; img_size=&#8221;500&#215;100&#8243; alignment=&#8221;center&#8221; style=&#8221;vc_box_rounded&#8221; onclick=&#8221;custom_link&#8221; css_animation=&#8221;fadeInUp&#8221;][\/vc_column][vc_column width=&#8221;1\/3&#8243;][vc_single_image image=&#8221;7087&#8243; img_size=&#8221;100&#215;100&#8243; alignment=&#8221;center&#8221; style=&#8221;vc_box_rounded&#8221; onclick=&#8221;custom_link&#8221; css_animation=&#8221;fadeInUp&#8221; link=&#8221;https:\/\/www.lastrada-derweg.org\/?page_id=3980&#8243;][\/vc_column][vc_column width=&#8221;1\/3&#8243;][vc_column_text]<\/p>\n<h5 style=\"text-align: center;\">Familienagentur<\/h5>\n<p>[\/vc_column_text][\/vc_column][\/vc_row]<\/p>\n<\/div>","protected":false},"excerpt":{"rendered":"<p>[vc_row][vc_column width=&#8221;1\/2&#8243;][vc_custom_heading text=&#8221;Wo&#8221; use_theme_fonts=&#8221;yes&#8221;][vc_column_text css=&#8221;&#8221;]ALL TOGETHER Rovigostra\u00dfe 92 \u2013 39100 Bozen alltogether@lastrada-derweg.org Facebook: alltogetherbz instagram: @alltogetherbz Koordinatorin: Annika Moser &#8211; 3356022184[\/vc_column_text][vc_custom_heading text=&#8221;Wer&#8221; use_theme_fonts=&#8221;yes&#8221;][vc_column_text css=&#8221;&#8221;]Wir sind ein multidisziplin\u00e4res Team.[\/vc_column_text][\/vc_column][vc_column width=&#8221;1\/2&#8243;][vc_single_image image=&#8221;3476&#8243; img_size=&#8221;full&#8221;][\/vc_column][\/vc_row][vc_row][vc_column][vc_custom_heading text=&#8221;Was&#8221; use_theme_fonts=&#8221;yes&#8221;][vc_column_text css=&#8221;&#8221;]Wir haben einen ehemaligen Gewerbebereich sozial saniert und ihn zu einem Ort f\u00fcr geselliges Beisammensein gemacht. Wir besch\u00e4ftigen uns mit Themen wie&hellip;<\/p>\n","protected":false},"author":1,"featured_media":0,"parent":1690,"menu_order":0,"comment_status":"closed","ping_status":"closed","template":"","meta":{"footnotes":""},"class_list":["post-1710","page","type-page","status-publish","hentry","description-off"],"_links":{"self":[{"href":"https:\/\/www.lastrada-derweg.org\/index.php?rest_route=\/wp\/v2\/pages\/1710","targetHints":{"allow":["GET"]}}],"collection":[{"href":"https:\/\/www.lastrada-derweg.org\/index.php?rest_route=\/wp\/v2\/pages"}],"about":[{"href":"https:\/\/www.lastrada-derweg.org\/index.php?rest_route=\/wp\/v2\/types\/page"}],"author":[{"embeddable":true,"href":"https:\/\/www.lastrada-derweg.org\/index.php?rest_route=\/wp\/v2\/users\/1"}],"replies":[{"embeddable":true,"href":"https:\/\/www.lastrada-derweg.org\/index.php?rest_route=%2Fwp%2Fv2%2Fcomments&post=1710"}],"version-history":[{"count":19,"href":"https:\/\/www.lastrada-derweg.org\/index.php?rest_route=\/wp\/v2\/pages\/1710\/revisions"}],"predecessor-version":[{"id":10075,"href":"https:\/\/www.lastrada-derweg.org\/index.php?rest_route=\/wp\/v2\/pages\/1710\/revisions\/10075"}],"up":[{"embeddable":true,"href":"https:\/\/www.lastrada-derweg.org\/index.php?rest_route=\/wp\/v2\/pages\/1690"}],"wp:attachment":[{"href":"https:\/\/www.lastrada-derweg.org\/index.php?rest_route=%2Fwp%2Fv2%2Fmedia&parent=1710"}],"curies":[{"name":"wp","href":"https:\/\/api.w.org\/{rel}","templated":true}]}}

<div class="wpb-content-wrapper"><p>[vc_row][vc_column width=&#8221;1/2&#8243;][vc_custom_heading text=&#8221;Wo&#8221; use_theme_fonts=&#8221;yes&#8221;][vc_column_text css=&#8221;&#8221;]ALL TOGETHER<br />
Rovigostraße 92 – 39100 Bozen</p>
<p><a href="mailto:alltogether@lastrada-derweg.org">alltogether@lastrada-derweg.org</a><br />
Facebook: <a href="https://www.facebook.com/alltogetherbz/">alltogetherbz</a><br />
instagram: <a href="https://www.instagram.com/alltogetherbz/?hl=en">@alltogetherbz</a></p>
<p>Koordinatorin: <strong>Annika Moser</strong> &#8211; 3356022184[/vc_column_text][vc_custom_heading text=&#8221;Wer&#8221; use_theme_fonts=&#8221;yes&#8221;][vc_column_text css=&#8221;&#8221;]Wir sind ein multidisziplinäres Team.[/vc_column_text][/vc_column][vc_column width=&#8221;1/2&#8243;][vc_single_image image=&#8221;3476&#8243; img_size=&#8221;full&#8221;][/vc_column][/vc_row][vc_row][vc_column][vc_custom_heading text=&#8221;Was&#8221; use_theme_fonts=&#8221;yes&#8221;][vc_column_text css=&#8221;&#8221;]Wir haben einen ehemaligen Gewerbebereich sozial saniert und ihn zu einem Ort für geselliges Beisammensein gemacht.<br />
Wir beschäftigen uns mit Themen wie Elternschaft, Kindheit, Interkulturalität in einem informellen Kontext, der sowohl unstrukturierte Momente als auch Trainings- / Informationsmomente und Freizeitaktivitäten anbietet.<br />
Wir fördern die Sozialisation und den Austausch unter Gleichaltrigen.<br />
Wir sind als <em><strong>Baby pit stop unicef</strong></em> anerkannt.[/vc_column_text][/vc_column][/vc_row][vc_row][vc_column width=&#8221;1/3&#8243;][vc_custom_heading text=&#8221;Für wen&#8221; use_theme_fonts=&#8221;yes&#8221;][vc_column_text]All Together ist ein Dienst für die ganze Familie: Neugeborene, Eltern, Onkel, Tanten, Großeltern, Enkel, Kinder usw.</p>
<p>[/vc_column_text][/vc_column][vc_column width=&#8221;1/3&#8243;][vc_custom_heading text=&#8221;Warum&#8221; use_theme_fonts=&#8221;yes&#8221;][vc_column_text]Das Hauptziel ist, soziales Wohlbefinden zu generieren. Um das Ziel zu erreichen, bieten wir:<br />
• Unterstützung und Prävention für Familien sowie Informationen und Austausch zu familiären und erzieherischen Themen.<br />
• Wir stärken die Beziehung zwischen den Eltern, zwischen Eltern und Kindern und zwischen den Generationen.<br />
• Wir unterstützen Elterninitiativen und Spielgruppen.<br />
Unsere Räumlichkeiten befinden sich in einer von Familien stark frequentierten Gegend, in der es noch keinen solchen Dienst gab.<br />
[/vc_column_text][/vc_column][vc_column width=&#8221;1/3&#8243;][vc_custom_heading text=&#8221;Wann&#8221; use_theme_fonts=&#8221;yes&#8221;][vc_column_text css=&#8221;&#8221;]Dienstag &#8211; Freitag: 9.00 Uhr &#8211; 13.00 Uhr; 14.30 Uhr &#8211; 17.30 Uhr[/vc_column_text][/vc_column][/vc_row][vc_row][vc_column][vc_column_text]<br />
[/vc_column_text][/vc_column][/vc_row][vc_row css=&#8221;.vc_custom_1613058991392{margin-top: 20px !important;}&#8221;][vc_column][vc_separator][/vc_column][/vc_row][vc_row][vc_column][vc_column_text]</p>
<h4 style="text-align: center;">Unterstützt von:</h4>
<p>[/vc_column_text][/vc_column][/vc_row][vc_row content_placement=&#8221;middle&#8221;][vc_column width=&#8221;1/3&#8243;][vc_single_image image=&#8221;7086&#8243; img_size=&#8221;500&#215;100&#8243; alignment=&#8221;center&#8221; style=&#8221;vc_box_rounded&#8221; onclick=&#8221;custom_link&#8221; css_animation=&#8221;fadeInUp&#8221;][/vc_column][vc_column width=&#8221;1/3&#8243;][vc_single_image image=&#8221;7087&#8243; img_size=&#8221;100&#215;100&#8243; alignment=&#8221;center&#8221; style=&#8221;vc_box_rounded&#8221; onclick=&#8221;custom_link&#8221; css_animation=&#8221;fadeInUp&#8221; link=&#8221;https://www.lastrada-derweg.org/?page_id=3980&#8243;][/vc_column][vc_column width=&#8221;1/3&#8243;][vc_column_text]</p>
<h5 style="text-align: center;">Familienagentur</h5>
<p>[/vc_column_text][/vc_column][/vc_row]</p>
</div>

<p>[vc_row][vc_column width=&#8221;1/2&#8243;][vc_custom_heading text=&#8221;Wo&#8221; use_theme_fonts=&#8221;yes&#8221;][vc_column_text css=&#8221;&#8221;]ALL TOGETHER Rovigostraße 92 – 39100 Bozen alltogether@lastrada-derweg.org Facebook: alltogetherbz instagram: @alltogetherbz Koordinatorin: Annika Moser &#8211; 3356022184[/vc_column_text][vc_custom_heading text=&#8221;Wer&#8221; use_theme_fonts=&#8221;yes&#8221;][vc_column_text css=&#8221;&#8221;]Wir sind ein multidisziplinäres Team.[/vc_column_text][/vc_column][vc_column width=&#8221;1/2&#8243;][vc_single_image image=&#8221;3476&#8243; img_size=&#8221;full&#8221;][/vc_column][/vc_row][vc_row][vc_column][vc_custom_heading text=&#8221;Was&#8221; use_theme_fonts=&#8221;yes&#8221;][vc_column_text css=&#8221;&#8221;]Wir haben einen ehemaligen Gewerbebereich sozial saniert und ihn zu einem Ort für geselliges Beisammensein gemacht. Wir beschäftigen uns mit Themen wie&hellip;</p>
