{"id":1730,"date":"2018-08-17T15:25:00","date_gmt":"2018-08-17T13:25:00","guid":{"rendered":"http:\/\/www.lastrada-derweg.org\/?page_id=1730"},"modified":"2021-08-17T11:08:36","modified_gmt":"2021-08-17T09:08:36","slug":"europa","status":"publish","type":"page","link":"https:\/\/www.lastrada-derweg.org\/?page_id=1730&lang=de","title":{"rendered":"Mehrzwecksaal &#8220;Europa&#8221;"},"content":{"rendered":"<div class=\"wpb-content-wrapper\"><p>[vc_row][vc_column width=&#8221;1\/2&#8243;][vc_custom_heading text=&#8221;Wer&#8221; use_theme_fonts=&#8221;yes&#8221;][vc_column_text]Ein Team bestehend aus 5 vollj\u00e4hrigen Jugendlichen, deren Aufgabe es ist, alle technischen Aspekte des Mehrzwecksaals bei den diversen Veranstaltungen zu betreuen. Koordiniert wird dieser Service vom Jugendzentrum \u201eVilla delle Rose\u201c.[\/vc_column_text][vc_custom_heading text=&#8221;Wo&#8221; use_theme_fonts=&#8221;yes&#8221;][vc_column_text]<strong>Mehrzwecksaal &#8220;Europa&#8221;<\/strong><br \/>\nNeubruchweg 11 &#8211; 39100 Bozen<br \/>\nTel. 0471 203 111 &#8211; Fax 0471 201 585 &#8211; Mob. 366 62 92 597<br \/>\n<a href=\"mailto:villadellerose@lastrada-derweg.org\">villadellerose@lastrada-derweg.org<\/a>[\/vc_column_text][\/vc_column][vc_column width=&#8221;1\/2&#8243;][vc_single_image image=&#8221;2091&#8243; img_size=&#8221;full&#8221;][\/vc_column][\/vc_row][vc_row][vc_column][vc_custom_heading text=&#8221;Was&#8221; use_theme_fonts=&#8221;yes&#8221;][vc_column_text]Die Vormerkung des Mehrzwecksaals l\u00e4uft \u00fcber das B\u00fcrgerzentrum \u201eEuropa-Neustift\u201d, wo hingegen die anschlie\u00dfende Betreuung vor Ort vom Verein \u201eLa Strada-Der Weg ONLUS\u201c organisiert wird. Der Service inkludiert die \u00d6ffnung und Schlie\u00dfung des Saals und das Regeln der Audio- und Videoanlagen.<\/p>\n<p>B\u00fcrgerzentrum des Stadtviertels \u201eEuropa \u2013 Neustift\u201c, Bozen<br \/>\nDalmatienstra\u00dfe 30\/C<br \/>\nTel. 0471 997 080<br \/>\n<a href=\"mailto:europa@comune.bolzano.it\">europa@comune.bolzano.it<\/a>[\/vc_column_text][\/vc_column][\/vc_row][vc_row][vc_column width=&#8221;1\/3&#8243;][vc_custom_heading text=&#8221;F\u00fcr wen&#8221; use_theme_fonts=&#8221;yes&#8221;][vc_column_text]Die Nutzung des Saals steht allen Typologien von Vereinen offen, wobei die Anfrage \u00fcber das B\u00fcrgerzentrum \u201eEuropa- Neustift\u201c zu stellen ist.<br \/>\nDer Mehrzwecksaal kann f\u00fcr Feste, Versammlungen, Konferenzen usw. gebucht werden. Verf\u00fcgbar sind eine Audioanlage mit drahtlosen und verkabelten Mikrophonen, ein Beamer passender Reichweite und eine gro\u00dfe f\u00fcr die R\u00e4umlichkeit geeignete Leinwand.[\/vc_column_text][\/vc_column][vc_column width=&#8221;1\/3&#8243;][vc_custom_heading text=&#8221;Warum&#8221; use_theme_fonts=&#8221;yes&#8221;][vc_column_text]Das Ziel dieses Projekts ist es, den Jugendlichen \u2013 dessen Berufsweg noch nicht genau definiert ist \u2013 kleinere Arbeitserfahrungen zu erm\u00f6glichen.[\/vc_column_text][\/vc_column][vc_column width=&#8221;1\/3&#8243;][vc_custom_heading text=&#8221;Wann&#8221; use_theme_fonts=&#8221;yes&#8221;][vc_column_text]Ganzj\u00e4hrig auf Anfrage.[\/vc_column_text][\/vc_column][\/vc_row]<\/p>\n<\/div>","protected":false},"excerpt":{"rendered":"<p>[vc_row][vc_column width=&#8221;1\/2&#8243;][vc_custom_heading text=&#8221;Wer&#8221; use_theme_fonts=&#8221;yes&#8221;][vc_column_text]Ein Team bestehend aus 5 vollj\u00e4hrigen Jugendlichen, deren Aufgabe es ist, alle technischen Aspekte des Mehrzwecksaals bei den diversen Veranstaltungen zu betreuen. Koordiniert wird dieser Service vom Jugendzentrum \u201eVilla delle Rose\u201c.[\/vc_column_text][vc_custom_heading text=&#8221;Wo&#8221; use_theme_fonts=&#8221;yes&#8221;][vc_column_text]Mehrzwecksaal &#8220;Europa&#8221; Neubruchweg 11 &#8211; 39100 Bozen Tel. 0471 203 111 &#8211; Fax 0471 201 585 &#8211; Mob. 366 62&hellip;<\/p>\n","protected":false},"author":1,"featured_media":0,"parent":1690,"menu_order":0,"comment_status":"closed","ping_status":"closed","template":"","meta":{"footnotes":""},"class_list":["post-1730","page","type-page","status-publish","hentry","description-off"],"_links":{"self":[{"href":"https:\/\/www.lastrada-derweg.org\/index.php?rest_route=\/wp\/v2\/pages\/1730","targetHints":{"allow":["GET"]}}],"collection":[{"href":"https:\/\/www.lastrada-derweg.org\/index.php?rest_route=\/wp\/v2\/pages"}],"about":[{"href":"https:\/\/www.lastrada-derweg.org\/index.php?rest_route=\/wp\/v2\/types\/page"}],"author":[{"embeddable":true,"href":"https:\/\/www.lastrada-derweg.org\/index.php?rest_route=\/wp\/v2\/users\/1"}],"replies":[{"embeddable":true,"href":"https:\/\/www.lastrada-derweg.org\/index.php?rest_route=%2Fwp%2Fv2%2Fcomments&post=1730"}],"version-history":[{"count":4,"href":"https:\/\/www.lastrada-derweg.org\/index.php?rest_route=\/wp\/v2\/pages\/1730\/revisions"}],"predecessor-version":[{"id":6618,"href":"https:\/\/www.lastrada-derweg.org\/index.php?rest_route=\/wp\/v2\/pages\/1730\/revisions\/6618"}],"up":[{"embeddable":true,"href":"https:\/\/www.lastrada-derweg.org\/index.php?rest_route=\/wp\/v2\/pages\/1690"}],"wp:attachment":[{"href":"https:\/\/www.lastrada-derweg.org\/index.php?rest_route=%2Fwp%2Fv2%2Fmedia&parent=1730"}],"curies":[{"name":"wp","href":"https:\/\/api.w.org\/{rel}","templated":true}]}}

<div class="wpb-content-wrapper"><p>[vc_row][vc_column width=&#8221;1/2&#8243;][vc_custom_heading text=&#8221;Wer&#8221; use_theme_fonts=&#8221;yes&#8221;][vc_column_text]Ein Team bestehend aus 5 volljährigen Jugendlichen, deren Aufgabe es ist, alle technischen Aspekte des Mehrzwecksaals bei den diversen Veranstaltungen zu betreuen. Koordiniert wird dieser Service vom Jugendzentrum „Villa delle Rose“.[/vc_column_text][vc_custom_heading text=&#8221;Wo&#8221; use_theme_fonts=&#8221;yes&#8221;][vc_column_text]<strong>Mehrzwecksaal &#8220;Europa&#8221;</strong><br />
Neubruchweg 11 &#8211; 39100 Bozen<br />
Tel. 0471 203 111 &#8211; Fax 0471 201 585 &#8211; Mob. 366 62 92 597<br />
<a href="mailto:villadellerose@lastrada-derweg.org">villadellerose@lastrada-derweg.org</a>[/vc_column_text][/vc_column][vc_column width=&#8221;1/2&#8243;][vc_single_image image=&#8221;2091&#8243; img_size=&#8221;full&#8221;][/vc_column][/vc_row][vc_row][vc_column][vc_custom_heading text=&#8221;Was&#8221; use_theme_fonts=&#8221;yes&#8221;][vc_column_text]Die Vormerkung des Mehrzwecksaals läuft über das Bürgerzentrum „Europa-Neustift”, wo hingegen die anschließende Betreuung vor Ort vom Verein „La Strada-Der Weg ONLUS“ organisiert wird. Der Service inkludiert die Öffnung und Schließung des Saals und das Regeln der Audio- und Videoanlagen.</p>
<p>Bürgerzentrum des Stadtviertels „Europa – Neustift“, Bozen<br />
Dalmatienstraße 30/C<br />
Tel. 0471 997 080<br />
<a href="mailto:europa@comune.bolzano.it">europa@comune.bolzano.it</a>[/vc_column_text][/vc_column][/vc_row][vc_row][vc_column width=&#8221;1/3&#8243;][vc_custom_heading text=&#8221;Für wen&#8221; use_theme_fonts=&#8221;yes&#8221;][vc_column_text]Die Nutzung des Saals steht allen Typologien von Vereinen offen, wobei die Anfrage über das Bürgerzentrum „Europa- Neustift“ zu stellen ist.<br />
Der Mehrzwecksaal kann für Feste, Versammlungen, Konferenzen usw. gebucht werden. Verfügbar sind eine Audioanlage mit drahtlosen und verkabelten Mikrophonen, ein Beamer passender Reichweite und eine große für die Räumlichkeit geeignete Leinwand.[/vc_column_text][/vc_column][vc_column width=&#8221;1/3&#8243;][vc_custom_heading text=&#8221;Warum&#8221; use_theme_fonts=&#8221;yes&#8221;][vc_column_text]Das Ziel dieses Projekts ist es, den Jugendlichen – dessen Berufsweg noch nicht genau definiert ist – kleinere Arbeitserfahrungen zu ermöglichen.[/vc_column_text][/vc_column][vc_column width=&#8221;1/3&#8243;][vc_custom_heading text=&#8221;Wann&#8221; use_theme_fonts=&#8221;yes&#8221;][vc_column_text]Ganzjährig auf Anfrage.[/vc_column_text][/vc_column][/vc_row]</p>
</div>

<p>[vc_row][vc_column width=&#8221;1/2&#8243;][vc_custom_heading text=&#8221;Wer&#8221; use_theme_fonts=&#8221;yes&#8221;][vc_column_text]Ein Team bestehend aus 5 volljährigen Jugendlichen, deren Aufgabe es ist, alle technischen Aspekte des Mehrzwecksaals bei den diversen Veranstaltungen zu betreuen. Koordiniert wird dieser Service vom Jugendzentrum „Villa delle Rose“.[/vc_column_text][vc_custom_heading text=&#8221;Wo&#8221; use_theme_fonts=&#8221;yes&#8221;][vc_column_text]Mehrzwecksaal &#8220;Europa&#8221; Neubruchweg 11 &#8211; 39100 Bozen Tel. 0471 203 111 &#8211; Fax 0471 201 585 &#8211; Mob. 366 62&hellip;</p>
