{"id":1736,"date":"2018-08-17T15:47:29","date_gmt":"2018-08-17T13:47:29","guid":{"rendered":"http:\/\/www.lastrada-derweg.org\/?page_id=1736"},"modified":"2025-02-05T14:55:06","modified_gmt":"2025-02-05T13:55:06","slug":"accompagnamento-pomeridiano","status":"publish","type":"page","link":"https:\/\/www.lastrada-derweg.org\/?page_id=1736","title":{"rendered":"Accompagnamento pedagogico pomeridiano"},"content":{"rendered":"<div class=\"wpb-content-wrapper\"><p>[vc_row][vc_column width=&#8221;1\/2&#8243;][vc_custom_heading text=&#8221;Chi siamo&#8221; use_theme_fonts=&#8221;yes&#8221;][vc_column_text css=&#8221;&#8221;]L eequipe sono composte da professionisti che operano in centri diversi. Lo scopo \u00e8 aiutare bambini e adolescenti a svolgere i compiti scolastici e organizzare assieme a loro attivit\u00e0 di tempo libero.[\/vc_column_text][vc_custom_heading text=&#8221;Dove siamo&#8221; use_theme_fonts=&#8221;yes&#8221;][vc_column_text css=&#8221;&#8221;]<strong>On air Villa delle Rose<\/strong><br \/>\nVia Passaggio della Memoria Nr. 19<br \/>\n39100 Bolzano<br \/>\nTel. 366 7540404<br \/>\n<a href=\"mailto:villadellerose@lastrada-derweg.org\">villadellerose@lastrada-derweg.org<\/a><\/p>\n<p>&nbsp;<\/p>\n<p><strong>On air Polo Ovest<\/strong><br \/>\nVia Mozart 29<br \/>\n39100 Bolzano<br \/>\nTel. 0471 054312<br \/>\n<a href=\"mailto:poloovest@lastrada-derweg.org\">poloovest@lastrada-derweg.org<\/a><\/p>\n<p>&nbsp;<\/p>\n<p><strong>On air Charlie Brown<\/strong><br \/>\nVia Cagliari 22\/b<br \/>\n39100 Bolzano<br \/>\nTel. 0471 932633 &#8211; 335 6179326<br \/>\n<a href=\"mailto:charliebrown@lastrada-derweg.org\">charliebrown@lastrada-derweg.org<\/a><\/p>\n<p>&nbsp;<\/p>\n<p><strong>On air Europa-Kubi<\/strong><br \/>\nViale Europa 35 e 37<br \/>\n39100 Bolzano<br \/>\nTel. 335 6179326<br \/>\n<a href=\"https:\/\/www.lastrada-derweg.org\/?page_id=1746\">Vai alla pagina di Kubi<\/a><\/p>\n<p>&nbsp;<\/p>\n<p><strong>Qui per te<\/strong><br \/>\nCasa Lanz, via Vogelweide 13<br \/>\n39012 Merano<br \/>\nTel. 366 7537237<br \/>\n<a class=\"ref\" href=\"mailto:quixte@lastrada-derweg.org\">quixte@lastrada-derweg.org<\/a><br \/>\n<a href=\"https:\/\/www.lastrada-derweg.org\/?page_id=1741\">Vai alla pagina di Qui per te<\/a><\/p>\n<p>&nbsp;<\/p>\n<p><strong>On air Sinigo<\/strong><br \/>\nVia Nazionale 58 Sinigo<br \/>\n39012 Merano<br \/>\nTel. 0473 222371<br \/>\n<a href=\"mailto:onairsinigo@lastrada-derweg.org\">onairsinigo@lastrada-derweg.org<\/a><br \/>\n<a href=\"https:\/\/www.lastrada-derweg.org\/?page_id=3980\">Vai alla pagina di On Air Sinigo<\/a><\/p>\n<p>&nbsp;<\/p>\n<p><strong>On air Bressanone <\/strong><br \/>\nViale Mozart 32<br \/>\n39042 Bressanone<br \/>\nTel. 335 5205039<br \/>\n<a href=\"francesca.larentis@lastrada-derweg.org\">francesca.larentis@lastrada-derweg.org<\/a><\/p>\n<p>&nbsp;<\/p>\n<p><strong>On air Brunico<\/strong><br \/>\nVia Maria Teresa Riedl 1b<br \/>\n9031 Brunico (vicino al Parco Diana)<br \/>\nTel. 338 6070933<br \/>\n<a href=\"mailto:onair-brunico@lastrada-derweg.org\">onair-brunico@lastrada-derweg.org<\/a><br \/>\nApertura: luned\u00ec, mercoled\u00ec e venerd\u00ec dalle 14.00 alle 18.00<\/p>\n<p>[\/vc_column_text][\/vc_column][vc_column width=&#8221;1\/2&#8243;][vc_single_image image=&#8221;2102&#8243; img_size=&#8221;full&#8221;][\/vc_column][\/vc_row][vc_row][vc_column][vc_custom_heading text=&#8221;Cosa facciamo&#8221; use_theme_fonts=&#8221;yes&#8221;][vc_column_text]Accompagnamento pedagogico pomeridiano attraverso il sostegno nei compiti scolastici e il divertimento (giochi, musica, sport, uscite, ecc.).[\/vc_column_text][\/vc_column][\/vc_row][vc_row][vc_column width=&#8221;1\/3&#8243;][vc_custom_heading text=&#8221;Per chi&#8221; use_theme_fonts=&#8221;yes&#8221;][vc_column_text]Per bambini e adolescenti dagli 6 ai 14 anni.[\/vc_column_text][\/vc_column][vc_column width=&#8221;1\/3&#8243;][vc_custom_heading text=&#8221;Perch\u00e9&#8221; use_theme_fonts=&#8221;yes&#8221;][vc_column_text]L&#8217;accompagnamento pomeridiano offre ai bambini e agli adolescenti la possibilit\u00e0 di fare i compiti insieme ai coetanei e con l&#8217;aiuto degli\/delle educatori\/trici. Nell&#8217;area dello svago possono scoprire e valorizzare le loro abilit\u00e0 sia giocando che per mezzo di attivit\u00e0 varie. Si vuole inoltre aiutare a gestire il proprio tempo con l\u2019adeguato equilibrio tra impegno e divertimento e favorire l&#8217;integrazione in gruppi di coetanei.[\/vc_column_text][\/vc_column][vc_column width=&#8221;1\/3&#8243;][vc_custom_heading text=&#8221;Quando&#8221; use_theme_fonts=&#8221;yes&#8221;][vc_column_text]Orari di apertura:<\/p>\n<p>Dal luned\u00ec al venerd\u00ec dalle 14.00 alle ore 18.00[\/vc_column_text][\/vc_column][\/vc_row][vc_row css=&#8221;.vc_custom_1613058991392{margin-top: 20px !important;}&#8221;][vc_column][vc_separator][\/vc_column][\/vc_row][vc_row][vc_column][vc_column_text]<\/p>\n<h4 style=\"text-align: center;\">Con il sostegno di:<\/h4>\n<p>[\/vc_column_text][\/vc_column][\/vc_row][vc_row content_placement=&#8221;middle&#8221;][vc_column width=&#8221;1\/3&#8243;][vc_single_image image=&#8221;5709&#8243; img_size=&#8221;500&#215;100&#8243; alignment=&#8221;center&#8221; style=&#8221;vc_box_rounded&#8221; onclick=&#8221;custom_link&#8221; css_animation=&#8221;fadeInUp&#8221;][\/vc_column][vc_column width=&#8221;1\/3&#8243;][vc_single_image image=&#8221;5659&#8243; img_size=&#8221;100&#215;100&#8243; alignment=&#8221;center&#8221; style=&#8221;vc_box_rounded&#8221; onclick=&#8221;custom_link&#8221; css_animation=&#8221;fadeInUp&#8221; link=&#8221;https:\/\/www.lastrada-derweg.org\/?page_id=3980&#8243;][\/vc_column][vc_column width=&#8221;1\/3&#8243;][vc_column_text]<\/p>\n<h5 style=\"text-align: center;\">Agenzia per la Famiglia<\/h5>\n<p>[\/vc_column_text][\/vc_column][\/vc_row]<\/p>\n<\/div>","protected":false},"excerpt":{"rendered":"<p>[vc_row][vc_column width=&#8221;1\/2&#8243;][vc_custom_heading text=&#8221;Chi siamo&#8221; use_theme_fonts=&#8221;yes&#8221;][vc_column_text css=&#8221;&#8221;]L eequipe sono composte da professionisti che operano in centri diversi. Lo scopo \u00e8 aiutare bambini e adolescenti a svolgere i compiti scolastici e organizzare assieme a loro attivit\u00e0 di tempo libero.[\/vc_column_text][vc_custom_heading text=&#8221;Dove siamo&#8221; use_theme_fonts=&#8221;yes&#8221;][vc_column_text css=&#8221;&#8221;]On air Villa delle Rose Via Passaggio della Memoria Nr. 19 39100 Bolzano Tel. 366&hellip;<\/p>\n","protected":false},"author":1,"featured_media":0,"parent":1688,"menu_order":0,"comment_status":"closed","ping_status":"closed","template":"","meta":{"footnotes":""},"class_list":["post-1736","page","type-page","status-publish","hentry","description-off"],"_links":{"self":[{"href":"https:\/\/www.lastrada-derweg.org\/index.php?rest_route=\/wp\/v2\/pages\/1736","targetHints":{"allow":["GET"]}}],"collection":[{"href":"https:\/\/www.lastrada-derweg.org\/index.php?rest_route=\/wp\/v2\/pages"}],"about":[{"href":"https:\/\/www.lastrada-derweg.org\/index.php?rest_route=\/wp\/v2\/types\/page"}],"author":[{"embeddable":true,"href":"https:\/\/www.lastrada-derweg.org\/index.php?rest_route=\/wp\/v2\/users\/1"}],"replies":[{"embeddable":true,"href":"https:\/\/www.lastrada-derweg.org\/index.php?rest_route=%2Fwp%2Fv2%2Fcomments&post=1736"}],"version-history":[{"count":30,"href":"https:\/\/www.lastrada-derweg.org\/index.php?rest_route=\/wp\/v2\/pages\/1736\/revisions"}],"predecessor-version":[{"id":11675,"href":"https:\/\/www.lastrada-derweg.org\/index.php?rest_route=\/wp\/v2\/pages\/1736\/revisions\/11675"}],"up":[{"embeddable":true,"href":"https:\/\/www.lastrada-derweg.org\/index.php?rest_route=\/wp\/v2\/pages\/1688"}],"wp:attachment":[{"href":"https:\/\/www.lastrada-derweg.org\/index.php?rest_route=%2Fwp%2Fv2%2Fmedia&parent=1736"}],"curies":[{"name":"wp","href":"https:\/\/api.w.org\/{rel}","templated":true}]}}

<div class="wpb-content-wrapper"><p>[vc_row][vc_column width=&#8221;1/2&#8243;][vc_custom_heading text=&#8221;Chi siamo&#8221; use_theme_fonts=&#8221;yes&#8221;][vc_column_text css=&#8221;&#8221;]L eequipe sono composte da professionisti che operano in centri diversi. Lo scopo è aiutare bambini e adolescenti a svolgere i compiti scolastici e organizzare assieme a loro attività di tempo libero.[/vc_column_text][vc_custom_heading text=&#8221;Dove siamo&#8221; use_theme_fonts=&#8221;yes&#8221;][vc_column_text css=&#8221;&#8221;]<strong>On air Villa delle Rose</strong><br />
Via Passaggio della Memoria Nr. 19<br />
39100 Bolzano<br />
Tel. 366 7540404<br />
<a href="mailto:villadellerose@lastrada-derweg.org">villadellerose@lastrada-derweg.org</a></p>
<p>&nbsp;</p>
<p><strong>On air Polo Ovest</strong><br />
Via Mozart 29<br />
39100 Bolzano<br />
Tel. 0471 054312<br />
<a href="mailto:poloovest@lastrada-derweg.org">poloovest@lastrada-derweg.org</a></p>
<p>&nbsp;</p>
<p><strong>On air Charlie Brown</strong><br />
Via Cagliari 22/b<br />
39100 Bolzano<br />
Tel. 0471 932633 &#8211; 335 6179326<br />
<a href="mailto:charliebrown@lastrada-derweg.org">charliebrown@lastrada-derweg.org</a></p>
<p>&nbsp;</p>
<p><strong>On air Europa-Kubi</strong><br />
Viale Europa 35 e 37<br />
39100 Bolzano<br />
Tel. 335 6179326<br />
<a href="https://www.lastrada-derweg.org/?page_id=1746">Vai alla pagina di Kubi</a></p>
<p>&nbsp;</p>
<p><strong>Qui per te</strong><br />
Casa Lanz, via Vogelweide 13<br />
39012 Merano<br />
Tel. 366 7537237<br />
<a class="ref" href="mailto:quixte@lastrada-derweg.org">quixte@lastrada-derweg.org</a><br />
<a href="https://www.lastrada-derweg.org/?page_id=1741">Vai alla pagina di Qui per te</a></p>
<p>&nbsp;</p>
<p><strong>On air Sinigo</strong><br />
Via Nazionale 58 Sinigo<br />
39012 Merano<br />
Tel. 0473 222371<br />
<a href="mailto:onairsinigo@lastrada-derweg.org">onairsinigo@lastrada-derweg.org</a><br />
<a href="https://www.lastrada-derweg.org/?page_id=3980">Vai alla pagina di On Air Sinigo</a></p>
<p>&nbsp;</p>
<p><strong>On air Bressanone </strong><br />
Viale Mozart 32<br />
39042 Bressanone<br />
Tel. 335 5205039<br />
<a href="francesca.larentis@lastrada-derweg.org">francesca.larentis@lastrada-derweg.org</a></p>
<p>&nbsp;</p>
<p><strong>On air Brunico</strong><br />
Via Maria Teresa Riedl 1b<br />
9031 Brunico (vicino al Parco Diana)<br />
Tel. 338 6070933<br />
<a href="mailto:onair-brunico@lastrada-derweg.org">onair-brunico@lastrada-derweg.org</a><br />
Apertura: lunedì, mercoledì e venerdì dalle 14.00 alle 18.00</p>
<p>[/vc_column_text][/vc_column][vc_column width=&#8221;1/2&#8243;][vc_single_image image=&#8221;2102&#8243; img_size=&#8221;full&#8221;][/vc_column][/vc_row][vc_row][vc_column][vc_custom_heading text=&#8221;Cosa facciamo&#8221; use_theme_fonts=&#8221;yes&#8221;][vc_column_text]Accompagnamento pedagogico pomeridiano attraverso il sostegno nei compiti scolastici e il divertimento (giochi, musica, sport, uscite, ecc.).[/vc_column_text][/vc_column][/vc_row][vc_row][vc_column width=&#8221;1/3&#8243;][vc_custom_heading text=&#8221;Per chi&#8221; use_theme_fonts=&#8221;yes&#8221;][vc_column_text]Per bambini e adolescenti dagli 6 ai 14 anni.[/vc_column_text][/vc_column][vc_column width=&#8221;1/3&#8243;][vc_custom_heading text=&#8221;Perché&#8221; use_theme_fonts=&#8221;yes&#8221;][vc_column_text]L&#8217;accompagnamento pomeridiano offre ai bambini e agli adolescenti la possibilità di fare i compiti insieme ai coetanei e con l&#8217;aiuto degli/delle educatori/trici. Nell&#8217;area dello svago possono scoprire e valorizzare le loro abilità sia giocando che per mezzo di attività varie. Si vuole inoltre aiutare a gestire il proprio tempo con l’adeguato equilibrio tra impegno e divertimento e favorire l&#8217;integrazione in gruppi di coetanei.[/vc_column_text][/vc_column][vc_column width=&#8221;1/3&#8243;][vc_custom_heading text=&#8221;Quando&#8221; use_theme_fonts=&#8221;yes&#8221;][vc_column_text]Orari di apertura:</p>
<p>Dal lunedì al venerdì dalle 14.00 alle ore 18.00[/vc_column_text][/vc_column][/vc_row][vc_row css=&#8221;.vc_custom_1613058991392{margin-top: 20px !important;}&#8221;][vc_column][vc_separator][/vc_column][/vc_row][vc_row][vc_column][vc_column_text]</p>
<h4 style="text-align: center;">Con il sostegno di:</h4>
<p>[/vc_column_text][/vc_column][/vc_row][vc_row content_placement=&#8221;middle&#8221;][vc_column width=&#8221;1/3&#8243;][vc_single_image image=&#8221;5709&#8243; img_size=&#8221;500&#215;100&#8243; alignment=&#8221;center&#8221; style=&#8221;vc_box_rounded&#8221; onclick=&#8221;custom_link&#8221; css_animation=&#8221;fadeInUp&#8221;][/vc_column][vc_column width=&#8221;1/3&#8243;][vc_single_image image=&#8221;5659&#8243; img_size=&#8221;100&#215;100&#8243; alignment=&#8221;center&#8221; style=&#8221;vc_box_rounded&#8221; onclick=&#8221;custom_link&#8221; css_animation=&#8221;fadeInUp&#8221; link=&#8221;https://www.lastrada-derweg.org/?page_id=3980&#8243;][/vc_column][vc_column width=&#8221;1/3&#8243;][vc_column_text]</p>
<h5 style="text-align: center;">Agenzia per la Famiglia</h5>
<p>[/vc_column_text][/vc_column][/vc_row]</p>
</div>

<p>[vc_row][vc_column width=&#8221;1/2&#8243;][vc_custom_heading text=&#8221;Chi siamo&#8221; use_theme_fonts=&#8221;yes&#8221;][vc_column_text css=&#8221;&#8221;]L eequipe sono composte da professionisti che operano in centri diversi. Lo scopo è aiutare bambini e adolescenti a svolgere i compiti scolastici e organizzare assieme a loro attività di tempo libero.[/vc_column_text][vc_custom_heading text=&#8221;Dove siamo&#8221; use_theme_fonts=&#8221;yes&#8221;][vc_column_text css=&#8221;&#8221;]On air Villa delle Rose Via Passaggio della Memoria Nr. 19 39100 Bolzano Tel. 366&hellip;</p>
