{"id":1743,"date":"2018-08-17T16:16:17","date_gmt":"2018-08-17T14:16:17","guid":{"rendered":"http:\/\/www.lastrada-derweg.org\/?page_id=1743"},"modified":"2024-07-29T17:32:20","modified_gmt":"2024-07-29T15:32:20","slug":"hier-fur-dich","status":"publish","type":"page","link":"https:\/\/www.lastrada-derweg.org\/?page_id=1743&lang=de","title":{"rendered":"Hier f\u00fcr dich"},"content":{"rendered":"<div class=\"wpb-content-wrapper\"><p>[vc_row][vc_column width=&#8221;1\/2&#8243;][vc_custom_heading text=&#8221;Wo&#8221; use_theme_fonts=&#8221;yes&#8221;][vc_column_text css=&#8221;&#8221;]Verein \u201cLa Strada \u2013 Der Weg\u201d<br \/>\n&#8220;Haus Hans Lanz&#8221;, Vogelweidestr. 13<br \/>\n39012 Meran<br \/>\nTel.: 334 6551586<\/p>\n<p>e-mail: <a href=\"mailto:hierfuerdich@lastrada-derweg.org\">hierfuerdich@lastrada-derweg.org<\/a><\/p>\n<p>Koordinatorin: <strong>Ilse Dia<\/strong> &#8211; 366 7537237[\/vc_column_text][vc_custom_heading text=&#8221;Wer&#8221; use_theme_fonts=&#8221;yes&#8221;][vc_column_text]Das Team besteht aus Erzieher*innen und Freiwilligen, die Kindern und Jugendlichen helfen, Schulaufgaben zu erledigen und gemeinsam mit ihnen Aktivit\u00e4ten in den Bereichen Kultur, Freizeit und Sport sowie Workshops zu organisieren.[\/vc_column_text][\/vc_column][vc_column width=&#8221;1\/2&#8243;][vc_single_image image=&#8221;2105&#8243; img_size=&#8221;full&#8221;][\/vc_column][\/vc_row][vc_row][vc_column][vc_custom_heading text=&#8221;Was&#8221; use_theme_fonts=&#8221;yes&#8221;][vc_column_text]P\u00e4dagogische Nachmittagsbetreuung durch Unterst\u00fctzung bei Schulaufgaben und Freizeitgestaltung (Spiele, Musik, Sport, Ausfl\u00fcge usw&#8230;).[\/vc_column_text][\/vc_column][\/vc_row][vc_row][vc_column width=&#8221;1\/3&#8243;][vc_custom_heading text=&#8221;F\u00fcr wen&#8221; use_theme_fonts=&#8221;yes&#8221;][vc_column_text]F\u00fcr Kinder und Jugendliche von 6 bis 14 Jahren.[\/vc_column_text][\/vc_column][vc_column width=&#8221;1\/3&#8243;][vc_custom_heading text=&#8221;Warum&#8221; use_theme_fonts=&#8221;yes&#8221;][vc_column_text]&#8221;Hier f\u00fcr Dich&#8221; bietet Kindern und Jugendlichen die M\u00f6glichkeit, ihre Hausaufgaben gemeinsam mit Gleichaltrigen und mit Hilfe von Erzieher*innen zu machen. Um ein Unterst\u00fctzungsnetzwerk f\u00fcr die Kinder und Jugendlichen zu gew\u00e4hrleisten, arbeitet das Team eng mit den jeweiligen Grund- und Mittelschulen, sowie anderen Einrichtungen, die Bildungsaktivit\u00e4ten f\u00fcr Kinder und Jugendliche anbieten, zusammen. In den Momenten der Freizeitgestaltung k\u00f6nnen sie ihre F\u00e4higkeiten entdecken und verbessern, indem sie verschiedene Aktivit\u00e4ten durchf\u00fchren: kreative Workshops, Spiele im Freien, Freizeitausfl\u00fcge. Das Bildungsprojekt soll auch Kindern und Jugendlichen helfen, ihre Zeit mit dem richtigen Gleichgewicht zwischen Engagement und Spa\u00df zu verwalten.[\/vc_column_text][\/vc_column][vc_column width=&#8221;1\/3&#8243;][vc_custom_heading text=&#8221;Wann&#8221; use_theme_fonts=&#8221;yes&#8221;][vc_column_text]Montag bis Freitag von 14.00 bis 18.00 Uhr.[\/vc_column_text][\/vc_column][\/vc_row][vc_row][vc_column][vc_column_text]<br \/>\n[\/vc_column_text][\/vc_column][\/vc_row][vc_row css=&#8221;.vc_custom_1613058991392{margin-top: 20px !important;}&#8221;][vc_column][vc_separator][\/vc_column][\/vc_row][vc_row][vc_column][vc_column_text]<\/p>\n<h4 style=\"text-align: center;\">Unterst\u00fctzt von:<\/h4>\n<p>[\/vc_column_text][\/vc_column][\/vc_row][vc_row content_placement=&#8221;middle&#8221;][vc_column width=&#8221;1\/3&#8243;][vc_single_image image=&#8221;5709&#8243; img_size=&#8221;500&#215;100&#8243; alignment=&#8221;center&#8221; style=&#8221;vc_box_rounded&#8221; onclick=&#8221;custom_link&#8221; css_animation=&#8221;fadeInUp&#8221;][\/vc_column][vc_column width=&#8221;1\/3&#8243;][vc_single_image image=&#8221;5659&#8243; img_size=&#8221;100&#215;100&#8243; alignment=&#8221;center&#8221; style=&#8221;vc_box_rounded&#8221; onclick=&#8221;custom_link&#8221; css_animation=&#8221;fadeInUp&#8221; link=&#8221;https:\/\/www.lastrada-derweg.org\/?page_id=3980&#8243;][\/vc_column][vc_column width=&#8221;1\/3&#8243;][vc_column_text]<\/p>\n<h5 style=\"text-align: center;\">Familienagentur<\/h5>\n<p>[\/vc_column_text][\/vc_column][\/vc_row]<\/p>\n<\/div>","protected":false},"excerpt":{"rendered":"<p>[vc_row][vc_column width=&#8221;1\/2&#8243;][vc_custom_heading text=&#8221;Wo&#8221; use_theme_fonts=&#8221;yes&#8221;][vc_column_text css=&#8221;&#8221;]Verein \u201cLa Strada \u2013 Der Weg\u201d &#8220;Haus Hans Lanz&#8221;, Vogelweidestr. 13 39012 Meran Tel.: 334 6551586 e-mail: hierfuerdich@lastrada-derweg.org Koordinatorin: Ilse Dia &#8211; 366 7537237[\/vc_column_text][vc_custom_heading text=&#8221;Wer&#8221; use_theme_fonts=&#8221;yes&#8221;][vc_column_text]Das Team besteht aus Erzieher*innen und Freiwilligen, die Kindern und Jugendlichen helfen, Schulaufgaben zu erledigen und gemeinsam mit ihnen Aktivit\u00e4ten in den Bereichen Kultur, Freizeit und&hellip;<\/p>\n","protected":false},"author":1,"featured_media":0,"parent":1690,"menu_order":0,"comment_status":"closed","ping_status":"closed","template":"","meta":{"footnotes":""},"class_list":["post-1743","page","type-page","status-publish","hentry","description-off"],"_links":{"self":[{"href":"https:\/\/www.lastrada-derweg.org\/index.php?rest_route=\/wp\/v2\/pages\/1743","targetHints":{"allow":["GET"]}}],"collection":[{"href":"https:\/\/www.lastrada-derweg.org\/index.php?rest_route=\/wp\/v2\/pages"}],"about":[{"href":"https:\/\/www.lastrada-derweg.org\/index.php?rest_route=\/wp\/v2\/types\/page"}],"author":[{"embeddable":true,"href":"https:\/\/www.lastrada-derweg.org\/index.php?rest_route=\/wp\/v2\/users\/1"}],"replies":[{"embeddable":true,"href":"https:\/\/www.lastrada-derweg.org\/index.php?rest_route=%2Fwp%2Fv2%2Fcomments&post=1743"}],"version-history":[{"count":6,"href":"https:\/\/www.lastrada-derweg.org\/index.php?rest_route=\/wp\/v2\/pages\/1743\/revisions"}],"predecessor-version":[{"id":10666,"href":"https:\/\/www.lastrada-derweg.org\/index.php?rest_route=\/wp\/v2\/pages\/1743\/revisions\/10666"}],"up":[{"embeddable":true,"href":"https:\/\/www.lastrada-derweg.org\/index.php?rest_route=\/wp\/v2\/pages\/1690"}],"wp:attachment":[{"href":"https:\/\/www.lastrada-derweg.org\/index.php?rest_route=%2Fwp%2Fv2%2Fmedia&parent=1743"}],"curies":[{"name":"wp","href":"https:\/\/api.w.org\/{rel}","templated":true}]}}

Hier für dich

<div class="wpb-content-wrapper"><p>[vc_row][vc_column width=&#8221;1/2&#8243;][vc_custom_heading text=&#8221;Wo&#8221; use_theme_fonts=&#8221;yes&#8221;][vc_column_text css=&#8221;&#8221;]Verein “La Strada – Der Weg”<br />
&#8220;Haus Hans Lanz&#8221;, Vogelweidestr. 13<br />
39012 Meran<br />
Tel.: 334 6551586</p>
<p>e-mail: <a href="mailto:hierfuerdich@lastrada-derweg.org">hierfuerdich@lastrada-derweg.org</a></p>
<p>Koordinatorin: <strong>Ilse Dia</strong> &#8211; 366 7537237[/vc_column_text][vc_custom_heading text=&#8221;Wer&#8221; use_theme_fonts=&#8221;yes&#8221;][vc_column_text]Das Team besteht aus Erzieher*innen und Freiwilligen, die Kindern und Jugendlichen helfen, Schulaufgaben zu erledigen und gemeinsam mit ihnen Aktivitäten in den Bereichen Kultur, Freizeit und Sport sowie Workshops zu organisieren.[/vc_column_text][/vc_column][vc_column width=&#8221;1/2&#8243;][vc_single_image image=&#8221;2105&#8243; img_size=&#8221;full&#8221;][/vc_column][/vc_row][vc_row][vc_column][vc_custom_heading text=&#8221;Was&#8221; use_theme_fonts=&#8221;yes&#8221;][vc_column_text]Pädagogische Nachmittagsbetreuung durch Unterstützung bei Schulaufgaben und Freizeitgestaltung (Spiele, Musik, Sport, Ausflüge usw&#8230;).[/vc_column_text][/vc_column][/vc_row][vc_row][vc_column width=&#8221;1/3&#8243;][vc_custom_heading text=&#8221;Für wen&#8221; use_theme_fonts=&#8221;yes&#8221;][vc_column_text]Für Kinder und Jugendliche von 6 bis 14 Jahren.[/vc_column_text][/vc_column][vc_column width=&#8221;1/3&#8243;][vc_custom_heading text=&#8221;Warum&#8221; use_theme_fonts=&#8221;yes&#8221;][vc_column_text]&#8221;Hier für Dich&#8221; bietet Kindern und Jugendlichen die Möglichkeit, ihre Hausaufgaben gemeinsam mit Gleichaltrigen und mit Hilfe von Erzieher*innen zu machen. Um ein Unterstützungsnetzwerk für die Kinder und Jugendlichen zu gewährleisten, arbeitet das Team eng mit den jeweiligen Grund- und Mittelschulen, sowie anderen Einrichtungen, die Bildungsaktivitäten für Kinder und Jugendliche anbieten, zusammen. In den Momenten der Freizeitgestaltung können sie ihre Fähigkeiten entdecken und verbessern, indem sie verschiedene Aktivitäten durchführen: kreative Workshops, Spiele im Freien, Freizeitausflüge. Das Bildungsprojekt soll auch Kindern und Jugendlichen helfen, ihre Zeit mit dem richtigen Gleichgewicht zwischen Engagement und Spaß zu verwalten.[/vc_column_text][/vc_column][vc_column width=&#8221;1/3&#8243;][vc_custom_heading text=&#8221;Wann&#8221; use_theme_fonts=&#8221;yes&#8221;][vc_column_text]Montag bis Freitag von 14.00 bis 18.00 Uhr.[/vc_column_text][/vc_column][/vc_row][vc_row][vc_column][vc_column_text]<br />
[/vc_column_text][/vc_column][/vc_row][vc_row css=&#8221;.vc_custom_1613058991392{margin-top: 20px !important;}&#8221;][vc_column][vc_separator][/vc_column][/vc_row][vc_row][vc_column][vc_column_text]</p>
<h4 style="text-align: center;">Unterstützt von:</h4>
<p>[/vc_column_text][/vc_column][/vc_row][vc_row content_placement=&#8221;middle&#8221;][vc_column width=&#8221;1/3&#8243;][vc_single_image image=&#8221;5709&#8243; img_size=&#8221;500&#215;100&#8243; alignment=&#8221;center&#8221; style=&#8221;vc_box_rounded&#8221; onclick=&#8221;custom_link&#8221; css_animation=&#8221;fadeInUp&#8221;][/vc_column][vc_column width=&#8221;1/3&#8243;][vc_single_image image=&#8221;5659&#8243; img_size=&#8221;100&#215;100&#8243; alignment=&#8221;center&#8221; style=&#8221;vc_box_rounded&#8221; onclick=&#8221;custom_link&#8221; css_animation=&#8221;fadeInUp&#8221; link=&#8221;https://www.lastrada-derweg.org/?page_id=3980&#8243;][/vc_column][vc_column width=&#8221;1/3&#8243;][vc_column_text]</p>
<h5 style="text-align: center;">Familienagentur</h5>
<p>[/vc_column_text][/vc_column][/vc_row]</p>
</div>

<p>[vc_row][vc_column width=&#8221;1/2&#8243;][vc_custom_heading text=&#8221;Wo&#8221; use_theme_fonts=&#8221;yes&#8221;][vc_column_text css=&#8221;&#8221;]Verein “La Strada – Der Weg” &#8220;Haus Hans Lanz&#8221;, Vogelweidestr. 13 39012 Meran Tel.: 334 6551586 e-mail: hierfuerdich@lastrada-derweg.org Koordinatorin: Ilse Dia &#8211; 366 7537237[/vc_column_text][vc_custom_heading text=&#8221;Wer&#8221; use_theme_fonts=&#8221;yes&#8221;][vc_column_text]Das Team besteht aus Erzieher*innen und Freiwilligen, die Kindern und Jugendlichen helfen, Schulaufgaben zu erledigen und gemeinsam mit ihnen Aktivitäten in den Bereichen Kultur, Freizeit und&hellip;</p>
