{"id":1746,"date":"2018-08-17T16:22:58","date_gmt":"2018-08-17T14:22:58","guid":{"rendered":"http:\/\/www.lastrada-derweg.org\/?page_id=1746"},"modified":"2025-02-11T11:25:11","modified_gmt":"2025-02-11T10:25:11","slug":"kubi","status":"publish","type":"page","link":"https:\/\/www.lastrada-derweg.org\/?page_id=1746","title":{"rendered":"KuBi-Europa"},"content":{"rendered":"<div class=\"wpb-content-wrapper\"><p>[vc_row][vc_column width=&#8221;1\/2&#8243;][vc_custom_heading text=&#8221;Dove siamo&#8221; use_theme_fonts=&#8221;yes&#8221;][vc_column_text css=&#8221;&#8221;]Associazione \u201cLa Strada \u2013 Der Weg\u201d<br \/>\nViale Europa 35\/e<br \/>\n39100 Bolzano<\/p>\n<p>Coordinatrice: <strong>Selene Colombi<\/strong> &#8211; 335 6179326<\/p>\n<p>[\/vc_column_text][vc_custom_heading text=&#8221;Chi siamo&#8221; use_theme_fonts=&#8221;yes&#8221;][vc_column_text css=&#8221;&#8221;]Il team \u00e8 composto da educatrici ed educatori. L&#8217;attivit\u00e0 principale \u00e8 l&#8217;aiuto scolastico, alternato con attivit\u00e0 di tempo libero in lingua tedesca.[\/vc_column_text][\/vc_column][vc_column width=&#8221;1\/2&#8243;][vc_single_image image=&#8221;2112&#8243; img_size=&#8221;full&#8221;][\/vc_column][\/vc_row][vc_row][vc_column][vc_custom_heading text=&#8221;Cosa facciamo&#8221; use_theme_fonts=&#8221;yes&#8221;][vc_column_text]Sostegno scolastico e apprendimento del tedesco tramite attivit\u00e0 ludiche. Progetti creativi: workshops di pittura, di fumetto e di lavorazione dell&#8217;argilla. Giochi di gruppo e di movimento.[\/vc_column_text][\/vc_column][\/vc_row][vc_row][vc_column width=&#8221;1\/3&#8243;][vc_custom_heading text=&#8221;Per chi&#8221; use_theme_fonts=&#8221;yes&#8221;][vc_column_text]Per bambini e adolescenti dai 6 ai 14 anni, che frequentano scuole in lingua tedesca.[\/vc_column_text][\/vc_column][vc_column width=&#8221;1\/3&#8243;][vc_custom_heading text=&#8221;Perch\u00e9&#8221; use_theme_fonts=&#8221;yes&#8221;][vc_column_text]L&#8217;accompagnamento pomeridiano &#8220;KUnterBunte Insel&#8221; offre a bambini e giovani la possibilit\u00e0 di gestire i compiti e di migliorare il loro tedesco scritto e parlato: il tutto in interazione con i loro coetanei e con l&#8217;aiuto degli educatori. Attraverso le numerose attivit\u00e0 creative, possono svilupparsi in modo giocoso, fare amicizia e trascorrere un pomeriggio &#8220;variopinto&#8221; (kunterbunt).[\/vc_column_text][\/vc_column][vc_column width=&#8221;1\/3&#8243;][vc_custom_heading text=&#8221;Quando&#8221; use_theme_fonts=&#8221;yes&#8221;][vc_column_text]Dal luned\u00ec al venerd\u00ec: dalle ore 14.00 alle ore 18.00.[\/vc_column_text][\/vc_column][\/vc_row]<\/p>\n<\/div>","protected":false},"excerpt":{"rendered":"<p>[vc_row][vc_column width=&#8221;1\/2&#8243;][vc_custom_heading text=&#8221;Dove siamo&#8221; use_theme_fonts=&#8221;yes&#8221;][vc_column_text css=&#8221;&#8221;]Associazione \u201cLa Strada \u2013 Der Weg\u201d Viale Europa 35\/e 39100 Bolzano Coordinatrice: Selene Colombi &#8211; 335 6179326 [\/vc_column_text][vc_custom_heading text=&#8221;Chi siamo&#8221; use_theme_fonts=&#8221;yes&#8221;][vc_column_text css=&#8221;&#8221;]Il team \u00e8 composto da educatrici ed educatori. L&#8217;attivit\u00e0 principale \u00e8 l&#8217;aiuto scolastico, alternato con attivit\u00e0 di tempo libero in lingua tedesca.[\/vc_column_text][\/vc_column][vc_column width=&#8221;1\/2&#8243;][vc_single_image image=&#8221;2112&#8243; img_size=&#8221;full&#8221;][\/vc_column][\/vc_row][vc_row][vc_column][vc_custom_heading text=&#8221;Cosa facciamo&#8221; use_theme_fonts=&#8221;yes&#8221;][vc_column_text]Sostegno scolastico&hellip;<\/p>\n","protected":false},"author":1,"featured_media":0,"parent":1688,"menu_order":0,"comment_status":"closed","ping_status":"closed","template":"","meta":{"footnotes":""},"class_list":["post-1746","page","type-page","status-publish","hentry","description-off"],"_links":{"self":[{"href":"https:\/\/www.lastrada-derweg.org\/index.php?rest_route=\/wp\/v2\/pages\/1746","targetHints":{"allow":["GET"]}}],"collection":[{"href":"https:\/\/www.lastrada-derweg.org\/index.php?rest_route=\/wp\/v2\/pages"}],"about":[{"href":"https:\/\/www.lastrada-derweg.org\/index.php?rest_route=\/wp\/v2\/types\/page"}],"author":[{"embeddable":true,"href":"https:\/\/www.lastrada-derweg.org\/index.php?rest_route=\/wp\/v2\/users\/1"}],"replies":[{"embeddable":true,"href":"https:\/\/www.lastrada-derweg.org\/index.php?rest_route=%2Fwp%2Fv2%2Fcomments&post=1746"}],"version-history":[{"count":8,"href":"https:\/\/www.lastrada-derweg.org\/index.php?rest_route=\/wp\/v2\/pages\/1746\/revisions"}],"predecessor-version":[{"id":11831,"href":"https:\/\/www.lastrada-derweg.org\/index.php?rest_route=\/wp\/v2\/pages\/1746\/revisions\/11831"}],"up":[{"embeddable":true,"href":"https:\/\/www.lastrada-derweg.org\/index.php?rest_route=\/wp\/v2\/pages\/1688"}],"wp:attachment":[{"href":"https:\/\/www.lastrada-derweg.org\/index.php?rest_route=%2Fwp%2Fv2%2Fmedia&parent=1746"}],"curies":[{"name":"wp","href":"https:\/\/api.w.org\/{rel}","templated":true}]}}

<div class="wpb-content-wrapper"><p>[vc_row][vc_column width=&#8221;1/2&#8243;][vc_custom_heading text=&#8221;Dove siamo&#8221; use_theme_fonts=&#8221;yes&#8221;][vc_column_text css=&#8221;&#8221;]Associazione “La Strada – Der Weg”<br />
Viale Europa 35/e<br />
39100 Bolzano</p>
<p>Coordinatrice: <strong>Selene Colombi</strong> &#8211; 335 6179326</p>
<p>[/vc_column_text][vc_custom_heading text=&#8221;Chi siamo&#8221; use_theme_fonts=&#8221;yes&#8221;][vc_column_text css=&#8221;&#8221;]Il team è composto da educatrici ed educatori. L&#8217;attività principale è l&#8217;aiuto scolastico, alternato con attività di tempo libero in lingua tedesca.[/vc_column_text][/vc_column][vc_column width=&#8221;1/2&#8243;][vc_single_image image=&#8221;2112&#8243; img_size=&#8221;full&#8221;][/vc_column][/vc_row][vc_row][vc_column][vc_custom_heading text=&#8221;Cosa facciamo&#8221; use_theme_fonts=&#8221;yes&#8221;][vc_column_text]Sostegno scolastico e apprendimento del tedesco tramite attività ludiche. Progetti creativi: workshops di pittura, di fumetto e di lavorazione dell&#8217;argilla. Giochi di gruppo e di movimento.[/vc_column_text][/vc_column][/vc_row][vc_row][vc_column width=&#8221;1/3&#8243;][vc_custom_heading text=&#8221;Per chi&#8221; use_theme_fonts=&#8221;yes&#8221;][vc_column_text]Per bambini e adolescenti dai 6 ai 14 anni, che frequentano scuole in lingua tedesca.[/vc_column_text][/vc_column][vc_column width=&#8221;1/3&#8243;][vc_custom_heading text=&#8221;Perché&#8221; use_theme_fonts=&#8221;yes&#8221;][vc_column_text]L&#8217;accompagnamento pomeridiano &#8220;KUnterBunte Insel&#8221; offre a bambini e giovani la possibilità di gestire i compiti e di migliorare il loro tedesco scritto e parlato: il tutto in interazione con i loro coetanei e con l&#8217;aiuto degli educatori. Attraverso le numerose attività creative, possono svilupparsi in modo giocoso, fare amicizia e trascorrere un pomeriggio &#8220;variopinto&#8221; (kunterbunt).[/vc_column_text][/vc_column][vc_column width=&#8221;1/3&#8243;][vc_custom_heading text=&#8221;Quando&#8221; use_theme_fonts=&#8221;yes&#8221;][vc_column_text]Dal lunedì al venerdì: dalle ore 14.00 alle ore 18.00.[/vc_column_text][/vc_column][/vc_row]</p>
</div>

<p>[vc_row][vc_column width=&#8221;1/2&#8243;][vc_custom_heading text=&#8221;Dove siamo&#8221; use_theme_fonts=&#8221;yes&#8221;][vc_column_text css=&#8221;&#8221;]Associazione “La Strada – Der Weg” Viale Europa 35/e 39100 Bolzano Coordinatrice: Selene Colombi &#8211; 335 6179326 [/vc_column_text][vc_custom_heading text=&#8221;Chi siamo&#8221; use_theme_fonts=&#8221;yes&#8221;][vc_column_text css=&#8221;&#8221;]Il team è composto da educatrici ed educatori. L&#8217;attività principale è l&#8217;aiuto scolastico, alternato con attività di tempo libero in lingua tedesca.[/vc_column_text][/vc_column][vc_column width=&#8221;1/2&#8243;][vc_single_image image=&#8221;2112&#8243; img_size=&#8221;full&#8221;][/vc_column][/vc_row][vc_row][vc_column][vc_custom_heading text=&#8221;Cosa facciamo&#8221; use_theme_fonts=&#8221;yes&#8221;][vc_column_text]Sostegno scolastico&hellip;</p>
