{"id":1748,"date":"2018-08-17T16:27:43","date_gmt":"2018-08-17T14:27:43","guid":{"rendered":"http:\/\/www.lastrada-derweg.org\/?page_id=1748"},"modified":"2025-02-11T11:25:51","modified_gmt":"2025-02-11T10:25:51","slug":"kubi","status":"publish","type":"page","link":"https:\/\/www.lastrada-derweg.org\/?page_id=1748&lang=de","title":{"rendered":"KuBi-Europa"},"content":{"rendered":"<div class=\"wpb-content-wrapper\"><p>[vc_row][vc_column width=&#8221;1\/2&#8243;][vc_custom_heading text=&#8221;Wo&#8221; use_theme_fonts=&#8221;yes&#8221;][vc_column_text css=&#8221;&#8221;]Verein \u201cLa Strada \u2013 Der Weg ONLUS\u201d<br \/>\nEuropaallee 35\/e<br \/>\n39100 Bozen<\/p>\n<p>Koordinatorin: <strong>Selene Colombi<\/strong> &#8211; 335 6179326[\/vc_column_text][vc_custom_heading text=&#8221;Wer&#8221; use_theme_fonts=&#8221;yes&#8221;][vc_column_text css=&#8221;&#8221;]Das Team besteht aus Erzieherinnen und Erzieher.<br \/>\nSie bieten abwechselnd Hausaufgabenhilfe und Freizeitaktivit\u00e0ten in deutscher Sprache an.[\/vc_column_text][\/vc_column][vc_column width=&#8221;1\/2&#8243;][vc_single_image image=&#8221;2110&#8243; img_size=&#8221;full&#8221;][\/vc_column][\/vc_row][vc_row][vc_column][vc_custom_heading text=&#8221;Was&#8221; use_theme_fonts=&#8221;yes&#8221;][vc_column_text]Unterst\u00f9tzung bei den Hausaufgaben und spielerisches Deutsch lernen. Abwechslungsreiche kreative Projekte: wie z.B. Mal-, Comic-, Ton- Workshops, lustige Gruppen- und Bewegungs-Spiele.[\/vc_column_text][\/vc_column][\/vc_row][vc_row][vc_column width=&#8221;1\/3&#8243;][vc_custom_heading text=&#8221;F\u00fcr wen&#8221; use_theme_fonts=&#8221;yes&#8221;][vc_column_text]Kinder und Jugendliche von 6 bis 14 Jahren, die deutschsprachige Schulen besuchen.[\/vc_column_text][\/vc_column][vc_column width=&#8221;1\/3&#8243;][vc_custom_heading text=&#8221;Warum&#8221; use_theme_fonts=&#8221;yes&#8221;][vc_column_text]Die Nachmittagsbetreuung \u201eKUnterBunte Insel\u201c bietet Kindern und Jugendlichen die M\u00f6glichkeit, gemeinsam mit Gleichaltrigen und mit Hilfe der Erzieher*innen die Hausaufgaben zu bew\u00e4ltigen und ihr Deutsch zu verbessern. Durch die zahlreichen kreativen Angebote k\u00f6nnen sie sich spielerisch entfalten, Freundschaften schlie\u00dfen und kunterbunt den Nachmittag verbringen.[\/vc_column_text][\/vc_column][vc_column width=&#8221;1\/3&#8243;][vc_custom_heading text=&#8221;Wann&#8221; use_theme_fonts=&#8221;yes&#8221;][vc_column_text]Montag bis Freitag: 14:00 \u2013 18:00 Uhr.[\/vc_column_text][\/vc_column][\/vc_row][vc_row][vc_column][vc_column_text]<br \/>\n[\/vc_column_text][\/vc_column][\/vc_row][vc_row css=&#8221;.vc_custom_1613058991392{margin-top: 20px !important;}&#8221;][vc_column][vc_separator][\/vc_column][\/vc_row][vc_row][vc_column][vc_column_text]<\/p>\n<h4 style=\"text-align: center;\">Unterst\u00fctzt von:<\/h4>\n<p>[\/vc_column_text][\/vc_column][\/vc_row][vc_row content_placement=&#8221;middle&#8221;][vc_column width=&#8221;1\/3&#8243;][vc_single_image image=&#8221;5709&#8243; img_size=&#8221;500&#215;100&#8243; alignment=&#8221;center&#8221; style=&#8221;vc_box_rounded&#8221; onclick=&#8221;custom_link&#8221; css_animation=&#8221;fadeInUp&#8221;][\/vc_column][vc_column width=&#8221;1\/3&#8243;][vc_single_image image=&#8221;5659&#8243; img_size=&#8221;100&#215;100&#8243; alignment=&#8221;center&#8221; style=&#8221;vc_box_rounded&#8221; onclick=&#8221;custom_link&#8221; css_animation=&#8221;fadeInUp&#8221; link=&#8221;https:\/\/www.lastrada-derweg.org\/?page_id=3980&#8243;][\/vc_column][vc_column width=&#8221;1\/3&#8243;][vc_column_text]<\/p>\n<h5 style=\"text-align: center;\">Familienagentur<\/h5>\n<p>[\/vc_column_text][\/vc_column][\/vc_row]<\/p>\n<\/div>","protected":false},"excerpt":{"rendered":"<p>[vc_row][vc_column width=&#8221;1\/2&#8243;][vc_custom_heading text=&#8221;Wo&#8221; use_theme_fonts=&#8221;yes&#8221;][vc_column_text css=&#8221;&#8221;]Verein \u201cLa Strada \u2013 Der Weg ONLUS\u201d Europaallee 35\/e 39100 Bozen Koordinatorin: Selene Colombi &#8211; 335 6179326[\/vc_column_text][vc_custom_heading text=&#8221;Wer&#8221; use_theme_fonts=&#8221;yes&#8221;][vc_column_text css=&#8221;&#8221;]Das Team besteht aus Erzieherinnen und Erzieher. Sie bieten abwechselnd Hausaufgabenhilfe und Freizeitaktivit\u00e0ten in deutscher Sprache an.[\/vc_column_text][\/vc_column][vc_column width=&#8221;1\/2&#8243;][vc_single_image image=&#8221;2110&#8243; img_size=&#8221;full&#8221;][\/vc_column][\/vc_row][vc_row][vc_column][vc_custom_heading text=&#8221;Was&#8221; use_theme_fonts=&#8221;yes&#8221;][vc_column_text]Unterst\u00f9tzung bei den Hausaufgaben und spielerisches Deutsch lernen. Abwechslungsreiche kreative Projekte:&hellip;<\/p>\n","protected":false},"author":1,"featured_media":0,"parent":1690,"menu_order":0,"comment_status":"closed","ping_status":"closed","template":"","meta":{"footnotes":""},"class_list":["post-1748","page","type-page","status-publish","hentry","description-off"],"_links":{"self":[{"href":"https:\/\/www.lastrada-derweg.org\/index.php?rest_route=\/wp\/v2\/pages\/1748","targetHints":{"allow":["GET"]}}],"collection":[{"href":"https:\/\/www.lastrada-derweg.org\/index.php?rest_route=\/wp\/v2\/pages"}],"about":[{"href":"https:\/\/www.lastrada-derweg.org\/index.php?rest_route=\/wp\/v2\/types\/page"}],"author":[{"embeddable":true,"href":"https:\/\/www.lastrada-derweg.org\/index.php?rest_route=\/wp\/v2\/users\/1"}],"replies":[{"embeddable":true,"href":"https:\/\/www.lastrada-derweg.org\/index.php?rest_route=%2Fwp%2Fv2%2Fcomments&post=1748"}],"version-history":[{"count":15,"href":"https:\/\/www.lastrada-derweg.org\/index.php?rest_route=\/wp\/v2\/pages\/1748\/revisions"}],"predecessor-version":[{"id":11832,"href":"https:\/\/www.lastrada-derweg.org\/index.php?rest_route=\/wp\/v2\/pages\/1748\/revisions\/11832"}],"up":[{"embeddable":true,"href":"https:\/\/www.lastrada-derweg.org\/index.php?rest_route=\/wp\/v2\/pages\/1690"}],"wp:attachment":[{"href":"https:\/\/www.lastrada-derweg.org\/index.php?rest_route=%2Fwp%2Fv2%2Fmedia&parent=1748"}],"curies":[{"name":"wp","href":"https:\/\/api.w.org\/{rel}","templated":true}]}}

<div class="wpb-content-wrapper"><p>[vc_row][vc_column width=&#8221;1/2&#8243;][vc_custom_heading text=&#8221;Wo&#8221; use_theme_fonts=&#8221;yes&#8221;][vc_column_text css=&#8221;&#8221;]Verein “La Strada – Der Weg ONLUS”<br />
Europaallee 35/e<br />
39100 Bozen</p>
<p>Koordinatorin: <strong>Selene Colombi</strong> &#8211; 335 6179326[/vc_column_text][vc_custom_heading text=&#8221;Wer&#8221; use_theme_fonts=&#8221;yes&#8221;][vc_column_text css=&#8221;&#8221;]Das Team besteht aus Erzieherinnen und Erzieher.<br />
Sie bieten abwechselnd Hausaufgabenhilfe und Freizeitaktivitàten in deutscher Sprache an.[/vc_column_text][/vc_column][vc_column width=&#8221;1/2&#8243;][vc_single_image image=&#8221;2110&#8243; img_size=&#8221;full&#8221;][/vc_column][/vc_row][vc_row][vc_column][vc_custom_heading text=&#8221;Was&#8221; use_theme_fonts=&#8221;yes&#8221;][vc_column_text]Unterstùtzung bei den Hausaufgaben und spielerisches Deutsch lernen. Abwechslungsreiche kreative Projekte: wie z.B. Mal-, Comic-, Ton- Workshops, lustige Gruppen- und Bewegungs-Spiele.[/vc_column_text][/vc_column][/vc_row][vc_row][vc_column width=&#8221;1/3&#8243;][vc_custom_heading text=&#8221;Für wen&#8221; use_theme_fonts=&#8221;yes&#8221;][vc_column_text]Kinder und Jugendliche von 6 bis 14 Jahren, die deutschsprachige Schulen besuchen.[/vc_column_text][/vc_column][vc_column width=&#8221;1/3&#8243;][vc_custom_heading text=&#8221;Warum&#8221; use_theme_fonts=&#8221;yes&#8221;][vc_column_text]Die Nachmittagsbetreuung „KUnterBunte Insel“ bietet Kindern und Jugendlichen die Möglichkeit, gemeinsam mit Gleichaltrigen und mit Hilfe der Erzieher*innen die Hausaufgaben zu bewältigen und ihr Deutsch zu verbessern. Durch die zahlreichen kreativen Angebote können sie sich spielerisch entfalten, Freundschaften schließen und kunterbunt den Nachmittag verbringen.[/vc_column_text][/vc_column][vc_column width=&#8221;1/3&#8243;][vc_custom_heading text=&#8221;Wann&#8221; use_theme_fonts=&#8221;yes&#8221;][vc_column_text]Montag bis Freitag: 14:00 – 18:00 Uhr.[/vc_column_text][/vc_column][/vc_row][vc_row][vc_column][vc_column_text]<br />
[/vc_column_text][/vc_column][/vc_row][vc_row css=&#8221;.vc_custom_1613058991392{margin-top: 20px !important;}&#8221;][vc_column][vc_separator][/vc_column][/vc_row][vc_row][vc_column][vc_column_text]</p>
<h4 style="text-align: center;">Unterstützt von:</h4>
<p>[/vc_column_text][/vc_column][/vc_row][vc_row content_placement=&#8221;middle&#8221;][vc_column width=&#8221;1/3&#8243;][vc_single_image image=&#8221;5709&#8243; img_size=&#8221;500&#215;100&#8243; alignment=&#8221;center&#8221; style=&#8221;vc_box_rounded&#8221; onclick=&#8221;custom_link&#8221; css_animation=&#8221;fadeInUp&#8221;][/vc_column][vc_column width=&#8221;1/3&#8243;][vc_single_image image=&#8221;5659&#8243; img_size=&#8221;100&#215;100&#8243; alignment=&#8221;center&#8221; style=&#8221;vc_box_rounded&#8221; onclick=&#8221;custom_link&#8221; css_animation=&#8221;fadeInUp&#8221; link=&#8221;https://www.lastrada-derweg.org/?page_id=3980&#8243;][/vc_column][vc_column width=&#8221;1/3&#8243;][vc_column_text]</p>
<h5 style="text-align: center;">Familienagentur</h5>
<p>[/vc_column_text][/vc_column][/vc_row]</p>
</div>

<p>[vc_row][vc_column width=&#8221;1/2&#8243;][vc_custom_heading text=&#8221;Wo&#8221; use_theme_fonts=&#8221;yes&#8221;][vc_column_text css=&#8221;&#8221;]Verein “La Strada – Der Weg ONLUS” Europaallee 35/e 39100 Bozen Koordinatorin: Selene Colombi &#8211; 335 6179326[/vc_column_text][vc_custom_heading text=&#8221;Wer&#8221; use_theme_fonts=&#8221;yes&#8221;][vc_column_text css=&#8221;&#8221;]Das Team besteht aus Erzieherinnen und Erzieher. Sie bieten abwechselnd Hausaufgabenhilfe und Freizeitaktivitàten in deutscher Sprache an.[/vc_column_text][/vc_column][vc_column width=&#8221;1/2&#8243;][vc_single_image image=&#8221;2110&#8243; img_size=&#8221;full&#8221;][/vc_column][/vc_row][vc_row][vc_column][vc_custom_heading text=&#8221;Was&#8221; use_theme_fonts=&#8221;yes&#8221;][vc_column_text]Unterstùtzung bei den Hausaufgaben und spielerisches Deutsch lernen. Abwechslungsreiche kreative Projekte:&hellip;</p>
