{"id":1784,"date":"2018-08-17T17:54:06","date_gmt":"2018-08-17T15:54:06","guid":{"rendered":"http:\/\/www.lastrada-derweg.org\/?page_id=1784"},"modified":"2024-10-28T14:11:11","modified_gmt":"2024-10-28T13:11:11","slug":"giovani-madri","status":"publish","type":"page","link":"https:\/\/www.lastrada-derweg.org\/?page_id=1784","title":{"rendered":"Giovani madri"},"content":{"rendered":"<div class=\"wpb-content-wrapper\"><p>[vc_row][vc_column width=&#8221;1\/2&#8243;][vc_custom_heading text=&#8221;Dove siamo&#8221; use_theme_fonts=&#8221;yes&#8221;][vc_column_text css=&#8221;&#8221;]Progetto <strong>Giovani Madri<\/strong><br \/>\nAssociazione \u201cLa Strada &#8211; Der Weg\u201d ONLUS<br \/>\nVia Visitazione 42 &#8211; 39100 Bolzano<br \/>\nTel. 0471 203111<\/p>\n<p><a href=\"mailto:giovanimadri@lastrada-derweg.org\">giovanimadri@lastrada-derweg.org<\/a><\/p>\n<p>Coordinatrice per Bolzano: <strong>Francesca Colucci<\/strong> &#8211; 348 8215613<br \/>\nCoordinatrice per Merano: <strong>Roberta Calafiura<\/strong> &#8211; 3316847008[\/vc_column_text][vc_custom_heading text=&#8221;Chi siamo&#8221; use_theme_fonts=&#8221;yes&#8221;][vc_column_text]Il Progetto Giovani madri accoglie madri in difficolt\u00e0 in situazioni che non necessitano di un intervento educativo residenziale o per chi, giunto alla fine del percorso in comunit\u00e0, \u00e8 in grado di mettere alla prova la propria autonomia.<br \/>\nTre le soluzioni proposte:<\/p>\n<ul>\n<li>accoglienza residenziale<\/li>\n<li>accoglienza territoriale<\/li>\n<li>accoglienza territoriale e residenziale per nuclei famigliari<\/li>\n<\/ul>\n<p>[\/vc_column_text][\/vc_column][vc_column width=&#8221;1\/2&#8243;][vc_single_image image=&#8221;2664&#8243; img_size=&#8221;full&#8221;][\/vc_column][\/vc_row][vc_row][vc_column][vc_custom_heading text=&#8221;Cosa facciamo&#8221; use_theme_fonts=&#8221;yes&#8221;][vc_column_text]Vengono elaborati con le madri e sperimentalmente con nuclei famigliari progetti che puntano a favorire nelle donne l&#8217;assunzione di responsabilit\u00e0 genitoriale, di autonomia, di autodeterminazione e la capacit\u00e0 di autogestione nella quotidianit\u00e0, conciliando la cura dei figli con la gestione della casa, con il lavoro ed eventuli impegni. Inoltre il progetto mira a favorire la fuoriuscita da situazioni di solitudine e isolamento e a rafforzare la rete sociale e famigliare.[\/vc_column_text][\/vc_column][\/vc_row][vc_row][vc_column width=&#8221;1\/3&#8243;][vc_custom_heading text=&#8221;Per chi&#8221; use_theme_fonts=&#8221;yes&#8221;][vc_column_text]Per madri con figli e con nuclei famigliari. Gli enti invianti sono i servizi sociali.[\/vc_column_text][\/vc_column][vc_column width=&#8221;1\/3&#8243;][vc_custom_heading text=&#8221;Perch\u00e9&#8221; use_theme_fonts=&#8221;yes&#8221;][vc_column_text]Obiettivo principale \u00e8 lo sviluppo e l&#8217;utilizzo di risorse personali e genitoriali per poter affrontare il percorso di vita con maggiore sicurezza e stabilit\u00e0.[\/vc_column_text][\/vc_column][vc_column width=&#8221;1\/3&#8243;][vc_custom_heading text=&#8221;Quando&#8221; use_theme_fonts=&#8221;yes&#8221;][vc_column_text]Il servizio \u00e8 aperto 365 giorni all\u2019anno.[\/vc_column_text][\/vc_column][\/vc_row]<\/p>\n<\/div>","protected":false},"excerpt":{"rendered":"<p>[vc_row][vc_column width=&#8221;1\/2&#8243;][vc_custom_heading text=&#8221;Dove siamo&#8221; use_theme_fonts=&#8221;yes&#8221;][vc_column_text css=&#8221;&#8221;]Progetto Giovani Madri Associazione \u201cLa Strada &#8211; Der Weg\u201d ONLUS Via Visitazione 42 &#8211; 39100 Bolzano Tel. 0471 203111 giovanimadri@lastrada-derweg.org Coordinatrice per Bolzano: Francesca Colucci &#8211; 348 8215613 Coordinatrice per Merano: Roberta Calafiura &#8211; 3316847008[\/vc_column_text][vc_custom_heading text=&#8221;Chi siamo&#8221; use_theme_fonts=&#8221;yes&#8221;][vc_column_text]Il Progetto Giovani madri accoglie madri in difficolt\u00e0 in situazioni che non necessitano&hellip;<\/p>\n","protected":false},"author":1,"featured_media":0,"parent":1769,"menu_order":0,"comment_status":"closed","ping_status":"closed","template":"","meta":{"footnotes":""},"class_list":["post-1784","page","type-page","status-publish","hentry","description-off"],"_links":{"self":[{"href":"https:\/\/www.lastrada-derweg.org\/index.php?rest_route=\/wp\/v2\/pages\/1784","targetHints":{"allow":["GET"]}}],"collection":[{"href":"https:\/\/www.lastrada-derweg.org\/index.php?rest_route=\/wp\/v2\/pages"}],"about":[{"href":"https:\/\/www.lastrada-derweg.org\/index.php?rest_route=\/wp\/v2\/types\/page"}],"author":[{"embeddable":true,"href":"https:\/\/www.lastrada-derweg.org\/index.php?rest_route=\/wp\/v2\/users\/1"}],"replies":[{"embeddable":true,"href":"https:\/\/www.lastrada-derweg.org\/index.php?rest_route=%2Fwp%2Fv2%2Fcomments&post=1784"}],"version-history":[{"count":11,"href":"https:\/\/www.lastrada-derweg.org\/index.php?rest_route=\/wp\/v2\/pages\/1784\/revisions"}],"predecessor-version":[{"id":11272,"href":"https:\/\/www.lastrada-derweg.org\/index.php?rest_route=\/wp\/v2\/pages\/1784\/revisions\/11272"}],"up":[{"embeddable":true,"href":"https:\/\/www.lastrada-derweg.org\/index.php?rest_route=\/wp\/v2\/pages\/1769"}],"wp:attachment":[{"href":"https:\/\/www.lastrada-derweg.org\/index.php?rest_route=%2Fwp%2Fv2%2Fmedia&parent=1784"}],"curies":[{"name":"wp","href":"https:\/\/api.w.org\/{rel}","templated":true}]}}