{"id":1816,"date":"2018-08-18T15:54:00","date_gmt":"2018-08-18T13:54:00","guid":{"rendered":"http:\/\/www.lastrada-derweg.org\/?page_id=1816"},"modified":"2024-06-18T14:49:21","modified_gmt":"2024-06-18T12:49:21","slug":"mediazione-penale-minorile","status":"publish","type":"page","link":"https:\/\/www.lastrada-derweg.org\/?page_id=1816","title":{"rendered":"Giustizia riparativa"},"content":{"rendered":"<div class=\"wpb-content-wrapper\"><p>[vc_row][vc_column width=&#8221;1\/2&#8243;][vc_custom_heading text=&#8221;Dove siamo&#8221; use_theme_fonts=&#8221;yes&#8221;][vc_column_text css=&#8221;&#8221;]<strong>Giustizia riparativa<\/strong><br \/>\nVia Visitazione 46<br \/>\n39100 Bolzano<\/p>\n<p><a href=\"mailto:mediazione@lastrada-derweg.org\">mediazione@lastrada-derweg.org<\/a><\/p>\n<p>Coordinatrice: <strong>Ulrike Oberlechner<\/strong> &#8211; 3311900883<\/p>\n<p><a href=\"http:\/\/www.provincia.bz.it\/it\/servizi\/servizi-categorie.asp?bnsvf_svid=1008301\">Per saperne di pi\u00f9<\/a>[\/vc_column_text][vc_custom_heading text=&#8221;Chi siamo&#8221; use_theme_fonts=&#8221;yes&#8221;][vc_column_text]Il servizio opera attraverso un&#8217;equipe di mediatori con esperienze nelle problematiche giovanili e nel campo educativo e giuridico. L\u2019obiettivo \u00e8 la risoluzione del conflitto tra le parti (minore autore di reato e vittima), l\u2019acquisizione di consapevolezza da parte del reo e il suo accompagnamento a percorsi di riparazione sociale.[\/vc_column_text][\/vc_column][vc_column width=&#8221;1\/2&#8243;][vc_single_image image=&#8221;3701&#8243; img_size=&#8221;full&#8221;][\/vc_column][\/vc_row][vc_row][vc_column][vc_custom_heading text=&#8221;Cosa facciamo&#8221; use_theme_fonts=&#8221;yes&#8221;][vc_column_text]Seguendo il paradigma della Giustizia Riparativa la vittima e il reo, nonch\u00e9 altri eventuali soggetti o comunit\u00e0 lesi da un reato, partecipano attivamente e insieme alla risoluzione delle questioni emerse dall\u2019illecito, generalmente con l\u2019aiuto di un facilitatore.<\/p>\n<p><strong>La GR<\/strong> deve risultare estranea a logiche sanzionatorie e retributive, superare la logica del castigo, della meritevolezza, della punizione, per aprirsi alla dimensione del risanamento della sofferenza e della riparazione degli effetti negativi implicati dall\u2019evento criminoso.<\/p>\n<p>Nella GR il reato non \u00e8 pi\u00f9 visto come la violazione di una norma, ma come la violazione di una <strong>persona<\/strong> e delle <strong>relazioni interpersonali<\/strong>. Da questo discende l\u2019obbligo di <strong>rimediare ai torti commessi<\/strong>.[\/vc_column_text][\/vc_column][\/vc_row][vc_row][vc_column width=&#8221;1\/3&#8243;][vc_custom_heading text=&#8221;Per chi&#8221; use_theme_fonts=&#8221;yes&#8221;][vc_column_text]\u00c8 rivolta alle vittime di reati commessi da minori e ai minori indagati o imputati di reato. \u00c8 altres\u00ec rivolta a minori infraquattordicenni che commettono dei reati all\u2019interno delle scuole medie partner del servizio di Mediazione Scolastica. In questo caso le vittime possono essere gli altri studenti, personale docente e non docente, la scuola.[\/vc_column_text][\/vc_column][vc_column width=&#8221;1\/3&#8243;][vc_custom_heading text=&#8221;Perch\u00e9&#8221; use_theme_fonts=&#8221;yes&#8221;][vc_column_text]Lo scopo della mediazione \u00e8 quello di offrire a due parti in conflitto l\u2019opportunit\u00e0 di esprimere il proprio vissuto rispetto ai fatti accaduti, di avviare una comunicazione tra le persone coinvolte e di giungere ad un accordo di cui tutti siano soddisfatti. Inoltre ha lo scopo di aumentare la consapevolezza nel minore autore di reato ed attivare un percorso di riparazione sociale.[\/vc_column_text][\/vc_column][vc_column width=&#8221;1\/3&#8243;][vc_custom_heading text=&#8221;Quando&#8221; use_theme_fonts=&#8221;yes&#8221;][vc_column_text]Da luned\u00ec a venerd\u00ec dalle ore 9.00 alle 12.00 e dalle ore 15.00 alle 17.00.[\/vc_column_text][\/vc_column][\/vc_row]<\/p>\n<\/div>","protected":false},"excerpt":{"rendered":"<p>[vc_row][vc_column width=&#8221;1\/2&#8243;][vc_custom_heading text=&#8221;Dove siamo&#8221; use_theme_fonts=&#8221;yes&#8221;][vc_column_text css=&#8221;&#8221;]Giustizia riparativa Via Visitazione 46 39100 Bolzano mediazione@lastrada-derweg.org Coordinatrice: Ulrike Oberlechner &#8211; 3311900883 Per saperne di pi\u00f9[\/vc_column_text][vc_custom_heading text=&#8221;Chi siamo&#8221; use_theme_fonts=&#8221;yes&#8221;][vc_column_text]Il servizio opera attraverso un&#8217;equipe di mediatori con esperienze nelle problematiche giovanili e nel campo educativo e giuridico. L\u2019obiettivo \u00e8 la risoluzione del conflitto tra le parti (minore autore di reato&hellip;<\/p>\n","protected":false},"author":1,"featured_media":0,"parent":1795,"menu_order":0,"comment_status":"closed","ping_status":"closed","template":"","meta":{"footnotes":""},"class_list":["post-1816","page","type-page","status-publish","hentry","description-off"],"_links":{"self":[{"href":"https:\/\/www.lastrada-derweg.org\/index.php?rest_route=\/wp\/v2\/pages\/1816","targetHints":{"allow":["GET"]}}],"collection":[{"href":"https:\/\/www.lastrada-derweg.org\/index.php?rest_route=\/wp\/v2\/pages"}],"about":[{"href":"https:\/\/www.lastrada-derweg.org\/index.php?rest_route=\/wp\/v2\/types\/page"}],"author":[{"embeddable":true,"href":"https:\/\/www.lastrada-derweg.org\/index.php?rest_route=\/wp\/v2\/users\/1"}],"replies":[{"embeddable":true,"href":"https:\/\/www.lastrada-derweg.org\/index.php?rest_route=%2Fwp%2Fv2%2Fcomments&post=1816"}],"version-history":[{"count":15,"href":"https:\/\/www.lastrada-derweg.org\/index.php?rest_route=\/wp\/v2\/pages\/1816\/revisions"}],"predecessor-version":[{"id":10219,"href":"https:\/\/www.lastrada-derweg.org\/index.php?rest_route=\/wp\/v2\/pages\/1816\/revisions\/10219"}],"up":[{"embeddable":true,"href":"https:\/\/www.lastrada-derweg.org\/index.php?rest_route=\/wp\/v2\/pages\/1795"}],"wp:attachment":[{"href":"https:\/\/www.lastrada-derweg.org\/index.php?rest_route=%2Fwp%2Fv2%2Fmedia&parent=1816"}],"curies":[{"name":"wp","href":"https:\/\/api.w.org\/{rel}","templated":true}]}}

<div class="wpb-content-wrapper"><p>[vc_row][vc_column width=&#8221;1/2&#8243;][vc_custom_heading text=&#8221;Dove siamo&#8221; use_theme_fonts=&#8221;yes&#8221;][vc_column_text css=&#8221;&#8221;]<strong>Giustizia riparativa</strong><br />
Via Visitazione 46<br />
39100 Bolzano</p>
<p><a href="mailto:mediazione@lastrada-derweg.org">mediazione@lastrada-derweg.org</a></p>
<p>Coordinatrice: <strong>Ulrike Oberlechner</strong> &#8211; 3311900883</p>
<p><a href="http://www.provincia.bz.it/it/servizi/servizi-categorie.asp?bnsvf_svid=1008301">Per saperne di più</a>[/vc_column_text][vc_custom_heading text=&#8221;Chi siamo&#8221; use_theme_fonts=&#8221;yes&#8221;][vc_column_text]Il servizio opera attraverso un&#8217;equipe di mediatori con esperienze nelle problematiche giovanili e nel campo educativo e giuridico. L’obiettivo è la risoluzione del conflitto tra le parti (minore autore di reato e vittima), l’acquisizione di consapevolezza da parte del reo e il suo accompagnamento a percorsi di riparazione sociale.[/vc_column_text][/vc_column][vc_column width=&#8221;1/2&#8243;][vc_single_image image=&#8221;3701&#8243; img_size=&#8221;full&#8221;][/vc_column][/vc_row][vc_row][vc_column][vc_custom_heading text=&#8221;Cosa facciamo&#8221; use_theme_fonts=&#8221;yes&#8221;][vc_column_text]Seguendo il paradigma della Giustizia Riparativa la vittima e il reo, nonché altri eventuali soggetti o comunità lesi da un reato, partecipano attivamente e insieme alla risoluzione delle questioni emerse dall’illecito, generalmente con l’aiuto di un facilitatore.</p>
<p><strong>La GR</strong> deve risultare estranea a logiche sanzionatorie e retributive, superare la logica del castigo, della meritevolezza, della punizione, per aprirsi alla dimensione del risanamento della sofferenza e della riparazione degli effetti negativi implicati dall’evento criminoso.</p>
<p>Nella GR il reato non è più visto come la violazione di una norma, ma come la violazione di una <strong>persona</strong> e delle <strong>relazioni interpersonali</strong>. Da questo discende l’obbligo di <strong>rimediare ai torti commessi</strong>.[/vc_column_text][/vc_column][/vc_row][vc_row][vc_column width=&#8221;1/3&#8243;][vc_custom_heading text=&#8221;Per chi&#8221; use_theme_fonts=&#8221;yes&#8221;][vc_column_text]È rivolta alle vittime di reati commessi da minori e ai minori indagati o imputati di reato. È altresì rivolta a minori infraquattordicenni che commettono dei reati all’interno delle scuole medie partner del servizio di Mediazione Scolastica. In questo caso le vittime possono essere gli altri studenti, personale docente e non docente, la scuola.[/vc_column_text][/vc_column][vc_column width=&#8221;1/3&#8243;][vc_custom_heading text=&#8221;Perché&#8221; use_theme_fonts=&#8221;yes&#8221;][vc_column_text]Lo scopo della mediazione è quello di offrire a due parti in conflitto l’opportunità di esprimere il proprio vissuto rispetto ai fatti accaduti, di avviare una comunicazione tra le persone coinvolte e di giungere ad un accordo di cui tutti siano soddisfatti. Inoltre ha lo scopo di aumentare la consapevolezza nel minore autore di reato ed attivare un percorso di riparazione sociale.[/vc_column_text][/vc_column][vc_column width=&#8221;1/3&#8243;][vc_custom_heading text=&#8221;Quando&#8221; use_theme_fonts=&#8221;yes&#8221;][vc_column_text]Da lunedì a venerdì dalle ore 9.00 alle 12.00 e dalle ore 15.00 alle 17.00.[/vc_column_text][/vc_column][/vc_row]</p>
</div>

<p>[vc_row][vc_column width=&#8221;1/2&#8243;][vc_custom_heading text=&#8221;Dove siamo&#8221; use_theme_fonts=&#8221;yes&#8221;][vc_column_text css=&#8221;&#8221;]Giustizia riparativa Via Visitazione 46 39100 Bolzano mediazione@lastrada-derweg.org Coordinatrice: Ulrike Oberlechner &#8211; 3311900883 Per saperne di più[/vc_column_text][vc_custom_heading text=&#8221;Chi siamo&#8221; use_theme_fonts=&#8221;yes&#8221;][vc_column_text]Il servizio opera attraverso un&#8217;equipe di mediatori con esperienze nelle problematiche giovanili e nel campo educativo e giuridico. L’obiettivo è la risoluzione del conflitto tra le parti (minore autore di reato&hellip;</p>
