{"id":1822,"date":"2018-08-18T16:12:25","date_gmt":"2018-08-18T14:12:25","guid":{"rendered":"http:\/\/www.lastrada-derweg.org\/?page_id=1822"},"modified":"2024-06-17T16:23:58","modified_gmt":"2024-06-17T14:23:58","slug":"interventionen-zur-umfassenden-pravention","status":"publish","type":"page","link":"https:\/\/www.lastrada-derweg.org\/?page_id=1822&lang=de","title":{"rendered":"Aktionen zur Sensibilisierung"},"content":{"rendered":"<div class=\"wpb-content-wrapper\"><p>[vc_row][vc_column width=&#8221;1\/2&#8243;][vc_custom_heading text=&#8221;Wo&#8221; use_theme_fonts=&#8221;yes&#8221;][vc_column_text css=&#8221;&#8221;]Verein \u201cLa Strada &#8211; Der Weg\u201d ONLUS<br \/>\nMariaheimweg 46<br \/>\n39100 Bozen<\/p>\n<p>Tel. 0471 203 111<\/p>\n<p>Verantwortliche: <strong>Cristina De Paoli<\/strong> &#8211; 334 6679045[\/vc_column_text][vc_custom_heading text=&#8221;Wer&#8221; use_theme_fonts=&#8221;yes&#8221;][vc_column_text]Unser fach\u00fcbergreifendes Team besteht aus Erziehern und Erzieherinnen, Psychologen und Psychologinnen sowie Mitarbeitern und Mitarbeiterinnen der verschiedenen Einrichtungen unseres Vereins, mit einer langj\u00e4hrigen Erfahrung in der Kinder- und Jugendbetreuung, im Suchtbereich und bei psychischer Problematik, im Generationenkonflikt und mit Minderj\u00e4hrigen in Schwierigkeiten.[\/vc_column_text][\/vc_column][vc_column width=&#8221;1\/2&#8243;][vc_single_image image=&#8221;3009&#8243; img_size=&#8221;full&#8221;][\/vc_column][\/vc_row][vc_row][vc_column][vc_custom_heading text=&#8221;Was&#8221; use_theme_fonts=&#8221;yes&#8221;][vc_column_text]Wir bieten gezielte Begegnungen mit den Jugendlichen in Schulen oder organisierten Einrichtungen an. Die dabei behandelten Themen werden zuvor mit den Auftraggebern besprochen und dem jeweiligen Bedarf angepasst, zum Beispiel:<\/p>\n<p><strong>\u00a0<\/strong><\/p>\n<ul>\n<li>Lebensstile und Werte<\/li>\n<li>Gruppenzugeh\u00f6rigkeit und Gruppenzwang<\/li>\n<li>Konsum-und Risikoverhalten<\/li>\n<li>Umgang mit Rechten und Gesetzen<\/li>\n<li>Pers\u00f6nlichkeitsentwicklung (Identit\u00e4tsbildung, Sexualit\u00e4t, K\u00f6rperbild, usw..)<\/li>\n<li>Umgang mit den eigenen Gef\u00fchlen, Integration und multikulturelles Zusammenleben<\/li>\n<li>Teilnahme am gesellschaftlichen Leben<\/li>\n<li>Generationenkonflikt (Erziehungs- und Kommunikationsstil, &#8230;.)<\/li>\n<li>Und \u00c4hnliches<\/li>\n<\/ul>\n<p>[\/vc_column_text][\/vc_column][\/vc_row][vc_row][vc_column width=&#8221;1\/3&#8243;][vc_custom_heading text=&#8221;F\u00fcr wen&#8221; use_theme_fonts=&#8221;yes&#8221;][vc_column_text]Kinder und Jugendliche aller Schulstufen, auch ausserhalb des Schulkontextes.[\/vc_column_text][\/vc_column][vc_column width=&#8221;1\/3&#8243;][vc_custom_heading text=&#8221;Warum&#8221; use_theme_fonts=&#8221;yes&#8221;][vc_column_text]Wir sind von der Pr\u00e4vention als wichtige Ma\u00dfnahme in unserer Gesellschaft fest \u00fcberzeugt und die\u00a0 langj\u00e4hrige Erfahrung unserer Mitarbeiter und Mitarbeiterinnen kann hier voll zum Tragen kommen.<br \/>\nDie umfassende Pr\u00e4vention ist eine grundlegende Sozialma\u00dfnahme, da sie wesentlich zur Verbesserung der Lebensqualit\u00e4t beitr\u00e4gt.[\/vc_column_text][\/vc_column][vc_column width=&#8221;1\/3&#8243;][vc_custom_heading text=&#8221;Wann&#8221; use_theme_fonts=&#8221;yes&#8221;][vc_column_text]Zeit und Ort werden jeweils mit den Auftraggebern festgelegt.[\/vc_column_text][\/vc_column][\/vc_row]<\/p>\n<\/div>","protected":false},"excerpt":{"rendered":"<p>[vc_row][vc_column width=&#8221;1\/2&#8243;][vc_custom_heading text=&#8221;Wo&#8221; use_theme_fonts=&#8221;yes&#8221;][vc_column_text css=&#8221;&#8221;]Verein \u201cLa Strada &#8211; Der Weg\u201d ONLUS Mariaheimweg 46 39100 Bozen Tel. 0471 203 111 Verantwortliche: Cristina De Paoli &#8211; 334 6679045[\/vc_column_text][vc_custom_heading text=&#8221;Wer&#8221; use_theme_fonts=&#8221;yes&#8221;][vc_column_text]Unser fach\u00fcbergreifendes Team besteht aus Erziehern und Erzieherinnen, Psychologen und Psychologinnen sowie Mitarbeitern und Mitarbeiterinnen der verschiedenen Einrichtungen unseres Vereins, mit einer langj\u00e4hrigen Erfahrung in der Kinder- und&hellip;<\/p>\n","protected":false},"author":1,"featured_media":0,"parent":1799,"menu_order":0,"comment_status":"closed","ping_status":"closed","template":"","meta":{"footnotes":""},"class_list":["post-1822","page","type-page","status-publish","hentry","description-off"],"_links":{"self":[{"href":"https:\/\/www.lastrada-derweg.org\/index.php?rest_route=\/wp\/v2\/pages\/1822","targetHints":{"allow":["GET"]}}],"collection":[{"href":"https:\/\/www.lastrada-derweg.org\/index.php?rest_route=\/wp\/v2\/pages"}],"about":[{"href":"https:\/\/www.lastrada-derweg.org\/index.php?rest_route=\/wp\/v2\/types\/page"}],"author":[{"embeddable":true,"href":"https:\/\/www.lastrada-derweg.org\/index.php?rest_route=\/wp\/v2\/users\/1"}],"replies":[{"embeddable":true,"href":"https:\/\/www.lastrada-derweg.org\/index.php?rest_route=%2Fwp%2Fv2%2Fcomments&post=1822"}],"version-history":[{"count":13,"href":"https:\/\/www.lastrada-derweg.org\/index.php?rest_route=\/wp\/v2\/pages\/1822\/revisions"}],"predecessor-version":[{"id":10192,"href":"https:\/\/www.lastrada-derweg.org\/index.php?rest_route=\/wp\/v2\/pages\/1822\/revisions\/10192"}],"up":[{"embeddable":true,"href":"https:\/\/www.lastrada-derweg.org\/index.php?rest_route=\/wp\/v2\/pages\/1799"}],"wp:attachment":[{"href":"https:\/\/www.lastrada-derweg.org\/index.php?rest_route=%2Fwp%2Fv2%2Fmedia&parent=1822"}],"curies":[{"name":"wp","href":"https:\/\/api.w.org\/{rel}","templated":true}]}}

<div class="wpb-content-wrapper"><p>[vc_row][vc_column width=&#8221;1/2&#8243;][vc_custom_heading text=&#8221;Wo&#8221; use_theme_fonts=&#8221;yes&#8221;][vc_column_text css=&#8221;&#8221;]Verein “La Strada &#8211; Der Weg” ONLUS<br />
Mariaheimweg 46<br />
39100 Bozen</p>
<p>Tel. 0471 203 111</p>
<p>Verantwortliche: <strong>Cristina De Paoli</strong> &#8211; 334 6679045[/vc_column_text][vc_custom_heading text=&#8221;Wer&#8221; use_theme_fonts=&#8221;yes&#8221;][vc_column_text]Unser fachübergreifendes Team besteht aus Erziehern und Erzieherinnen, Psychologen und Psychologinnen sowie Mitarbeitern und Mitarbeiterinnen der verschiedenen Einrichtungen unseres Vereins, mit einer langjährigen Erfahrung in der Kinder- und Jugendbetreuung, im Suchtbereich und bei psychischer Problematik, im Generationenkonflikt und mit Minderjährigen in Schwierigkeiten.[/vc_column_text][/vc_column][vc_column width=&#8221;1/2&#8243;][vc_single_image image=&#8221;3009&#8243; img_size=&#8221;full&#8221;][/vc_column][/vc_row][vc_row][vc_column][vc_custom_heading text=&#8221;Was&#8221; use_theme_fonts=&#8221;yes&#8221;][vc_column_text]Wir bieten gezielte Begegnungen mit den Jugendlichen in Schulen oder organisierten Einrichtungen an. Die dabei behandelten Themen werden zuvor mit den Auftraggebern besprochen und dem jeweiligen Bedarf angepasst, zum Beispiel:</p>
<p><strong> </strong></p>
<ul>
<li>Lebensstile und Werte</li>
<li>Gruppenzugehörigkeit und Gruppenzwang</li>
<li>Konsum-und Risikoverhalten</li>
<li>Umgang mit Rechten und Gesetzen</li>
<li>Persönlichkeitsentwicklung (Identitätsbildung, Sexualität, Körperbild, usw..)</li>
<li>Umgang mit den eigenen Gefühlen, Integration und multikulturelles Zusammenleben</li>
<li>Teilnahme am gesellschaftlichen Leben</li>
<li>Generationenkonflikt (Erziehungs- und Kommunikationsstil, &#8230;.)</li>
<li>Und Ähnliches</li>
</ul>
<p>[/vc_column_text][/vc_column][/vc_row][vc_row][vc_column width=&#8221;1/3&#8243;][vc_custom_heading text=&#8221;Für wen&#8221; use_theme_fonts=&#8221;yes&#8221;][vc_column_text]Kinder und Jugendliche aller Schulstufen, auch ausserhalb des Schulkontextes.[/vc_column_text][/vc_column][vc_column width=&#8221;1/3&#8243;][vc_custom_heading text=&#8221;Warum&#8221; use_theme_fonts=&#8221;yes&#8221;][vc_column_text]Wir sind von der Prävention als wichtige Maßnahme in unserer Gesellschaft fest überzeugt und die  langjährige Erfahrung unserer Mitarbeiter und Mitarbeiterinnen kann hier voll zum Tragen kommen.<br />
Die umfassende Prävention ist eine grundlegende Sozialmaßnahme, da sie wesentlich zur Verbesserung der Lebensqualität beiträgt.[/vc_column_text][/vc_column][vc_column width=&#8221;1/3&#8243;][vc_custom_heading text=&#8221;Wann&#8221; use_theme_fonts=&#8221;yes&#8221;][vc_column_text]Zeit und Ort werden jeweils mit den Auftraggebern festgelegt.[/vc_column_text][/vc_column][/vc_row]</p>
</div>

<p>[vc_row][vc_column width=&#8221;1/2&#8243;][vc_custom_heading text=&#8221;Wo&#8221; use_theme_fonts=&#8221;yes&#8221;][vc_column_text css=&#8221;&#8221;]Verein “La Strada &#8211; Der Weg” ONLUS Mariaheimweg 46 39100 Bozen Tel. 0471 203 111 Verantwortliche: Cristina De Paoli &#8211; 334 6679045[/vc_column_text][vc_custom_heading text=&#8221;Wer&#8221; use_theme_fonts=&#8221;yes&#8221;][vc_column_text]Unser fachübergreifendes Team besteht aus Erziehern und Erzieherinnen, Psychologen und Psychologinnen sowie Mitarbeitern und Mitarbeiterinnen der verschiedenen Einrichtungen unseres Vereins, mit einer langjährigen Erfahrung in der Kinder- und&hellip;</p>
