{"id":1837,"date":"2018-08-18T16:45:40","date_gmt":"2018-08-18T14:45:40","guid":{"rendered":"http:\/\/www.lastrada-derweg.org\/?page_id=1837"},"modified":"2024-06-12T16:10:18","modified_gmt":"2024-06-12T14:10:18","slug":"finanz-und-buchhaltung","status":"publish","type":"page","link":"https:\/\/www.lastrada-derweg.org\/?page_id=1837&lang=de","title":{"rendered":"B\u00fcro f\u00fcr Finanz und Buchhaltung"},"content":{"rendered":"<div class=\"wpb-content-wrapper\"><p>[vc_row][vc_column width=&#8221;1\/2&#8243;][vc_custom_heading text=&#8221;Wo&#8221; use_theme_fonts=&#8221;yes&#8221;][vc_column_text css=&#8221;&#8221;]<strong>B\u00fcro f\u00fcr Finanz und Buchhaltung<\/strong><br \/>\nMariaheimweg 46 &#8211; 39100 Bozen<br \/>\nTel. 0471 203 111<\/p>\n<p><a class=\"ref\" href=\"mailto:verwaltung@lastrada-derweg.org\"><span class=\"color\">verwaltung@lastrada-derweg.org<\/span><\/a><\/p>\n<p>Verantwortliche: <strong>Alessandra Belvisi<\/strong><br \/>\nKoordinator: <strong>Tiziano Gilli<\/strong><\/p>\n<p>Mitarbeiterinnen: <strong>Sabrina Crivellari<\/strong>[\/vc_column_text][vc_custom_heading text=&#8221;Wer&#8221; use_theme_fonts=&#8221;yes&#8221;][vc_column_text]Ein flexibles und dynamisches Team von Buchhaltungsexperten[\/vc_column_text][\/vc_column][vc_column width=&#8221;1\/2&#8243;][vc_single_image image=&#8221;3120&#8243; img_size=&#8221;full&#8221;][\/vc_column][\/vc_row][vc_row][vc_column][vc_custom_heading text=&#8221;Was&#8221; use_theme_fonts=&#8221;yes&#8221;][vc_column_text]Wir verwalten die allgemeine Buchhaltung des Vereins w\u00e4hrend des gesamten passiven und aktiven Zyklus, sowie die analytischen Konten. Weiters bereiten wir auch die j\u00e4hrliche Kapitalflussrechnung und den Haushaltsvoranschlag f\u00fcr die Mitgliederversammlung vor.[\/vc_column_text][\/vc_column][\/vc_row][vc_row][vc_column width=&#8221;1\/3&#8243;][vc_custom_heading text=&#8221;F\u00fcr wen&#8221; use_theme_fonts=&#8221;yes&#8221;][vc_column_text]Das B\u00fcro verwaltet die Beziehungen mit den Kunden und Lieferanten sowie mit den internen Diensten des Vereins.[\/vc_column_text][\/vc_column][vc_column width=&#8221;1\/3&#8243;][vc_custom_heading text=&#8221;Warum&#8221; use_theme_fonts=&#8221;yes&#8221;][vc_column_text]Ziel ist es, eine ordnungsgem\u00e4\u00dfe administrative und steuerliche Verwaltung sowohl innerhalb als auch au\u00dferhalb des Vereins zu gew\u00e4hrleisten.[\/vc_column_text][\/vc_column][vc_column width=&#8221;1\/3&#8243;][vc_custom_heading text=&#8221;Wann&#8221; use_theme_fonts=&#8221;yes&#8221;][vc_column_text]Montag bis Freitag von 08:00 bis 12:30 Uhr.[\/vc_column_text][\/vc_column][\/vc_row]<\/p>\n<\/div>","protected":false},"excerpt":{"rendered":"<p>[vc_row][vc_column width=&#8221;1\/2&#8243;][vc_custom_heading text=&#8221;Wo&#8221; use_theme_fonts=&#8221;yes&#8221;][vc_column_text css=&#8221;&#8221;]B\u00fcro f\u00fcr Finanz und Buchhaltung Mariaheimweg 46 &#8211; 39100 Bozen Tel. 0471 203 111 verwaltung@lastrada-derweg.org Verantwortliche: Alessandra Belvisi Koordinator: Tiziano Gilli Mitarbeiterinnen: Sabrina Crivellari[\/vc_column_text][vc_custom_heading text=&#8221;Wer&#8221; use_theme_fonts=&#8221;yes&#8221;][vc_column_text]Ein flexibles und dynamisches Team von Buchhaltungsexperten[\/vc_column_text][\/vc_column][vc_column width=&#8221;1\/2&#8243;][vc_single_image image=&#8221;3120&#8243; img_size=&#8221;full&#8221;][\/vc_column][\/vc_row][vc_row][vc_column][vc_custom_heading text=&#8221;Was&#8221; use_theme_fonts=&#8221;yes&#8221;][vc_column_text]Wir verwalten die allgemeine Buchhaltung des Vereins w\u00e4hrend des gesamten passiven und aktiven Zyklus, sowie&hellip;<\/p>\n","protected":false},"author":1,"featured_media":0,"parent":1843,"menu_order":0,"comment_status":"closed","ping_status":"closed","template":"","meta":{"footnotes":""},"class_list":["post-1837","page","type-page","status-publish","hentry","description-off"],"_links":{"self":[{"href":"https:\/\/www.lastrada-derweg.org\/index.php?rest_route=\/wp\/v2\/pages\/1837","targetHints":{"allow":["GET"]}}],"collection":[{"href":"https:\/\/www.lastrada-derweg.org\/index.php?rest_route=\/wp\/v2\/pages"}],"about":[{"href":"https:\/\/www.lastrada-derweg.org\/index.php?rest_route=\/wp\/v2\/types\/page"}],"author":[{"embeddable":true,"href":"https:\/\/www.lastrada-derweg.org\/index.php?rest_route=\/wp\/v2\/users\/1"}],"replies":[{"embeddable":true,"href":"https:\/\/www.lastrada-derweg.org\/index.php?rest_route=%2Fwp%2Fv2%2Fcomments&post=1837"}],"version-history":[{"count":15,"href":"https:\/\/www.lastrada-derweg.org\/index.php?rest_route=\/wp\/v2\/pages\/1837\/revisions"}],"predecessor-version":[{"id":10097,"href":"https:\/\/www.lastrada-derweg.org\/index.php?rest_route=\/wp\/v2\/pages\/1837\/revisions\/10097"}],"up":[{"embeddable":true,"href":"https:\/\/www.lastrada-derweg.org\/index.php?rest_route=\/wp\/v2\/pages\/1843"}],"wp:attachment":[{"href":"https:\/\/www.lastrada-derweg.org\/index.php?rest_route=%2Fwp%2Fv2%2Fmedia&parent=1837"}],"curies":[{"name":"wp","href":"https:\/\/api.w.org\/{rel}","templated":true}]}}