{"id":1848,"date":"2018-08-18T17:13:47","date_gmt":"2018-08-18T15:13:47","guid":{"rendered":"http:\/\/www.lastrada-derweg.org\/?page_id=1848"},"modified":"2024-06-07T16:29:12","modified_gmt":"2024-06-07T14:29:12","slug":"sekretariat","status":"publish","type":"page","link":"https:\/\/www.lastrada-derweg.org\/?page_id=1848&lang=de","title":{"rendered":"Generalsekretariat und institutionelle Angelegenheiten"},"content":{"rendered":"<div class=\"wpb-content-wrapper\"><p>[vc_row][vc_column width=&#8221;1\/2&#8243;][vc_custom_heading text=&#8221;Wer&#8221; use_theme_fonts=&#8221;yes&#8221;][vc_column_text]Unser Team setzt sich aus zwei Vollzeitangestellten zusammen.[\/vc_column_text][vc_custom_heading text=&#8221;Wo&#8221; use_theme_fonts=&#8221;yes&#8221;][vc_column_text css=&#8221;&#8221;]<strong>Generalsekretariat und institutionelle Angelegenheiten<\/strong><br \/>\nMariaheimweg 46 &#8211; 39100 Bozen<br \/>\nTel. 0471 203 111 &#8211; Fax 0471 201 585<\/p>\n<p><a class=\"ref\" href=\"mailto:segreteria@lastrada-derweg.org\"><span class=\"color\">segreteria@lastrada-derweg.org<\/span><\/a><\/p>\n<p>&nbsp;<\/p>\n<p>Verantwortliche: <strong>Alexa Bonfanti<\/strong><br \/>\nMitarbeiter: Walter Zampedri[\/vc_column_text][\/vc_column][vc_column width=&#8221;1\/2&#8243;][vc_single_image image=&#8221;3104&#8243; img_size=&#8221;full&#8221;][\/vc_column][\/vc_row][vc_row][vc_column][vc_custom_heading text=&#8221;Was&#8221; use_theme_fonts=&#8221;yes&#8221;][vc_column_text css=&#8221;&#8221;]Als Generalsekretariat<\/p>\n<ul>\n<li>unterst\u00fctzen wir den Verwaltungsrat, das Pr\u00e4sidium, das Vizepr\u00e4sidium, die Generalversammlung und die Direktion in organisatorischen und verwaltungstechnischen Belangen;<\/li>\n<li>bearbeiten wir die gesamte Eingangspost in Papierform und mittels Email und Fax;<\/li>\n<li>verwalten wir die Aufnahme und Entlassung der Klienten und Klientinnen unserer Dienste, f\u00fchren Korrespondenz mit den \u00f6ffentlichen Gesundheits- und Sozialdiensten, leiten Antr\u00e4ge auf finanzielle Unterst\u00fctzung weiter und verarbeiten in diesem Zusammenhang Statistiken und Daten;<\/li>\n<li>verwalten wir unterschiedliche Vertr\u00e4ge und Vereinbarungen des Vereins;<\/li>\n<li>verwalten wir die Versicherungen des Vereins;<\/li>\n<li>bieten wir den einzelnen Diensten Beratung in rechtlichen Fragestellungen.<\/li>\n<\/ul>\n<p>[\/vc_column_text][\/vc_column][\/vc_row][vc_row][vc_column width=&#8221;1\/3&#8243;][vc_custom_heading text=&#8221;F\u00fcr wen&#8221; use_theme_fonts=&#8221;yes&#8221;][vc_column_text]Wir stehen den verschiedenen internen und externen Gespr\u00e4chspartnern und Gespr\u00e4chspartnerinnen der Direktion organisatorisch und verwaltungstechnisch zur Verf\u00fcgung.[\/vc_column_text][\/vc_column][vc_column width=&#8221;1\/3&#8243;][vc_custom_heading text=&#8221;Warum&#8221; use_theme_fonts=&#8221;yes&#8221;][vc_column_text]Ein gut organisierter Sekretariatsdienst tr\u00e4gt dazu bei, die Verwaltung effizient zu gestalten. Dies hat wiederum positive Auswirkungen auf alle Dienste des Vereins, sowohl in Bezug auf die Organisation der internen Arbeitsprozesse, als auch auf die optimale Nutzung der zur Verf\u00fcgung stehenden Ressourcen.[\/vc_column_text][\/vc_column][vc_column width=&#8221;1\/3&#8243;][vc_custom_heading text=&#8221;Wann&#8221; use_theme_fonts=&#8221;yes&#8221;][vc_column_text css=&#8221;&#8221;]Montags bis donnerstags von 08:30 bis 12:30 Uhr und von 14:00 bis 16:00 Uhr.<br \/>\nFreitags von 08:30 bis 12:30 Uhr.[\/vc_column_text][\/vc_column][\/vc_row]<\/p>\n<\/div>","protected":false},"excerpt":{"rendered":"<p>[vc_row][vc_column width=&#8221;1\/2&#8243;][vc_custom_heading text=&#8221;Wer&#8221; use_theme_fonts=&#8221;yes&#8221;][vc_column_text]Unser Team setzt sich aus zwei Vollzeitangestellten zusammen.[\/vc_column_text][vc_custom_heading text=&#8221;Wo&#8221; use_theme_fonts=&#8221;yes&#8221;][vc_column_text css=&#8221;&#8221;]Generalsekretariat und institutionelle Angelegenheiten Mariaheimweg 46 &#8211; 39100 Bozen Tel. 0471 203 111 &#8211; Fax 0471 201 585 segreteria@lastrada-derweg.org &nbsp; Verantwortliche: Alexa Bonfanti Mitarbeiter: Walter Zampedri[\/vc_column_text][\/vc_column][vc_column width=&#8221;1\/2&#8243;][vc_single_image image=&#8221;3104&#8243; img_size=&#8221;full&#8221;][\/vc_column][\/vc_row][vc_row][vc_column][vc_custom_heading text=&#8221;Was&#8221; use_theme_fonts=&#8221;yes&#8221;][vc_column_text css=&#8221;&#8221;]Als Generalsekretariat unterst\u00fctzen wir den Verwaltungsrat, das Pr\u00e4sidium, das Vizepr\u00e4sidium, die&hellip;<\/p>\n","protected":false},"author":1,"featured_media":0,"parent":1843,"menu_order":0,"comment_status":"closed","ping_status":"closed","template":"","meta":{"footnotes":""},"class_list":["post-1848","page","type-page","status-publish","hentry","description-off"],"_links":{"self":[{"href":"https:\/\/www.lastrada-derweg.org\/index.php?rest_route=\/wp\/v2\/pages\/1848","targetHints":{"allow":["GET"]}}],"collection":[{"href":"https:\/\/www.lastrada-derweg.org\/index.php?rest_route=\/wp\/v2\/pages"}],"about":[{"href":"https:\/\/www.lastrada-derweg.org\/index.php?rest_route=\/wp\/v2\/types\/page"}],"author":[{"embeddable":true,"href":"https:\/\/www.lastrada-derweg.org\/index.php?rest_route=\/wp\/v2\/users\/1"}],"replies":[{"embeddable":true,"href":"https:\/\/www.lastrada-derweg.org\/index.php?rest_route=%2Fwp%2Fv2%2Fcomments&post=1848"}],"version-history":[{"count":10,"href":"https:\/\/www.lastrada-derweg.org\/index.php?rest_route=\/wp\/v2\/pages\/1848\/revisions"}],"predecessor-version":[{"id":10034,"href":"https:\/\/www.lastrada-derweg.org\/index.php?rest_route=\/wp\/v2\/pages\/1848\/revisions\/10034"}],"up":[{"embeddable":true,"href":"https:\/\/www.lastrada-derweg.org\/index.php?rest_route=\/wp\/v2\/pages\/1843"}],"wp:attachment":[{"href":"https:\/\/www.lastrada-derweg.org\/index.php?rest_route=%2Fwp%2Fv2%2Fmedia&parent=1848"}],"curies":[{"name":"wp","href":"https:\/\/api.w.org\/{rel}","templated":true}]}}

<div class="wpb-content-wrapper"><p>[vc_row][vc_column width=&#8221;1/2&#8243;][vc_custom_heading text=&#8221;Wer&#8221; use_theme_fonts=&#8221;yes&#8221;][vc_column_text]Unser Team setzt sich aus zwei Vollzeitangestellten zusammen.[/vc_column_text][vc_custom_heading text=&#8221;Wo&#8221; use_theme_fonts=&#8221;yes&#8221;][vc_column_text css=&#8221;&#8221;]<strong>Generalsekretariat und institutionelle Angelegenheiten</strong><br />
Mariaheimweg 46 &#8211; 39100 Bozen<br />
Tel. 0471 203 111 &#8211; Fax 0471 201 585</p>
<p><a class="ref" href="mailto:segreteria@lastrada-derweg.org"><span class="color">segreteria@lastrada-derweg.org</span></a></p>
<p>&nbsp;</p>
<p>Verantwortliche: <strong>Alexa Bonfanti</strong><br />
Mitarbeiter: Walter Zampedri[/vc_column_text][/vc_column][vc_column width=&#8221;1/2&#8243;][vc_single_image image=&#8221;3104&#8243; img_size=&#8221;full&#8221;][/vc_column][/vc_row][vc_row][vc_column][vc_custom_heading text=&#8221;Was&#8221; use_theme_fonts=&#8221;yes&#8221;][vc_column_text css=&#8221;&#8221;]Als Generalsekretariat</p>
<ul>
<li>unterstützen wir den Verwaltungsrat, das Präsidium, das Vizepräsidium, die Generalversammlung und die Direktion in organisatorischen und verwaltungstechnischen Belangen;</li>
<li>bearbeiten wir die gesamte Eingangspost in Papierform und mittels Email und Fax;</li>
<li>verwalten wir die Aufnahme und Entlassung der Klienten und Klientinnen unserer Dienste, führen Korrespondenz mit den öffentlichen Gesundheits- und Sozialdiensten, leiten Anträge auf finanzielle Unterstützung weiter und verarbeiten in diesem Zusammenhang Statistiken und Daten;</li>
<li>verwalten wir unterschiedliche Verträge und Vereinbarungen des Vereins;</li>
<li>verwalten wir die Versicherungen des Vereins;</li>
<li>bieten wir den einzelnen Diensten Beratung in rechtlichen Fragestellungen.</li>
</ul>
<p>[/vc_column_text][/vc_column][/vc_row][vc_row][vc_column width=&#8221;1/3&#8243;][vc_custom_heading text=&#8221;Für wen&#8221; use_theme_fonts=&#8221;yes&#8221;][vc_column_text]Wir stehen den verschiedenen internen und externen Gesprächspartnern und Gesprächspartnerinnen der Direktion organisatorisch und verwaltungstechnisch zur Verfügung.[/vc_column_text][/vc_column][vc_column width=&#8221;1/3&#8243;][vc_custom_heading text=&#8221;Warum&#8221; use_theme_fonts=&#8221;yes&#8221;][vc_column_text]Ein gut organisierter Sekretariatsdienst trägt dazu bei, die Verwaltung effizient zu gestalten. Dies hat wiederum positive Auswirkungen auf alle Dienste des Vereins, sowohl in Bezug auf die Organisation der internen Arbeitsprozesse, als auch auf die optimale Nutzung der zur Verfügung stehenden Ressourcen.[/vc_column_text][/vc_column][vc_column width=&#8221;1/3&#8243;][vc_custom_heading text=&#8221;Wann&#8221; use_theme_fonts=&#8221;yes&#8221;][vc_column_text css=&#8221;&#8221;]Montags bis donnerstags von 08:30 bis 12:30 Uhr und von 14:00 bis 16:00 Uhr.<br />
Freitags von 08:30 bis 12:30 Uhr.[/vc_column_text][/vc_column][/vc_row]</p>
</div>

<p>[vc_row][vc_column width=&#8221;1/2&#8243;][vc_custom_heading text=&#8221;Wer&#8221; use_theme_fonts=&#8221;yes&#8221;][vc_column_text]Unser Team setzt sich aus zwei Vollzeitangestellten zusammen.[/vc_column_text][vc_custom_heading text=&#8221;Wo&#8221; use_theme_fonts=&#8221;yes&#8221;][vc_column_text css=&#8221;&#8221;]Generalsekretariat und institutionelle Angelegenheiten Mariaheimweg 46 &#8211; 39100 Bozen Tel. 0471 203 111 &#8211; Fax 0471 201 585 segreteria@lastrada-derweg.org &nbsp; Verantwortliche: Alexa Bonfanti Mitarbeiter: Walter Zampedri[/vc_column_text][/vc_column][vc_column width=&#8221;1/2&#8243;][vc_single_image image=&#8221;3104&#8243; img_size=&#8221;full&#8221;][/vc_column][/vc_row][vc_row][vc_column][vc_custom_heading text=&#8221;Was&#8221; use_theme_fonts=&#8221;yes&#8221;][vc_column_text css=&#8221;&#8221;]Als Generalsekretariat unterstützen wir den Verwaltungsrat, das Präsidium, das Vizepräsidium, die&hellip;</p>
