{"id":1851,"date":"2018-08-18T17:18:01","date_gmt":"2018-08-18T15:18:01","guid":{"rendered":"http:\/\/www.lastrada-derweg.org\/?page_id=1851"},"modified":"2024-06-07T16:51:24","modified_gmt":"2024-06-07T14:51:24","slug":"centralino","status":"publish","type":"page","link":"https:\/\/www.lastrada-derweg.org\/?page_id=1851","title":{"rendered":"Centralino"},"content":{"rendered":"<div class=\"wpb-content-wrapper\"><p>[vc_row][vc_column width=&#8221;1\/2&#8243;][vc_custom_heading text=&#8221;Chi siamo&#8221; use_theme_fonts=&#8221;yes&#8221;][vc_column_text css=&#8221;&#8221;]Il Centralino \u00e8 gestito da due dipendenti part-time.[\/vc_column_text][vc_custom_heading text=&#8221;Dove siamo&#8221; use_theme_fonts=&#8221;yes&#8221;][vc_column_text css=&#8221;&#8221;]<strong>Centralino<\/strong><br \/>\nVia Visitazione 46 \u2013 39100 Bolzano<br \/>\nTel. 0471 203111 &#8211; Fax 0471 201585<\/p>\n<p><a href=\"mailto:centralino@lastrada-derweg.org\">centralino@lastrada-derweg.org<\/a><\/p>\n<p>Responsabile: Alexa Bonfanti<br \/>\nCollaboratori e collaboratrici: Danilo Zanvit, Luisa Bellavere. Il centralino si avvale anche dei servizi volontari.[\/vc_column_text][\/vc_column][vc_column width=&#8221;1\/2&#8243;][vc_single_image image=&#8221;3106&#8243; img_size=&#8221;full&#8221;][\/vc_column][\/vc_row][vc_row][vc_column][vc_custom_heading text=&#8221;Cosa facciamo&#8221; use_theme_fonts=&#8221;yes&#8221;][vc_column_text css=&#8221;&#8221;]Accoglienza e front office;<\/p>\n<ul>\n<li>smistamento traffico telefonico in entrata verso i servizi interessati;<\/li>\n<li>prenotazione viaggi, alberghi (per motivi di servizio);<\/li>\n<li>fissazione appuntamenti;<\/li>\n<li>front office per convegni e attivit\u00e0 dell\u2019associazione;<\/li>\n<li>gestione del parco macchine<\/li>\n<\/ul>\n<p>[\/vc_column_text][\/vc_column][\/vc_row][vc_row][vc_column width=&#8221;1\/3&#8243;][vc_custom_heading text=&#8221;Per chi&#8221; use_theme_fonts=&#8221;yes&#8221;][vc_column_text css=&#8221;&#8221;]Siamo il primo interlocutore per l&#8217;utenza e il pubblico per cui facciamo attivit\u00e0 di supporto e facilitiamo tutti i servizi dell&#8217;Associazione.[\/vc_column_text][\/vc_column][vc_column width=&#8221;1\/3&#8243;][vc_custom_heading text=&#8221;Perch\u00e9&#8221; use_theme_fonts=&#8221;yes&#8221;][vc_column_text]Il centralino, essendo il primo punto di accoglienza per chi si rivolge all&#8217;Associazione, serve da primo filtro alle varie richieste e ha quindi un ruolo fondamentale per il buon funzionamento dell&#8217;apparato organizzativo.[\/vc_column_text][\/vc_column][vc_column width=&#8221;1\/3&#8243;][vc_custom_heading text=&#8221;Quando&#8221; use_theme_fonts=&#8221;yes&#8221;][vc_column_text]Dal luned\u00ec a gioved\u00ec dalle 8.30 alle 17.00, venerd\u00ec dalle 8.30 alle 12.30.[\/vc_column_text][\/vc_column][\/vc_row]<\/p>\n<\/div>","protected":false},"excerpt":{"rendered":"<p>[vc_row][vc_column width=&#8221;1\/2&#8243;][vc_custom_heading text=&#8221;Chi siamo&#8221; use_theme_fonts=&#8221;yes&#8221;][vc_column_text css=&#8221;&#8221;]Il Centralino \u00e8 gestito da due dipendenti part-time.[\/vc_column_text][vc_custom_heading text=&#8221;Dove siamo&#8221; use_theme_fonts=&#8221;yes&#8221;][vc_column_text css=&#8221;&#8221;]Centralino Via Visitazione 46 \u2013 39100 Bolzano Tel. 0471 203111 &#8211; Fax 0471 201585 centralino@lastrada-derweg.org Responsabile: Alexa Bonfanti Collaboratori e collaboratrici: Danilo Zanvit, Luisa Bellavere. Il centralino si avvale anche dei servizi volontari.[\/vc_column_text][\/vc_column][vc_column width=&#8221;1\/2&#8243;][vc_single_image image=&#8221;3106&#8243; img_size=&#8221;full&#8221;][\/vc_column][\/vc_row][vc_row][vc_column][vc_custom_heading text=&#8221;Cosa facciamo&#8221; use_theme_fonts=&#8221;yes&#8221;][vc_column_text&hellip;<\/p>\n","protected":false},"author":1,"featured_media":0,"parent":1841,"menu_order":0,"comment_status":"closed","ping_status":"closed","template":"","meta":{"footnotes":""},"class_list":["post-1851","page","type-page","status-publish","hentry","description-off"],"_links":{"self":[{"href":"https:\/\/www.lastrada-derweg.org\/index.php?rest_route=\/wp\/v2\/pages\/1851","targetHints":{"allow":["GET"]}}],"collection":[{"href":"https:\/\/www.lastrada-derweg.org\/index.php?rest_route=\/wp\/v2\/pages"}],"about":[{"href":"https:\/\/www.lastrada-derweg.org\/index.php?rest_route=\/wp\/v2\/types\/page"}],"author":[{"embeddable":true,"href":"https:\/\/www.lastrada-derweg.org\/index.php?rest_route=\/wp\/v2\/users\/1"}],"replies":[{"embeddable":true,"href":"https:\/\/www.lastrada-derweg.org\/index.php?rest_route=%2Fwp%2Fv2%2Fcomments&post=1851"}],"version-history":[{"count":13,"href":"https:\/\/www.lastrada-derweg.org\/index.php?rest_route=\/wp\/v2\/pages\/1851\/revisions"}],"predecessor-version":[{"id":10037,"href":"https:\/\/www.lastrada-derweg.org\/index.php?rest_route=\/wp\/v2\/pages\/1851\/revisions\/10037"}],"up":[{"embeddable":true,"href":"https:\/\/www.lastrada-derweg.org\/index.php?rest_route=\/wp\/v2\/pages\/1841"}],"wp:attachment":[{"href":"https:\/\/www.lastrada-derweg.org\/index.php?rest_route=%2Fwp%2Fv2%2Fmedia&parent=1851"}],"curies":[{"name":"wp","href":"https:\/\/api.w.org\/{rel}","templated":true}]}}

<div class="wpb-content-wrapper"><p>[vc_row][vc_column width=&#8221;1/2&#8243;][vc_custom_heading text=&#8221;Chi siamo&#8221; use_theme_fonts=&#8221;yes&#8221;][vc_column_text css=&#8221;&#8221;]Il Centralino è gestito da due dipendenti part-time.[/vc_column_text][vc_custom_heading text=&#8221;Dove siamo&#8221; use_theme_fonts=&#8221;yes&#8221;][vc_column_text css=&#8221;&#8221;]<strong>Centralino</strong><br />
Via Visitazione 46 – 39100 Bolzano<br />
Tel. 0471 203111 &#8211; Fax 0471 201585</p>
<p><a href="mailto:centralino@lastrada-derweg.org">centralino@lastrada-derweg.org</a></p>
<p>Responsabile: Alexa Bonfanti<br />
Collaboratori e collaboratrici: Danilo Zanvit, Luisa Bellavere. Il centralino si avvale anche dei servizi volontari.[/vc_column_text][/vc_column][vc_column width=&#8221;1/2&#8243;][vc_single_image image=&#8221;3106&#8243; img_size=&#8221;full&#8221;][/vc_column][/vc_row][vc_row][vc_column][vc_custom_heading text=&#8221;Cosa facciamo&#8221; use_theme_fonts=&#8221;yes&#8221;][vc_column_text css=&#8221;&#8221;]Accoglienza e front office;</p>
<ul>
<li>smistamento traffico telefonico in entrata verso i servizi interessati;</li>
<li>prenotazione viaggi, alberghi (per motivi di servizio);</li>
<li>fissazione appuntamenti;</li>
<li>front office per convegni e attività dell’associazione;</li>
<li>gestione del parco macchine</li>
</ul>
<p>[/vc_column_text][/vc_column][/vc_row][vc_row][vc_column width=&#8221;1/3&#8243;][vc_custom_heading text=&#8221;Per chi&#8221; use_theme_fonts=&#8221;yes&#8221;][vc_column_text css=&#8221;&#8221;]Siamo il primo interlocutore per l&#8217;utenza e il pubblico per cui facciamo attività di supporto e facilitiamo tutti i servizi dell&#8217;Associazione.[/vc_column_text][/vc_column][vc_column width=&#8221;1/3&#8243;][vc_custom_heading text=&#8221;Perché&#8221; use_theme_fonts=&#8221;yes&#8221;][vc_column_text]Il centralino, essendo il primo punto di accoglienza per chi si rivolge all&#8217;Associazione, serve da primo filtro alle varie richieste e ha quindi un ruolo fondamentale per il buon funzionamento dell&#8217;apparato organizzativo.[/vc_column_text][/vc_column][vc_column width=&#8221;1/3&#8243;][vc_custom_heading text=&#8221;Quando&#8221; use_theme_fonts=&#8221;yes&#8221;][vc_column_text]Dal lunedì a giovedì dalle 8.30 alle 17.00, venerdì dalle 8.30 alle 12.30.[/vc_column_text][/vc_column][/vc_row]</p>
</div>

<p>[vc_row][vc_column width=&#8221;1/2&#8243;][vc_custom_heading text=&#8221;Chi siamo&#8221; use_theme_fonts=&#8221;yes&#8221;][vc_column_text css=&#8221;&#8221;]Il Centralino è gestito da due dipendenti part-time.[/vc_column_text][vc_custom_heading text=&#8221;Dove siamo&#8221; use_theme_fonts=&#8221;yes&#8221;][vc_column_text css=&#8221;&#8221;]Centralino Via Visitazione 46 – 39100 Bolzano Tel. 0471 203111 &#8211; Fax 0471 201585 centralino@lastrada-derweg.org Responsabile: Alexa Bonfanti Collaboratori e collaboratrici: Danilo Zanvit, Luisa Bellavere. Il centralino si avvale anche dei servizi volontari.[/vc_column_text][/vc_column][vc_column width=&#8221;1/2&#8243;][vc_single_image image=&#8221;3106&#8243; img_size=&#8221;full&#8221;][/vc_column][/vc_row][vc_row][vc_column][vc_custom_heading text=&#8221;Cosa facciamo&#8221; use_theme_fonts=&#8221;yes&#8221;][vc_column_text&hellip;</p>
