{"id":1855,"date":"2018-08-18T17:26:02","date_gmt":"2018-08-18T15:26:02","guid":{"rendered":"http:\/\/www.lastrada-derweg.org\/?page_id=1855"},"modified":"2024-06-11T16:30:35","modified_gmt":"2024-06-11T14:30:35","slug":"ufficio-sicurezza","status":"publish","type":"page","link":"https:\/\/www.lastrada-derweg.org\/?page_id=1855","title":{"rendered":"Ufficio sicurezza"},"content":{"rendered":"<div class=\"wpb-content-wrapper\"><p>[vc_row][vc_column width=&#8221;1\/2&#8243;][vc_custom_heading text=&#8221;Chi siamo&#8221; use_theme_fonts=&#8221;yes&#8221;][vc_column_text css=&#8221;&#8221;]L\u2019ufficio \u00e8 gestito dalla responsabile dell&#8217;area Segreteria Generale e Affari Istituzionali e collabora con il direttore, il rappresentante dei lavoratori per la sicurezza (RLS) che viene eletto dal personale dell\u2019Associazione, il Responsabile del servizio di prevenzione e protezione (RSPP) e il medico competente. L\u2019RSPP e il medico competente svolgono il loro servizio previa nomina da parte del Consiglio di Amministrazione dell\u2019associazione.[\/vc_column_text][vc_custom_heading text=&#8221;Dove siamo&#8221; use_theme_fonts=&#8221;yes&#8221;][vc_column_text css=&#8221;&#8221;]<strong>Ufficio sicurezza<\/strong><br \/>\nVia Visitazione 46 &#8211; 39100 Bolzano<br \/>\ntel.: 0471 203111 &#8211; fax: 0471 201585<\/p>\n<p><a href=\"mailto:direzione@lastrada-derweg.org\">direzione@lastrada-derweg.org<\/a><\/p>\n<p>Responsabile: Alexa Bonfanti<br \/>\nCollaboratore: Walter Zampedri<br \/>\nRLS: Marco Fasson<br \/>\nRSPP: M.C. System s.r.l.<br \/>\nMedico competente: Boma s.r.l. &#8211; Sanatrix[\/vc_column_text][\/vc_column][vc_column width=&#8221;1\/2&#8243;][vc_single_image image=&#8221;3132&#8243; img_size=&#8221;full&#8221;][\/vc_column][\/vc_row][vc_row][vc_column][vc_custom_heading text=&#8221;Cosa facciamo&#8221; use_theme_fonts=&#8221;yes&#8221;][vc_column_text css=&#8221;&#8221;]\u2022 organizziamo la formazione obbligatoria sulla sicurezza e sulla sorveglianza sanitaria per tutto il personale operante (dipendenti, volontari, tirocinanti);<br \/>\n\u2022 garantiamo l\u2019esecuzione dei sopralluoghi nei singoli servizi e nelle strutture<br \/>\nIl RLS \u00e8 eletto dai dipendenti e li rappresenta davanti alla direzione per quanto riguarda gli aspetti\u00a0della salute\u00a0e della sicurezza del lavoro.[\/vc_column_text][\/vc_column][\/vc_row][vc_row][vc_column width=&#8221;1\/3&#8243;][vc_custom_heading text=&#8221;Per chi&#8221; use_theme_fonts=&#8221;yes&#8221;][vc_column_text css=&#8221;&#8221;]Organizziamo la formazione obbligatoria per tutto il personale stipendiato e volontario e per tutte le persone che in qualche modo svolgono attivit\u00e0 all\u2019interno dell\u2019associazione.[\/vc_column_text][\/vc_column][vc_column width=&#8221;1\/3&#8243;][vc_custom_heading text=&#8221;Perch\u00e9&#8221; use_theme_fonts=&#8221;yes&#8221;][vc_column_text css=&#8221;&#8221;]L&#8217;obiettivo primario \u00e8 poter garantire al personale un luogo di lavoro sicuro, adatto alle esigenze e particolarit\u00e0 di tutte le persone che dedicano tempo e risorse. Inoltre si vuole ottemperare agli obblighi legislativi per la garanzia della sicurezza sul posto di lavoro.[\/vc_column_text][\/vc_column][vc_column width=&#8221;1\/3&#8243;][vc_custom_heading text=&#8221;Quando&#8221; use_theme_fonts=&#8221;yes&#8221;][vc_column_text css=&#8221;&#8221;]Da luned\u00ec a gioved\u00ec dalle ore 8.30 alle ore 12.30 e dalle ore 14.30 alle ore 16.00<br \/>\nIl venerd\u00ec dalle ore 08.30 alle ore 12.30.[\/vc_column_text][\/vc_column][\/vc_row]<\/p>\n<\/div>","protected":false},"excerpt":{"rendered":"<p>[vc_row][vc_column width=&#8221;1\/2&#8243;][vc_custom_heading text=&#8221;Chi siamo&#8221; use_theme_fonts=&#8221;yes&#8221;][vc_column_text css=&#8221;&#8221;]L\u2019ufficio \u00e8 gestito dalla responsabile dell&#8217;area Segreteria Generale e Affari Istituzionali e collabora con il direttore, il rappresentante dei lavoratori per la sicurezza (RLS) che viene eletto dal personale dell\u2019Associazione, il Responsabile del servizio di prevenzione e protezione (RSPP) e il medico competente. L\u2019RSPP e il medico competente svolgono il&hellip;<\/p>\n","protected":false},"author":1,"featured_media":0,"parent":1841,"menu_order":0,"comment_status":"closed","ping_status":"closed","template":"","meta":{"footnotes":""},"class_list":["post-1855","page","type-page","status-publish","hentry","description-off"],"_links":{"self":[{"href":"https:\/\/www.lastrada-derweg.org\/index.php?rest_route=\/wp\/v2\/pages\/1855","targetHints":{"allow":["GET"]}}],"collection":[{"href":"https:\/\/www.lastrada-derweg.org\/index.php?rest_route=\/wp\/v2\/pages"}],"about":[{"href":"https:\/\/www.lastrada-derweg.org\/index.php?rest_route=\/wp\/v2\/types\/page"}],"author":[{"embeddable":true,"href":"https:\/\/www.lastrada-derweg.org\/index.php?rest_route=\/wp\/v2\/users\/1"}],"replies":[{"embeddable":true,"href":"https:\/\/www.lastrada-derweg.org\/index.php?rest_route=%2Fwp%2Fv2%2Fcomments&post=1855"}],"version-history":[{"count":11,"href":"https:\/\/www.lastrada-derweg.org\/index.php?rest_route=\/wp\/v2\/pages\/1855\/revisions"}],"predecessor-version":[{"id":10059,"href":"https:\/\/www.lastrada-derweg.org\/index.php?rest_route=\/wp\/v2\/pages\/1855\/revisions\/10059"}],"up":[{"embeddable":true,"href":"https:\/\/www.lastrada-derweg.org\/index.php?rest_route=\/wp\/v2\/pages\/1841"}],"wp:attachment":[{"href":"https:\/\/www.lastrada-derweg.org\/index.php?rest_route=%2Fwp%2Fv2%2Fmedia&parent=1855"}],"curies":[{"name":"wp","href":"https:\/\/api.w.org\/{rel}","templated":true}]}}

<div class="wpb-content-wrapper"><p>[vc_row][vc_column width=&#8221;1/2&#8243;][vc_custom_heading text=&#8221;Chi siamo&#8221; use_theme_fonts=&#8221;yes&#8221;][vc_column_text css=&#8221;&#8221;]L’ufficio è gestito dalla responsabile dell&#8217;area Segreteria Generale e Affari Istituzionali e collabora con il direttore, il rappresentante dei lavoratori per la sicurezza (RLS) che viene eletto dal personale dell’Associazione, il Responsabile del servizio di prevenzione e protezione (RSPP) e il medico competente. L’RSPP e il medico competente svolgono il loro servizio previa nomina da parte del Consiglio di Amministrazione dell’associazione.[/vc_column_text][vc_custom_heading text=&#8221;Dove siamo&#8221; use_theme_fonts=&#8221;yes&#8221;][vc_column_text css=&#8221;&#8221;]<strong>Ufficio sicurezza</strong><br />
Via Visitazione 46 &#8211; 39100 Bolzano<br />
tel.: 0471 203111 &#8211; fax: 0471 201585</p>
<p><a href="mailto:direzione@lastrada-derweg.org">direzione@lastrada-derweg.org</a></p>
<p>Responsabile: Alexa Bonfanti<br />
Collaboratore: Walter Zampedri<br />
RLS: Marco Fasson<br />
RSPP: M.C. System s.r.l.<br />
Medico competente: Boma s.r.l. &#8211; Sanatrix[/vc_column_text][/vc_column][vc_column width=&#8221;1/2&#8243;][vc_single_image image=&#8221;3132&#8243; img_size=&#8221;full&#8221;][/vc_column][/vc_row][vc_row][vc_column][vc_custom_heading text=&#8221;Cosa facciamo&#8221; use_theme_fonts=&#8221;yes&#8221;][vc_column_text css=&#8221;&#8221;]• organizziamo la formazione obbligatoria sulla sicurezza e sulla sorveglianza sanitaria per tutto il personale operante (dipendenti, volontari, tirocinanti);<br />
• garantiamo l’esecuzione dei sopralluoghi nei singoli servizi e nelle strutture<br />
Il RLS è eletto dai dipendenti e li rappresenta davanti alla direzione per quanto riguarda gli aspetti della salute e della sicurezza del lavoro.[/vc_column_text][/vc_column][/vc_row][vc_row][vc_column width=&#8221;1/3&#8243;][vc_custom_heading text=&#8221;Per chi&#8221; use_theme_fonts=&#8221;yes&#8221;][vc_column_text css=&#8221;&#8221;]Organizziamo la formazione obbligatoria per tutto il personale stipendiato e volontario e per tutte le persone che in qualche modo svolgono attività all’interno dell’associazione.[/vc_column_text][/vc_column][vc_column width=&#8221;1/3&#8243;][vc_custom_heading text=&#8221;Perché&#8221; use_theme_fonts=&#8221;yes&#8221;][vc_column_text css=&#8221;&#8221;]L&#8217;obiettivo primario è poter garantire al personale un luogo di lavoro sicuro, adatto alle esigenze e particolarità di tutte le persone che dedicano tempo e risorse. Inoltre si vuole ottemperare agli obblighi legislativi per la garanzia della sicurezza sul posto di lavoro.[/vc_column_text][/vc_column][vc_column width=&#8221;1/3&#8243;][vc_custom_heading text=&#8221;Quando&#8221; use_theme_fonts=&#8221;yes&#8221;][vc_column_text css=&#8221;&#8221;]Da lunedì a giovedì dalle ore 8.30 alle ore 12.30 e dalle ore 14.30 alle ore 16.00<br />
Il venerdì dalle ore 08.30 alle ore 12.30.[/vc_column_text][/vc_column][/vc_row]</p>
</div>

<p>[vc_row][vc_column width=&#8221;1/2&#8243;][vc_custom_heading text=&#8221;Chi siamo&#8221; use_theme_fonts=&#8221;yes&#8221;][vc_column_text css=&#8221;&#8221;]L’ufficio è gestito dalla responsabile dell&#8217;area Segreteria Generale e Affari Istituzionali e collabora con il direttore, il rappresentante dei lavoratori per la sicurezza (RLS) che viene eletto dal personale dell’Associazione, il Responsabile del servizio di prevenzione e protezione (RSPP) e il medico competente. L’RSPP e il medico competente svolgono il&hellip;</p>
