{"id":1874,"date":"2018-08-20T14:58:56","date_gmt":"2018-08-20T12:58:56","guid":{"rendered":"http:\/\/www.lastrada-derweg.org\/?page_id=1874"},"modified":"2024-07-12T13:12:24","modified_gmt":"2024-07-12T11:12:24","slug":"kontakte","status":"publish","type":"page","link":"https:\/\/www.lastrada-derweg.org\/?page_id=1874&lang=de","title":{"rendered":"Kontakte"},"content":{"rendered":"<div class=\"wpb-content-wrapper\"><p>[vc_row][vc_column width=&#8221;1\/2&#8243;][vc_column_text css=&#8221;&#8221;]Verein &#8220;La Strada &#8211; Der Weg&#8221;<br \/>\nTelefonzentrale: Mariaheimweg 46<br \/>\n39100 Bozen[\/vc_column_text][vc_column_text css=&#8221;&#8221;]Parteienverkehr:<br \/>\nvon Montag bis Donnerstag 8.00-17.00 Uhr<br \/>\nFreitag 8.00-12.30 Uhr[\/vc_column_text][vc_column_text css=&#8221;&#8221;]Tel. 0471 203 111<br \/>\n<a href=\"mailto:info@lastrada-derweg.org\">info@lastrada-derweg.org<\/a><\/p>\n<p><strong>Gr\u00fcne Nummer f\u00fcr die Abh\u00e4ngigkeiten: 800 621 606<\/strong>[\/vc_column_text][\/vc_column][vc_column width=&#8221;1\/2&#8243;][vc_gmaps link=&#8221;#E-8_JTNDaWZyYW1lJTIwc3JjJTNEJTIyaHR0cHMlM0ElMkYlMkZ3d3cuZ29vZ2xlLmNvbSUyRm1hcHMlMkZlbWJlZCUzRnBiJTNEJTIxMW0xOCUyMTFtMTIlMjExbTMlMjExZDIxNzEuMjM1NDQ4MDQ2NzQxJTIxMmQxMS4zMjk3MDI2NzUwMjAyNzclMjEzZDQ2LjQ5MTkzMTk1NzQ4NzY3JTIxMm0zJTIxMWYwJTIxMmYwJTIxM2YwJTIxM20yJTIxMWkxMDI0JTIxMmk3NjglMjE0ZjEzLjElMjEzbTMlMjExbTIlMjExczB4NDc4MjllOWJiMDMyOTM0ZiUyNTNBMHg3ZjI5Y2RjODVmZGI1YTcyJTIxMnNBc3NvY2lhemlvbmUlMkJMYSUyQlN0cmFkYSUyQi0lMkJEZXIlMkJXZWclMjE1ZTAlMjEzbTIlMjExc2l0JTIxMnNpdCUyMTR2MTUzNDc2OTU3MTIwMiUyMiUyMHdpZHRoJTNEJTIyMTAwJTI1JTIyJTIwaGVpZ2h0JTNEJTIyNDUwJTIyJTIwZnJhbWVib3JkZXIlM0QlMjIwJTIyJTIwc3R5bGUlM0QlMjJib3JkZXIlM0EwJTIyJTIwYWxsb3dmdWxsc2NyZWVuJTNFJTNDJTJGaWZyYW1lJTNF&#8221;][\/vc_column][\/vc_row]<\/p>\n<\/div>","protected":false},"excerpt":{"rendered":"<p>[vc_row][vc_column width=&#8221;1\/2&#8243;][vc_column_text css=&#8221;&#8221;]Verein &#8220;La Strada &#8211; Der Weg&#8221; Telefonzentrale: Mariaheimweg 46 39100 Bozen[\/vc_column_text][vc_column_text css=&#8221;&#8221;]Parteienverkehr: von Montag bis Donnerstag 8.00-17.00 Uhr Freitag 8.00-12.30 Uhr[\/vc_column_text][vc_column_text css=&#8221;&#8221;]Tel. 0471 203 111 info@lastrada-derweg.org Gr\u00fcne Nummer f\u00fcr die Abh\u00e4ngigkeiten: 800 621 606[\/vc_column_text][\/vc_column][vc_column width=&#8221;1\/2&#8243;][vc_gmaps link=&#8221;#E-8_JTNDaWZyYW1lJTIwc3JjJTNEJTIyaHR0cHMlM0ElMkYlMkZ3d3cuZ29vZ2xlLmNvbSUyRm1hcHMlMkZlbWJlZCUzRnBiJTNEJTIxMW0xOCUyMTFtMTIlMjExbTMlMjExZDIxNzEuMjM1NDQ4MDQ2NzQxJTIxMmQxMS4zMjk3MDI2NzUwMjAyNzclMjEzZDQ2LjQ5MTkzMTk1NzQ4NzY3JTIxMm0zJTIxMWYwJTIxMmYwJTIxM2YwJTIxM20yJTIxMWkxMDI0JTIxMmk3NjglMjE0ZjEzLjElMjEzbTMlMjExbTIlMjExczB4NDc4MjllOWJiMDMyOTM0ZiUyNTNBMHg3ZjI5Y2RjODVmZGI1YTcyJTIxMnNBc3NvY2lhemlvbmUlMkJMYSUyQlN0cmFkYSUyQi0lMkJEZXIlMkJXZWclMjE1ZTAlMjEzbTIlMjExc2l0JTIxMnNpdCUyMTR2MTUzNDc2OTU3MTIwMiUyMiUyMHdpZHRoJTNEJTIyMTAwJTI1JTIyJTIwaGVpZ2h0JTNEJTIyNDUwJTIyJTIwZnJhbWVib3JkZXIlM0QlMjIwJTIyJTIwc3R5bGUlM0QlMjJib3JkZXIlM0EwJTIyJTIwYWxsb3dmdWxsc2NyZWVuJTNFJTNDJTJGaWZyYW1lJTNF&#8221;][\/vc_column][\/vc_row]<\/p>\n","protected":false},"author":1,"featured_media":0,"parent":0,"menu_order":0,"comment_status":"closed","ping_status":"closed","template":"","meta":{"footnotes":""},"class_list":["post-1874","page","type-page","status-publish","hentry","description-off"],"_links":{"self":[{"href":"https:\/\/www.lastrada-derweg.org\/index.php?rest_route=\/wp\/v2\/pages\/1874","targetHints":{"allow":["GET"]}}],"collection":[{"href":"https:\/\/www.lastrada-derweg.org\/index.php?rest_route=\/wp\/v2\/pages"}],"about":[{"href":"https:\/\/www.lastrada-derweg.org\/index.php?rest_route=\/wp\/v2\/types\/page"}],"author":[{"embeddable":true,"href":"https:\/\/www.lastrada-derweg.org\/index.php?rest_route=\/wp\/v2\/users\/1"}],"replies":[{"embeddable":true,"href":"https:\/\/www.lastrada-derweg.org\/index.php?rest_route=%2Fwp%2Fv2%2Fcomments&post=1874"}],"version-history":[{"count":7,"href":"https:\/\/www.lastrada-derweg.org\/index.php?rest_route=\/wp\/v2\/pages\/1874\/revisions"}],"predecessor-version":[{"id":10517,"href":"https:\/\/www.lastrada-derweg.org\/index.php?rest_route=\/wp\/v2\/pages\/1874\/revisions\/10517"}],"wp:attachment":[{"href":"https:\/\/www.lastrada-derweg.org\/index.php?rest_route=%2Fwp%2Fv2%2Fmedia&parent=1874"}],"curies":[{"name":"wp","href":"https:\/\/api.w.org\/{rel}","templated":true}]}}