{"id":2395,"date":"2019-07-03T13:09:17","date_gmt":"2019-07-03T11:09:17","guid":{"rendered":"http:\/\/www.lastrada-derweg.org\/?page_id=2395"},"modified":"2026-04-15T07:50:48","modified_gmt":"2026-04-15T05:50:48","slug":"arianna-ulisse","status":"publish","type":"page","link":"https:\/\/www.lastrada-derweg.org\/?page_id=2395","title":{"rendered":"Arianna &#8211; Ulisse"},"content":{"rendered":"<div class=\"wpb-content-wrapper\"><p>[vc_row][vc_column width=&#8221;1\/2&#8243;][vc_custom_heading text=&#8221;Dove siamo&#8221; use_theme_fonts=&#8221;yes&#8221;][vc_column_text css=&#8221;&#8221;]Progetto Arianna &#8211; Ulisse<br \/>\nVia del Ronco 31<br \/>\n39100 Bolzano<\/p>\n<p>Tel.:\u00a0 0471 203111<br \/>\n<a href=\"mailto:arianna@lastrada-derweg.org\">arianna@lastrada-derweg.org<\/a><\/p>\n<p>Coordinatrice: <strong>Denise Tessaro<\/strong> &#8211; 3387324763[\/vc_column_text][vc_custom_heading text=&#8221;Chi siamo&#8221; use_theme_fonts=&#8221;yes&#8221;][vc_column_text]L\u2019equipe del Progetto Arianna\/Ulisse si amplia e si restringe a seconda del numero di utenti presi in carico. Sono presenti diverse professionalit\u00e0, educatori, terp, arteterapeuti, psicologi, operatori, ecc.<\/p>\n<p><strong>\u00a0<\/strong>[\/vc_column_text][\/vc_column][vc_column width=&#8221;1\/2&#8243;][vc_single_image image=&#8221;2461&#8243; img_size=&#8221;full&#8221;][\/vc_column][\/vc_row][vc_row][vc_column][vc_custom_heading text=&#8221;Cosa facciamo&#8221; use_theme_fonts=&#8221;yes&#8221;][vc_column_text]La quotidianit\u00e0 include attivit\u00e0 di vita pratica ed attivit\u00e0 strutturate improntate ad esperienze sociali, attivit\u00e0 motorie, esperienze espressive, ed altri gruppi di carattere ricreativo. Nel periodo estivo cos\u00ec come nelle vacanze scolastiche vengono organizzate escursioni e vacanze. Molta importanza viene data alla integrazione fra realt\u00e0 interna ed esterna dei minori e la relazione tra loro e gli educatori rappresenta lo strumento privilegiato per raggiungere gli obiettivi prefissi in ogni progetto educativo individualizzato. Si offre: sostegno e orientamento scolastico;\u00a0 presa in carico mirata a livello psicologico; percorso di approfondimento &#8211; affettivit\u00e0, sessualit\u00e0 e personalit\u00e0;\u00a0 Erlebnisp\u00e4dagogik- pedagogia attiva; orientamento individuale (scolastico e personale); cineforum ragazze; esperienze sul territorio; attivazione di esperienze di volontariato.<\/p>\n<p><strong>\u00a0<\/strong>[\/vc_column_text][\/vc_column][\/vc_row][vc_row][vc_column width=&#8221;1\/3&#8243;][vc_custom_heading text=&#8221;Per chi&#8221; use_theme_fonts=&#8221;yes&#8221;][vc_column_text]Il Progetto Arianna\/Ulisse \u00e8 rivolto a ragazze e ragazzi di et\u00e0 compresa tra i 13 e i 18 anni (focus particolare fine scuola media\u2013 inizio scuola superiore). Vi \u00e8 tuttavia la possibilit\u00e0 di proseguire l\u2019accompagnamento fino ai 21 anni di et\u00e0.[\/vc_column_text][\/vc_column][vc_column width=&#8221;1\/3&#8243;][vc_custom_heading text=&#8221;Perch\u00e9&#8221; use_theme_fonts=&#8221;yes&#8221;][vc_column_text]La metodologia si orienta tra due poli, ovvero l\u2019offerta di attivit\u00e0 pratiche e la successiva riflessione rispetto le stesse. Nel corso degli anni si \u00e8 evidenziata infatti la buona risposta dei ragazzi ad offerte che stimolano l\u2019individuo a mettersi in gioco (in modo costruttivo ed all\u2019interno di spazi protetti e guidati) in momenti di scoperta pratici: laboratori, attivit\u00e0 pedagogiche dell\u2019esperienza ed esperienze sul territorio. Se collegati a questi iniziali momenti \u201cdel fare\u201d seguono degli spazi di riflessione\u00a0 (orientamento e counselling) sia individuali che di gruppo, il risultato \u00e8, in buona parte dei casi, di permettere ai ragazzi di recuperare in prima persona l\u2019elemento pedagogico ed educativo dell\u2019esperienza e quindi di farlo proprio con maggiore consapevolezza e durata. Tale metodologia evidenzia una maggiore propensione dei ragazzi sia alla collaborazione con gli operatori e con i compagni di gruppo, sia allo sviluppo di una capacit\u00e0 critica di lettura \u201ccostruttiva\u201d del proprio personale vissuto e percorso di crescita. Il risultato \u00e8 un accompagnamento pedagogico meno conflittuale e pi\u00f9 condiviso[\/vc_column_text][\/vc_column][vc_column width=&#8221;1\/3&#8243;][vc_custom_heading text=&#8221;Quando&#8221; use_theme_fonts=&#8221;yes&#8221;][vc_column_text]Modulato sulle necessit\u00e0 del progetto. L\u2019intensit\u00e0 dell\u2019intervento varia a seconda delle necessit\u00e0 ed \u00e8 possibile riformularlo nel corso dell\u2019anno secondo le singole necessit\u00e0. Mediamente i ragazzi vengono seguiti per 6\/7 ore settimanali ma secondo i bisogni si pu\u00f2 offrire una maggiore o minore strutturazione degli interventi. L\u2019orario di accesso al Progetto \u00e8 flessibile al fine di rispondere alle esigenze sia del minore che del gruppo.[\/vc_column_text][\/vc_column][\/vc_row]<\/p>\n<\/div>","protected":false},"excerpt":{"rendered":"<p>[vc_row][vc_column width=&#8221;1\/2&#8243;][vc_custom_heading text=&#8221;Dove siamo&#8221; use_theme_fonts=&#8221;yes&#8221;][vc_column_text css=&#8221;&#8221;]Progetto Arianna &#8211; Ulisse Via del Ronco 31 39100 Bolzano Tel.:\u00a0 0471 203111 arianna@lastrada-derweg.org Coordinatrice: Denise Tessaro &#8211; 3387324763[\/vc_column_text][vc_custom_heading text=&#8221;Chi siamo&#8221; use_theme_fonts=&#8221;yes&#8221;][vc_column_text]L\u2019equipe del Progetto Arianna\/Ulisse si amplia e si restringe a seconda del numero di utenti presi in carico. Sono presenti diverse professionalit\u00e0, educatori, terp, arteterapeuti, psicologi, operatori, ecc. \u00a0[\/vc_column_text][\/vc_column][vc_column&hellip;<\/p>\n","protected":false},"author":2,"featured_media":0,"parent":1606,"menu_order":0,"comment_status":"closed","ping_status":"closed","template":"","meta":{"footnotes":""},"class_list":["post-2395","page","type-page","status-publish","hentry","description-off"],"_links":{"self":[{"href":"https:\/\/www.lastrada-derweg.org\/index.php?rest_route=\/wp\/v2\/pages\/2395","targetHints":{"allow":["GET"]}}],"collection":[{"href":"https:\/\/www.lastrada-derweg.org\/index.php?rest_route=\/wp\/v2\/pages"}],"about":[{"href":"https:\/\/www.lastrada-derweg.org\/index.php?rest_route=\/wp\/v2\/types\/page"}],"author":[{"embeddable":true,"href":"https:\/\/www.lastrada-derweg.org\/index.php?rest_route=\/wp\/v2\/users\/2"}],"replies":[{"embeddable":true,"href":"https:\/\/www.lastrada-derweg.org\/index.php?rest_route=%2Fwp%2Fv2%2Fcomments&post=2395"}],"version-history":[{"count":14,"href":"https:\/\/www.lastrada-derweg.org\/index.php?rest_route=\/wp\/v2\/pages\/2395\/revisions"}],"predecessor-version":[{"id":12666,"href":"https:\/\/www.lastrada-derweg.org\/index.php?rest_route=\/wp\/v2\/pages\/2395\/revisions\/12666"}],"up":[{"embeddable":true,"href":"https:\/\/www.lastrada-derweg.org\/index.php?rest_route=\/wp\/v2\/pages\/1606"}],"wp:attachment":[{"href":"https:\/\/www.lastrada-derweg.org\/index.php?rest_route=%2Fwp%2Fv2%2Fmedia&parent=2395"}],"curies":[{"name":"wp","href":"https:\/\/api.w.org\/{rel}","templated":true}]}}