{"id":2397,"date":"2019-07-03T13:11:50","date_gmt":"2019-07-03T11:11:50","guid":{"rendered":"http:\/\/www.lastrada-derweg.org\/?page_id=2397"},"modified":"2026-04-15T07:51:27","modified_gmt":"2026-04-15T05:51:27","slug":"arianna-ulisse","status":"publish","type":"page","link":"https:\/\/www.lastrada-derweg.org\/?page_id=2397&lang=de","title":{"rendered":"Arianna &#8211; Ulisse"},"content":{"rendered":"<div class=\"wpb-content-wrapper\"><p>[vc_row][vc_column width=&#8221;1\/2&#8243;][vc_custom_heading text=&#8221;Wo&#8221; use_theme_fonts=&#8221;yes&#8221;][vc_column_text css=&#8221;&#8221;]Projekt Arianna &#8211; Ulisse<br \/>\nNeubruchweg 31<br \/>\n39100 Bozen<\/p>\n<p>Tel.: 0471 203111<br \/>\n<a href=\"mailto:arianna@lastrada-derweg.org\">arianna@lastrada-derweg.org<\/a><\/p>\n<p>Koordinatorin: <strong>Denise Tessaro<\/strong> &#8211; 3387324763[\/vc_column_text][vc_custom_heading text=&#8221;Wer&#8221; use_theme_fonts=&#8221;yes&#8221;][vc_column_text]Im Rahmen des Projekts Arianna\/Ulisse vereinen sich verschiedene psychosoziale Berufsbilder, wie Sozialp\u00e4dagogen und Sozialp\u00e4dagoginnen, TERP (Techniker und Technikerinnen f\u00fcr die psychiatrische Rehabilitation), Kunst- und Musiktherapeuten und -therapeutinnen, Psychologen und Psychologinnen und andere Mitarbeiter und Mitarbeiterinnen, zu einem Team. Die Anzahl der Mitarbeiter und Mitarbeiterinnen variiert je nach Anzahl der begleiteten Jugendlichen.<\/p>\n<p><strong>\u00a0<\/strong>[\/vc_column_text][\/vc_column][vc_column width=&#8221;1\/2&#8243;][vc_single_image image=&#8221;2463&#8243; img_size=&#8221;full&#8221;][\/vc_column][\/vc_row][vc_row][vc_column][vc_custom_heading text=&#8221;Was&#8221; use_theme_fonts=&#8221;yes&#8221;][vc_column_text]Beim Projekt werden sowohl allt\u00e4gliche Aktivit\u00e4ten als auch strukturierte T\u00e4tigkeiten individuell oder in der Gruppe durchgef\u00fchrt. Diese Aktivit\u00e4ten sollen es den Jugendlichen erm\u00f6glichen, soziale Erfahrungen zu sammeln, aber auch die Beweglichkeit, die Kreativit\u00e4t, die Ausdrucksf\u00e4higkeit, die Selbstinitiative und die Freizeitgestaltung der Jugendlichen f\u00f6rdern. In den Schulferien werden Ausfl\u00fcge oder auch mehrt\u00e4gige Aufenthalte organisiert.<\/p>\n<p>Der Fokus liegt darin, dass die Jugendlichen es schaffen sich selbst in ihre Umgebung zu integrieren. Dies erfordert eine positive Beziehung zu den Erziehern und Erzieherinnen, welche auch im Rahmen des Projekts das wichtigste Instrument darstellt, um die Jugendlichen bei der Umsetzung ihrer individuellen Ziele zu begleiten.<\/p>\n<p>Die Unterst\u00fctzungsangebote verfolgen sowohl schulische als auch psychologische Wirksamkeit. So kann der*die Jugendliche in der Orientierungsphase unterst\u00fctzt werden, aber auch bei der Organisation und der Erledigung der Hausaufgaben. Um die Jugendliche im Erleben und Verhalten zu f\u00f6rdern und zu st\u00e4rken, werden psychologische Angebote bis hin zu Angeboten der Erlebnisp\u00e4dagogik organisiert. Vermittelt werden Anlaufstellen auf dem Territorium, aber auch verschiedene M\u00f6glichkeiten, Erfahrungen im Arbeitsalltag zu sammeln.<\/p>\n<p><strong>\u00a0<\/strong>[\/vc_column_text][\/vc_column][\/vc_row][vc_row][vc_column width=&#8221;1\/3&#8243;][vc_custom_heading text=&#8221;F\u00fcr wen&#8221; use_theme_fonts=&#8221;yes&#8221;][vc_column_text]Das Projekt Arianna\/Ulisse richtet sich an M\u00e4dchen und Jungs im Alter von 13 bis 18 Jahren (mit besonderem Interesse an jenen Jugendlichen, die sich im \u00dcbergang von der Mittel- in die Oberschule befinden).<\/p>\n<p>Weiters gibt es die M\u00f6glichkeit die Jugendlichen bis zur Vollendung des 21. Lebensjahres zu begleiten.<\/p>\n<p><strong>\u00a0<\/strong>[\/vc_column_text][\/vc_column][vc_column width=&#8221;1\/3&#8243;][vc_custom_heading text=&#8221;Warum&#8221; use_theme_fonts=&#8221;yes&#8221;][vc_column_text]Das Angebot ist zwischen zwei Polen ausgerichtet: dem Angebot praktischer Aktivit\u00e4ten und der anschlie\u00dfenden Reflexion \u00fcber diese. Im Laufe der Jahre wurde beobachtet, dass die Jugendlichen gut auf praktische Angebote, die jeden Einzelnen zum Engagement anregen, ansprechen (auf konstruktive Weise und in gesch\u00fctzten und gef\u00fchrten R\u00e4umen): Workshops, p\u00e4dagogische Aktivit\u00e4ten der Selbsterfahrung und Aktivit\u00e4ten auf dem Territorium. Wenn den anf\u00e4nglichen Momenten des &#8220;Tuns&#8221;, Einzel- und Gruppenreflexion folgen (Orientierung und Beratung), besteht das Ergebnis in den meisten F\u00e4llen darin, dass die Jugendlichen selbst den p\u00e4dagogischen Wert finden und ihn sich dauerhaft zueigen machen. Diese Methodik motiviert die Jugendlichen sowohl in der Zusammenarbeit mit den Betreuern und Betreuerinnen, als auch mit den anderen Jugendlichen und hilft ihnen in der Entwicklung einer konstruktiven Interpretation des eigenen Erlebens und Wachsens. Das Ergebnis ist eine weniger konfliktbehaftete und daf\u00fcr konstruktivere p\u00e4dagogische Begleitung.[\/vc_column_text][\/vc_column][vc_column width=&#8221;1\/3&#8243;][vc_custom_heading text=&#8221;Wann&#8221; use_theme_fonts=&#8221;yes&#8221;][vc_column_text]Die Projektzeiten werden an den Anspruch und die Verf\u00fcgbarkeit der Jugendlichen angepasst.<br \/>\nDie Intensit\u00e4t und somit die w\u00f6chentliche Stundenanzahl des Projekts variiert je nach Bedarf. Es ist m\u00f6glich das Projekt und die Gesamtstunden entsprechend der Notwendigkeit im Laufe des Projekts anzupassen.<\/p>\n<p>Durchschnittlich werden die Jugendlichen sechs bis sieben Wochenstunden begleitet, jederzeit k\u00f6nnen auch mehr oder weniger Stunden vorgesehen werden. Die Ein- und Austrittsuhrzeiten an den einzelnen Wochentagen sind ebenso flexibel, um sowohl den Bed\u00fcrfnissen des*der einzelnen Jugendlichen, als auch der Gruppe gerecht zu werden.<\/p>\n<p><strong>\u00a0<\/strong>[\/vc_column_text][\/vc_column][\/vc_row]<\/p>\n<\/div>","protected":false},"excerpt":{"rendered":"<p>[vc_row][vc_column width=&#8221;1\/2&#8243;][vc_custom_heading text=&#8221;Wo&#8221; use_theme_fonts=&#8221;yes&#8221;][vc_column_text css=&#8221;&#8221;]Projekt Arianna &#8211; Ulisse Neubruchweg 31 39100 Bozen Tel.: 0471 203111 arianna@lastrada-derweg.org Koordinatorin: Denise Tessaro &#8211; 3387324763[\/vc_column_text][vc_custom_heading text=&#8221;Wer&#8221; use_theme_fonts=&#8221;yes&#8221;][vc_column_text]Im Rahmen des Projekts Arianna\/Ulisse vereinen sich verschiedene psychosoziale Berufsbilder, wie Sozialp\u00e4dagogen und Sozialp\u00e4dagoginnen, TERP (Techniker und Technikerinnen f\u00fcr die psychiatrische Rehabilitation), Kunst- und Musiktherapeuten und -therapeutinnen, Psychologen und Psychologinnen und andere Mitarbeiter&hellip;<\/p>\n","protected":false},"author":2,"featured_media":0,"parent":1617,"menu_order":0,"comment_status":"closed","ping_status":"closed","template":"","meta":{"footnotes":""},"class_list":["post-2397","page","type-page","status-publish","hentry","description-off"],"_links":{"self":[{"href":"https:\/\/www.lastrada-derweg.org\/index.php?rest_route=\/wp\/v2\/pages\/2397","targetHints":{"allow":["GET"]}}],"collection":[{"href":"https:\/\/www.lastrada-derweg.org\/index.php?rest_route=\/wp\/v2\/pages"}],"about":[{"href":"https:\/\/www.lastrada-derweg.org\/index.php?rest_route=\/wp\/v2\/types\/page"}],"author":[{"embeddable":true,"href":"https:\/\/www.lastrada-derweg.org\/index.php?rest_route=\/wp\/v2\/users\/2"}],"replies":[{"embeddable":true,"href":"https:\/\/www.lastrada-derweg.org\/index.php?rest_route=%2Fwp%2Fv2%2Fcomments&post=2397"}],"version-history":[{"count":15,"href":"https:\/\/www.lastrada-derweg.org\/index.php?rest_route=\/wp\/v2\/pages\/2397\/revisions"}],"predecessor-version":[{"id":12667,"href":"https:\/\/www.lastrada-derweg.org\/index.php?rest_route=\/wp\/v2\/pages\/2397\/revisions\/12667"}],"up":[{"embeddable":true,"href":"https:\/\/www.lastrada-derweg.org\/index.php?rest_route=\/wp\/v2\/pages\/1617"}],"wp:attachment":[{"href":"https:\/\/www.lastrada-derweg.org\/index.php?rest_route=%2Fwp%2Fv2%2Fmedia&parent=2397"}],"curies":[{"name":"wp","href":"https:\/\/api.w.org\/{rel}","templated":true}]}}

<div class="wpb-content-wrapper"><p>[vc_row][vc_column width=&#8221;1/2&#8243;][vc_custom_heading text=&#8221;Wo&#8221; use_theme_fonts=&#8221;yes&#8221;][vc_column_text css=&#8221;&#8221;]Projekt Arianna &#8211; Ulisse<br />
Neubruchweg 31<br />
39100 Bozen</p>
<p>Tel.: 0471 203111<br />
<a href="mailto:arianna@lastrada-derweg.org">arianna@lastrada-derweg.org</a></p>
<p>Koordinatorin: <strong>Denise Tessaro</strong> &#8211; 3387324763[/vc_column_text][vc_custom_heading text=&#8221;Wer&#8221; use_theme_fonts=&#8221;yes&#8221;][vc_column_text]Im Rahmen des Projekts Arianna/Ulisse vereinen sich verschiedene psychosoziale Berufsbilder, wie Sozialpädagogen und Sozialpädagoginnen, TERP (Techniker und Technikerinnen für die psychiatrische Rehabilitation), Kunst- und Musiktherapeuten und -therapeutinnen, Psychologen und Psychologinnen und andere Mitarbeiter und Mitarbeiterinnen, zu einem Team. Die Anzahl der Mitarbeiter und Mitarbeiterinnen variiert je nach Anzahl der begleiteten Jugendlichen.</p>
<p><strong> </strong>[/vc_column_text][/vc_column][vc_column width=&#8221;1/2&#8243;][vc_single_image image=&#8221;2463&#8243; img_size=&#8221;full&#8221;][/vc_column][/vc_row][vc_row][vc_column][vc_custom_heading text=&#8221;Was&#8221; use_theme_fonts=&#8221;yes&#8221;][vc_column_text]Beim Projekt werden sowohl alltägliche Aktivitäten als auch strukturierte Tätigkeiten individuell oder in der Gruppe durchgeführt. Diese Aktivitäten sollen es den Jugendlichen ermöglichen, soziale Erfahrungen zu sammeln, aber auch die Beweglichkeit, die Kreativität, die Ausdrucksfähigkeit, die Selbstinitiative und die Freizeitgestaltung der Jugendlichen fördern. In den Schulferien werden Ausflüge oder auch mehrtägige Aufenthalte organisiert.</p>
<p>Der Fokus liegt darin, dass die Jugendlichen es schaffen sich selbst in ihre Umgebung zu integrieren. Dies erfordert eine positive Beziehung zu den Erziehern und Erzieherinnen, welche auch im Rahmen des Projekts das wichtigste Instrument darstellt, um die Jugendlichen bei der Umsetzung ihrer individuellen Ziele zu begleiten.</p>
<p>Die Unterstützungsangebote verfolgen sowohl schulische als auch psychologische Wirksamkeit. So kann der*die Jugendliche in der Orientierungsphase unterstützt werden, aber auch bei der Organisation und der Erledigung der Hausaufgaben. Um die Jugendliche im Erleben und Verhalten zu fördern und zu stärken, werden psychologische Angebote bis hin zu Angeboten der Erlebnispädagogik organisiert. Vermittelt werden Anlaufstellen auf dem Territorium, aber auch verschiedene Möglichkeiten, Erfahrungen im Arbeitsalltag zu sammeln.</p>
<p><strong> </strong>[/vc_column_text][/vc_column][/vc_row][vc_row][vc_column width=&#8221;1/3&#8243;][vc_custom_heading text=&#8221;Für wen&#8221; use_theme_fonts=&#8221;yes&#8221;][vc_column_text]Das Projekt Arianna/Ulisse richtet sich an Mädchen und Jungs im Alter von 13 bis 18 Jahren (mit besonderem Interesse an jenen Jugendlichen, die sich im Übergang von der Mittel- in die Oberschule befinden).</p>
<p>Weiters gibt es die Möglichkeit die Jugendlichen bis zur Vollendung des 21. Lebensjahres zu begleiten.</p>
<p><strong> </strong>[/vc_column_text][/vc_column][vc_column width=&#8221;1/3&#8243;][vc_custom_heading text=&#8221;Warum&#8221; use_theme_fonts=&#8221;yes&#8221;][vc_column_text]Das Angebot ist zwischen zwei Polen ausgerichtet: dem Angebot praktischer Aktivitäten und der anschließenden Reflexion über diese. Im Laufe der Jahre wurde beobachtet, dass die Jugendlichen gut auf praktische Angebote, die jeden Einzelnen zum Engagement anregen, ansprechen (auf konstruktive Weise und in geschützten und geführten Räumen): Workshops, pädagogische Aktivitäten der Selbsterfahrung und Aktivitäten auf dem Territorium. Wenn den anfänglichen Momenten des &#8220;Tuns&#8221;, Einzel- und Gruppenreflexion folgen (Orientierung und Beratung), besteht das Ergebnis in den meisten Fällen darin, dass die Jugendlichen selbst den pädagogischen Wert finden und ihn sich dauerhaft zueigen machen. Diese Methodik motiviert die Jugendlichen sowohl in der Zusammenarbeit mit den Betreuern und Betreuerinnen, als auch mit den anderen Jugendlichen und hilft ihnen in der Entwicklung einer konstruktiven Interpretation des eigenen Erlebens und Wachsens. Das Ergebnis ist eine weniger konfliktbehaftete und dafür konstruktivere pädagogische Begleitung.[/vc_column_text][/vc_column][vc_column width=&#8221;1/3&#8243;][vc_custom_heading text=&#8221;Wann&#8221; use_theme_fonts=&#8221;yes&#8221;][vc_column_text]Die Projektzeiten werden an den Anspruch und die Verfügbarkeit der Jugendlichen angepasst.<br />
Die Intensität und somit die wöchentliche Stundenanzahl des Projekts variiert je nach Bedarf. Es ist möglich das Projekt und die Gesamtstunden entsprechend der Notwendigkeit im Laufe des Projekts anzupassen.</p>
<p>Durchschnittlich werden die Jugendlichen sechs bis sieben Wochenstunden begleitet, jederzeit können auch mehr oder weniger Stunden vorgesehen werden. Die Ein- und Austrittsuhrzeiten an den einzelnen Wochentagen sind ebenso flexibel, um sowohl den Bedürfnissen des*der einzelnen Jugendlichen, als auch der Gruppe gerecht zu werden.</p>
<p><strong> </strong>[/vc_column_text][/vc_column][/vc_row]</p>
</div>

<p>[vc_row][vc_column width=&#8221;1/2&#8243;][vc_custom_heading text=&#8221;Wo&#8221; use_theme_fonts=&#8221;yes&#8221;][vc_column_text css=&#8221;&#8221;]Projekt Arianna &#8211; Ulisse Neubruchweg 31 39100 Bozen Tel.: 0471 203111 arianna@lastrada-derweg.org Koordinatorin: Denise Tessaro &#8211; 3387324763[/vc_column_text][vc_custom_heading text=&#8221;Wer&#8221; use_theme_fonts=&#8221;yes&#8221;][vc_column_text]Im Rahmen des Projekts Arianna/Ulisse vereinen sich verschiedene psychosoziale Berufsbilder, wie Sozialpädagogen und Sozialpädagoginnen, TERP (Techniker und Technikerinnen für die psychiatrische Rehabilitation), Kunst- und Musiktherapeuten und -therapeutinnen, Psychologen und Psychologinnen und andere Mitarbeiter&hellip;</p>
