{"id":2419,"date":"2019-07-04T15:56:03","date_gmt":"2019-07-04T13:56:03","guid":{"rendered":"http:\/\/www.lastrada-derweg.org\/?page_id=2419"},"modified":"2021-08-10T14:50:52","modified_gmt":"2021-08-10T12:50:52","slug":"visite-protette","status":"publish","type":"page","link":"https:\/\/www.lastrada-derweg.org\/?page_id=2419","title":{"rendered":"Incontri protetti &#8211; Visite accompagnate"},"content":{"rendered":"<div class=\"wpb-content-wrapper\"><p>[vc_row][vc_column width=&#8221;1\/2&#8243;][vc_custom_heading text=&#8221;Chi siamo&#8221; use_theme_fonts=&#8221;yes&#8221;][vc_column_text]Il team \u00e8 composto da un referente e alcuni operatori, prevalentemente educatori, in numero variabile a seconda delle richieste e delle conseguenti prese in carico. E\u2019 presente inoltre una psicologa con funzione di consulenza.[\/vc_column_text][vc_custom_heading text=&#8221;Dove siamo&#8221; use_theme_fonts=&#8221;yes&#8221;][vc_column_text]A seconda della provenienza della richiesta da parte del servizio sociale, interveniamo su tutto il territorio provinciale e in alcuni casi anche regionale.<\/p>\n<p>Associazione \u201cLa Strada \u2013 Der Weg\u201d ONLUS<br \/>\nVia Visitazione 42 &#8211; 39100 Bolzano<br \/>\nTel. 0471 203 111<br \/>\nbambiniegiovani@lastrada-derweg.org<br \/>\n[\/vc_column_text][\/vc_column][vc_column width=&#8221;1\/2&#8243;][vc_single_image image=&#8221;2472&#8243; img_size=&#8221;full&#8221;][\/vc_column][\/vc_row][vc_row][vc_column][vc_custom_heading text=&#8221;Cosa facciamo&#8221; use_theme_fonts=&#8221;yes&#8221;][vc_column_text]Favoriamo il contatto tra uno o pi\u00f9 minori e il genitore, che in un determinato momento non vive con i figli e ha la possibilit\u00e0 di incontrarli solo in nostra presenza. Differenziamo tra incontri protetti, che avvengono in un luogo chiuso, ovvero una stanza deputata all\u2019incontro stesso, dove il setting \u00e8 maggiormente definito e strutturato e visite accompagnate, che possono invece avvenire all\u2019esterno e in luoghi pubblici.[\/vc_column_text][\/vc_column][\/vc_row][vc_row][vc_column width=&#8221;1\/3&#8243;][vc_custom_heading text=&#8221;Per chi&#8221; use_theme_fonts=&#8221;yes&#8221;][vc_column_text]Su incarico e in collaborazione con il servizio sociale e solitamente a seguito di intervento e su disposizione da parte dell\u2019autorit\u00e0 giudiziaria, ovvero in presenza di decreto, diamo la possibilit\u00e0 a minori di incontrare il genitore o altro parente, con il quale momentaneamente non convivono.[\/vc_column_text][\/vc_column][vc_column width=&#8221;1\/3&#8243;][vc_custom_heading text=&#8221;Perch\u00e9&#8221; use_theme_fonts=&#8221;yes&#8221;][vc_column_text]Riteniamo importante, qualora sussistano le condizioni, che il genitore e i figli possano continuare a vedersi e frequentarsi, sebbene alla presenza di un operatore, in modo da mantenere il rapporto e in alcuni casi per rinforzarlo. Aiutiamo ad affrontare certe tematiche, che a distanza non potrebbero essere affrontate, e offriamo un supporto per superare eventuali difficolt\u00e0 presenti tra gli stessi individui.[\/vc_column_text][\/vc_column][vc_column width=&#8221;1\/3&#8243;][vc_custom_heading text=&#8221;Quando&#8221; use_theme_fonts=&#8221;yes&#8221;][vc_column_text]Modulato sulle necessit\u00e0 del progetto, solitamente dal luned\u00ec al venerd\u00ec. I momenti e la durata dell\u2019intervento vengono concordati con il servizio sociale inviante, in accordo con le famiglie.[\/vc_column_text][\/vc_column][\/vc_row]<\/p>\n<\/div>","protected":false},"excerpt":{"rendered":"<p>[vc_row][vc_column width=&#8221;1\/2&#8243;][vc_custom_heading text=&#8221;Chi siamo&#8221; use_theme_fonts=&#8221;yes&#8221;][vc_column_text]Il team \u00e8 composto da un referente e alcuni operatori, prevalentemente educatori, in numero variabile a seconda delle richieste e delle conseguenti prese in carico. E\u2019 presente inoltre una psicologa con funzione di consulenza.[\/vc_column_text][vc_custom_heading text=&#8221;Dove siamo&#8221; use_theme_fonts=&#8221;yes&#8221;][vc_column_text]A seconda della provenienza della richiesta da parte del servizio sociale, interveniamo su tutto il&hellip;<\/p>\n","protected":false},"author":2,"featured_media":0,"parent":1606,"menu_order":0,"comment_status":"closed","ping_status":"closed","template":"","meta":{"footnotes":""},"class_list":["post-2419","page","type-page","status-publish","hentry","description-off"],"_links":{"self":[{"href":"https:\/\/www.lastrada-derweg.org\/index.php?rest_route=\/wp\/v2\/pages\/2419","targetHints":{"allow":["GET"]}}],"collection":[{"href":"https:\/\/www.lastrada-derweg.org\/index.php?rest_route=\/wp\/v2\/pages"}],"about":[{"href":"https:\/\/www.lastrada-derweg.org\/index.php?rest_route=\/wp\/v2\/types\/page"}],"author":[{"embeddable":true,"href":"https:\/\/www.lastrada-derweg.org\/index.php?rest_route=\/wp\/v2\/users\/2"}],"replies":[{"embeddable":true,"href":"https:\/\/www.lastrada-derweg.org\/index.php?rest_route=%2Fwp%2Fv2%2Fcomments&post=2419"}],"version-history":[{"count":6,"href":"https:\/\/www.lastrada-derweg.org\/index.php?rest_route=\/wp\/v2\/pages\/2419\/revisions"}],"predecessor-version":[{"id":6564,"href":"https:\/\/www.lastrada-derweg.org\/index.php?rest_route=\/wp\/v2\/pages\/2419\/revisions\/6564"}],"up":[{"embeddable":true,"href":"https:\/\/www.lastrada-derweg.org\/index.php?rest_route=\/wp\/v2\/pages\/1606"}],"wp:attachment":[{"href":"https:\/\/www.lastrada-derweg.org\/index.php?rest_route=%2Fwp%2Fv2%2Fmedia&parent=2419"}],"curies":[{"name":"wp","href":"https:\/\/api.w.org\/{rel}","templated":true}]}}