{"id":2421,"date":"2019-07-04T15:58:34","date_gmt":"2019-07-04T13:58:34","guid":{"rendered":"http:\/\/www.lastrada-derweg.org\/?page_id=2421"},"modified":"2022-11-03T13:32:06","modified_gmt":"2022-11-03T12:32:06","slug":"begleitete-besuche","status":"publish","type":"page","link":"https:\/\/www.lastrada-derweg.org\/?page_id=2421&lang=de","title":{"rendered":"Gesch\u00fctzte Begegnungen &#8211; Begleitete Besuche"},"content":{"rendered":"<div class=\"wpb-content-wrapper\"><p>[vc_row][vc_column width=&#8221;1\/2&#8243;][vc_custom_heading text=&#8221;Wer&#8221; use_theme_fonts=&#8221;yes&#8221;][vc_column_text]Das Team besteht aus einer Kontaktperson und einigen Sozialarbeitern und Sozialarbeiterinnen, vor allem aus Erziehern und Erzieherinnen, deren Anzahl je nach den Anfragen und der anschlie\u00dfenden Betreuung variiert. Anwesend ist \u00fcberdies eine Psychologin zu Beratungszwecken.[\/vc_column_text][vc_custom_heading text=&#8221;Wo&#8221; use_theme_fonts=&#8221;yes&#8221;][vc_column_text]Je nachdem, woher die Anfrage seitens des Sozialdienstes kommt, sind wir in der gesamten Provinz und in einigen F\u00e4llen auch regional t\u00e4tig.<br \/>\nVerein &#8220;La Strada &#8211; Der Weg&#8221; ONLUS<br \/>\nMariaheimweg 42 &#8211; 39100 Bozen<br \/>\nTel. 0471 203 111<br \/>\n<a href=\"mailto:bambiniegiovani@lastrada-derweg.org\">bambiniegiovani@lastrada-derweg.org<\/a>[\/vc_column_text][\/vc_column][vc_column width=&#8221;1\/2&#8243;][vc_single_image image=&#8221;2470&#8243; img_size=&#8221;full&#8221;][\/vc_column][\/vc_row][vc_row][vc_column][vc_custom_heading text=&#8221;Was&#8221; use_theme_fonts=&#8221;yes&#8221;][vc_column_text]Wir f\u00f6rdern den Kontakt zwischen einem, einer oder mehreren Minderj\u00e4hrigen und jenem Elternteil, der zu einem gewissen Zeitpunkt nicht bei den Kindern wohnt und sie nur in unserer Anwesenheit treffen kann. Wir unterscheiden zwischen gesch\u00fctzten Begegnungen, die in einem geschlossenen Raum, z. B. einer eigens hierf\u00fcr gedachten R\u00e4umlichkeit, stattfinden, wo das Setting, d.h. das Umfeld st\u00e4rker definiert und strukturiert ist, und der Besuchsbegleitung, die im Freien und an \u00f6ffentlichen Orten stattfinden k\u00f6nnen.[\/vc_column_text][\/vc_column][\/vc_row][vc_row][vc_column width=&#8221;1\/3&#8243;][vc_custom_heading text=&#8221;F\u00fcr wen&#8221; use_theme_fonts=&#8221;yes&#8221;][vc_column_text]Im Auftrag und in Zusammenarbeit mit den Sozialdiensten und in der Regel infolge einer Ma\u00dfnahme bzw. auf Anweisung der Justizbeh\u00f6rde, d.h. bei Vorliegen eines Beschlusses, bieten wir Minderj\u00e4hrigen die M\u00f6glichkeit, den Elternteil oder einen anderen Verwandten zu treffen, bei dem sie derzeit nicht leben.[\/vc_column_text][\/vc_column][vc_column width=&#8221;1\/3&#8243;][vc_custom_heading text=&#8221;Warum&#8221; use_theme_fonts=&#8221;yes&#8221;][vc_column_text]Wir sind der Meinung, dass\u00a0 sich Eltern und Kinder \u2013 sofern die n\u00f6tigen Voraussetzungen bestehen &#8211; weiterhin sehen bzw. treffen k\u00f6nnen, wenn auch im Beisein einer Betreuungsperson, d.h. eines Sozialbetreuers oder einer Sozialbetreuerin; dies, um die Beziehung aufrechtzuerhalten und &#8211; in manchen F\u00e4llen &#8211; sogar zu st\u00e4rken. Wir helfen bei der Bew\u00e4ltigung bestimmter Themenbereiche, welche ohne direkten Kontakt wom\u00f6glich nicht angegangen und somit gel\u00f6st werden k\u00f6nnten, und bieten Unterst\u00fctzung um eventuell vorhandene Schwierigkeiten, die zwischen den einzelnen Personen bestehen k\u00f6nnten, zu \u00fcberwinden.[\/vc_column_text][\/vc_column][vc_column width=&#8221;1\/3&#8243;][vc_custom_heading text=&#8221;Wann&#8221; use_theme_fonts=&#8221;yes&#8221;][vc_column_text]Je nach den Erfordernissen des Projekts, in der Regel von Montag bis Freitag. Die Zeiten und die Dauer der Intervention werden mit dem entsendenden Sozialdienst in Absprache mit den Familien vereinbart.<\/p>\n<p>[\/vc_column_text][\/vc_column][\/vc_row]<\/p>\n<\/div>","protected":false},"excerpt":{"rendered":"<p>[vc_row][vc_column width=&#8221;1\/2&#8243;][vc_custom_heading text=&#8221;Wer&#8221; use_theme_fonts=&#8221;yes&#8221;][vc_column_text]Das Team besteht aus einer Kontaktperson und einigen Sozialarbeitern und Sozialarbeiterinnen, vor allem aus Erziehern und Erzieherinnen, deren Anzahl je nach den Anfragen und der anschlie\u00dfenden Betreuung variiert. Anwesend ist \u00fcberdies eine Psychologin zu Beratungszwecken.[\/vc_column_text][vc_custom_heading text=&#8221;Wo&#8221; use_theme_fonts=&#8221;yes&#8221;][vc_column_text]Je nachdem, woher die Anfrage seitens des Sozialdienstes kommt, sind wir in der gesamten Provinz und&hellip;<\/p>\n","protected":false},"author":2,"featured_media":0,"parent":1617,"menu_order":0,"comment_status":"closed","ping_status":"closed","template":"","meta":{"footnotes":""},"class_list":["post-2421","page","type-page","status-publish","hentry","description-off"],"_links":{"self":[{"href":"https:\/\/www.lastrada-derweg.org\/index.php?rest_route=\/wp\/v2\/pages\/2421","targetHints":{"allow":["GET"]}}],"collection":[{"href":"https:\/\/www.lastrada-derweg.org\/index.php?rest_route=\/wp\/v2\/pages"}],"about":[{"href":"https:\/\/www.lastrada-derweg.org\/index.php?rest_route=\/wp\/v2\/types\/page"}],"author":[{"embeddable":true,"href":"https:\/\/www.lastrada-derweg.org\/index.php?rest_route=\/wp\/v2\/users\/2"}],"replies":[{"embeddable":true,"href":"https:\/\/www.lastrada-derweg.org\/index.php?rest_route=%2Fwp%2Fv2%2Fcomments&post=2421"}],"version-history":[{"count":7,"href":"https:\/\/www.lastrada-derweg.org\/index.php?rest_route=\/wp\/v2\/pages\/2421\/revisions"}],"predecessor-version":[{"id":7980,"href":"https:\/\/www.lastrada-derweg.org\/index.php?rest_route=\/wp\/v2\/pages\/2421\/revisions\/7980"}],"up":[{"embeddable":true,"href":"https:\/\/www.lastrada-derweg.org\/index.php?rest_route=\/wp\/v2\/pages\/1617"}],"wp:attachment":[{"href":"https:\/\/www.lastrada-derweg.org\/index.php?rest_route=%2Fwp%2Fv2%2Fmedia&parent=2421"}],"curies":[{"name":"wp","href":"https:\/\/api.w.org\/{rel}","templated":true}]}}