{"id":2482,"date":"2019-07-09T17:08:16","date_gmt":"2019-07-09T15:08:16","guid":{"rendered":"http:\/\/www.lastrada-derweg.org\/?page_id=2482"},"modified":"2024-10-28T13:51:19","modified_gmt":"2024-10-28T12:51:19","slug":"ex-in","status":"publish","type":"page","link":"https:\/\/www.lastrada-derweg.org\/?page_id=2482&lang=de","title":{"rendered":"Projekt Ex-in     Arbeiten als Genesungsbegleiter"},"content":{"rendered":"<div class=\"wpb-content-wrapper\"><p>[vc_row][vc_column width=&#8221;1\/2&#8243;][vc_custom_heading text=&#8221;Wer&#8221; use_theme_fonts=&#8221;yes&#8221;][vc_column_text css=&#8221;&#8221;]Projekt Ex-In<br \/>\nMariaheimweg 46 &#8211; 39100 Bozen<br \/>\nTel.: 0471 203111<\/p>\n<p><a href=\"mailto:ex-in@lastrada-derweg.org\">ex-in@lastrada-derweg.org<\/a><\/p>\n<p>Koordinator: <strong>Michela Abram<\/strong> &#8211; 334 6430900<br \/>\nVerantwortliche des Bereichs: Carlotta Ficco Psychiaterin[\/vc_column_text][vc_custom_heading text=&#8221;Wo&#8221; use_theme_fonts=&#8221;yes&#8221;][vc_column_text]Unser Team besteht aus einer Koordinatorin und Genesungsbegleitern und Genesungsbegleiterinnen.[\/vc_column_text][\/vc_column][vc_column width=&#8221;1\/2&#8243;][vc_single_image image=&#8221;2505&#8243; img_size=&#8221;full&#8221;][\/vc_column][\/vc_row][vc_row][vc_column][vc_custom_heading text=&#8221;Was&#8221; use_theme_fonts=&#8221;yes&#8221;][vc_column_text]Im Mittelpunkt dieses Projektes steht die Person, welche die auf dem &#8220;Ex In&#8221; -Modell basierende Ausbildung abgeschlossen hat. Diese Ausbildung zielt darauf ab, die eigene psychiatrische Erkrankung besser zu verstehen, sich ein generelles Wissen \u00fcber psychiatrische Erkrankungen anzueignen, \u00e4hnliche Themen zu vertiefen und Interventionsmodelle und -aktionen in der Praxis zu erlernen, im Sinne einer Peer-Working-Support-Perspektive.<br \/>\nSobald die Person den vorgesehenen Ausbildungszyklus abgeschlossen und das Praktikum absolviert hat, kann sie w\u00e4hlen, ob sie eine berufliche Laufbahn einschlagen m\u00f6chte, die mit den im oben genannten Kurs erworbenen F\u00e4higkeiten verbunden ist.<br \/>\n[\/vc_column_text][\/vc_column][\/vc_row][vc_row][vc_column width=&#8221;1\/3&#8243;][vc_custom_heading text=&#8221;F\u00fcr wen&#8221; use_theme_fonts=&#8221;yes&#8221;][vc_column_text]Personen, die die Ausbildung zum Genesungsbegleiter oder zur Genesungsbegleiterin abgeschlossen haben.[\/vc_column_text][\/vc_column][vc_column width=&#8221;1\/3&#8243;][vc_custom_heading text=&#8221;Warum&#8221; use_theme_fonts=&#8221;yes&#8221;][vc_column_text]Im Besonderen geht es darum, einen Arbeitsplatz f\u00fcr Menschen zu finden, die sich auf die Aufgabe als Genesungsbegleiter oder Genesungsbegleiterin vorbereitet f\u00fchlen, motiviert sind und \u00fcber wirksame Instrumente verf\u00fcgen, mit denen sie ihre eigenen Erfahrungen als psychiatrische Patienten oder Patientinnen zu einer wertvollen Ressource f\u00fcr sich und andere machen k\u00f6nnen.[\/vc_column_text][\/vc_column][vc_column width=&#8221;1\/3&#8243;][vc_custom_heading text=&#8221;Wann&#8221; use_theme_fonts=&#8221;yes&#8221;][vc_column_text]Ganzj\u00e4hrig, nach Absprache.<\/p>\n<p>&nbsp;<\/p>\n<p>[\/vc_column_text][\/vc_column][\/vc_row]<\/p>\n<\/div>","protected":false},"excerpt":{"rendered":"<p>[vc_row][vc_column width=&#8221;1\/2&#8243;][vc_custom_heading text=&#8221;Wer&#8221; use_theme_fonts=&#8221;yes&#8221;][vc_column_text css=&#8221;&#8221;]Projekt Ex-In Mariaheimweg 46 &#8211; 39100 Bozen Tel.: 0471 203111 ex-in@lastrada-derweg.org Koordinator: Michela Abram &#8211; 334 6430900 Verantwortliche des Bereichs: Carlotta Ficco Psychiaterin[\/vc_column_text][vc_custom_heading text=&#8221;Wo&#8221; use_theme_fonts=&#8221;yes&#8221;][vc_column_text]Unser Team besteht aus einer Koordinatorin und Genesungsbegleitern und Genesungsbegleiterinnen.[\/vc_column_text][\/vc_column][vc_column width=&#8221;1\/2&#8243;][vc_single_image image=&#8221;2505&#8243; img_size=&#8221;full&#8221;][\/vc_column][\/vc_row][vc_row][vc_column][vc_custom_heading text=&#8221;Was&#8221; use_theme_fonts=&#8221;yes&#8221;][vc_column_text]Im Mittelpunkt dieses Projektes steht die Person, welche die auf dem &#8220;Ex In&#8221;&hellip;<\/p>\n","protected":false},"author":2,"featured_media":0,"parent":1668,"menu_order":0,"comment_status":"closed","ping_status":"closed","template":"","meta":{"footnotes":""},"class_list":["post-2482","page","type-page","status-publish","hentry","description-off"],"_links":{"self":[{"href":"https:\/\/www.lastrada-derweg.org\/index.php?rest_route=\/wp\/v2\/pages\/2482","targetHints":{"allow":["GET"]}}],"collection":[{"href":"https:\/\/www.lastrada-derweg.org\/index.php?rest_route=\/wp\/v2\/pages"}],"about":[{"href":"https:\/\/www.lastrada-derweg.org\/index.php?rest_route=\/wp\/v2\/types\/page"}],"author":[{"embeddable":true,"href":"https:\/\/www.lastrada-derweg.org\/index.php?rest_route=\/wp\/v2\/users\/2"}],"replies":[{"embeddable":true,"href":"https:\/\/www.lastrada-derweg.org\/index.php?rest_route=%2Fwp%2Fv2%2Fcomments&post=2482"}],"version-history":[{"count":20,"href":"https:\/\/www.lastrada-derweg.org\/index.php?rest_route=\/wp\/v2\/pages\/2482\/revisions"}],"predecessor-version":[{"id":11261,"href":"https:\/\/www.lastrada-derweg.org\/index.php?rest_route=\/wp\/v2\/pages\/2482\/revisions\/11261"}],"up":[{"embeddable":true,"href":"https:\/\/www.lastrada-derweg.org\/index.php?rest_route=\/wp\/v2\/pages\/1668"}],"wp:attachment":[{"href":"https:\/\/www.lastrada-derweg.org\/index.php?rest_route=%2Fwp%2Fv2%2Fmedia&parent=2482"}],"curies":[{"name":"wp","href":"https:\/\/api.w.org\/{rel}","templated":true}]}}

<div class="wpb-content-wrapper"><p>[vc_row][vc_column width=&#8221;1/2&#8243;][vc_custom_heading text=&#8221;Wer&#8221; use_theme_fonts=&#8221;yes&#8221;][vc_column_text css=&#8221;&#8221;]Projekt Ex-In<br />
Mariaheimweg 46 &#8211; 39100 Bozen<br />
Tel.: 0471 203111</p>
<p><a href="mailto:ex-in@lastrada-derweg.org">ex-in@lastrada-derweg.org</a></p>
<p>Koordinator: <strong>Michela Abram</strong> &#8211; 334 6430900<br />
Verantwortliche des Bereichs: Carlotta Ficco Psychiaterin[/vc_column_text][vc_custom_heading text=&#8221;Wo&#8221; use_theme_fonts=&#8221;yes&#8221;][vc_column_text]Unser Team besteht aus einer Koordinatorin und Genesungsbegleitern und Genesungsbegleiterinnen.[/vc_column_text][/vc_column][vc_column width=&#8221;1/2&#8243;][vc_single_image image=&#8221;2505&#8243; img_size=&#8221;full&#8221;][/vc_column][/vc_row][vc_row][vc_column][vc_custom_heading text=&#8221;Was&#8221; use_theme_fonts=&#8221;yes&#8221;][vc_column_text]Im Mittelpunkt dieses Projektes steht die Person, welche die auf dem &#8220;Ex In&#8221; -Modell basierende Ausbildung abgeschlossen hat. Diese Ausbildung zielt darauf ab, die eigene psychiatrische Erkrankung besser zu verstehen, sich ein generelles Wissen über psychiatrische Erkrankungen anzueignen, ähnliche Themen zu vertiefen und Interventionsmodelle und -aktionen in der Praxis zu erlernen, im Sinne einer Peer-Working-Support-Perspektive.<br />
Sobald die Person den vorgesehenen Ausbildungszyklus abgeschlossen und das Praktikum absolviert hat, kann sie wählen, ob sie eine berufliche Laufbahn einschlagen möchte, die mit den im oben genannten Kurs erworbenen Fähigkeiten verbunden ist.<br />
[/vc_column_text][/vc_column][/vc_row][vc_row][vc_column width=&#8221;1/3&#8243;][vc_custom_heading text=&#8221;Für wen&#8221; use_theme_fonts=&#8221;yes&#8221;][vc_column_text]Personen, die die Ausbildung zum Genesungsbegleiter oder zur Genesungsbegleiterin abgeschlossen haben.[/vc_column_text][/vc_column][vc_column width=&#8221;1/3&#8243;][vc_custom_heading text=&#8221;Warum&#8221; use_theme_fonts=&#8221;yes&#8221;][vc_column_text]Im Besonderen geht es darum, einen Arbeitsplatz für Menschen zu finden, die sich auf die Aufgabe als Genesungsbegleiter oder Genesungsbegleiterin vorbereitet fühlen, motiviert sind und über wirksame Instrumente verfügen, mit denen sie ihre eigenen Erfahrungen als psychiatrische Patienten oder Patientinnen zu einer wertvollen Ressource für sich und andere machen können.[/vc_column_text][/vc_column][vc_column width=&#8221;1/3&#8243;][vc_custom_heading text=&#8221;Wann&#8221; use_theme_fonts=&#8221;yes&#8221;][vc_column_text]Ganzjährig, nach Absprache.</p>
<p>&nbsp;</p>
<p>[/vc_column_text][/vc_column][/vc_row]</p>
</div>
