{"id":2622,"date":"2019-07-19T10:14:39","date_gmt":"2019-07-19T08:14:39","guid":{"rendered":"http:\/\/www.lastrada-derweg.org\/?page_id=2622"},"modified":"2024-07-03T11:18:49","modified_gmt":"2024-07-03T09:18:49","slug":"miniestatissima","status":"publish","type":"page","link":"https:\/\/www.lastrada-derweg.org\/?page_id=2622&lang=de","title":{"rendered":"Miniestatissima"},"content":{"rendered":"<div class=\"wpb-content-wrapper\"><p>[vc_row][vc_column width=&#8221;1\/2&#8243;][vc_custom_heading text=&#8221;Wer&#8221; use_theme_fonts=&#8221;yes&#8221;][vc_column_text]Wir sind ein Team von Erzieher*innen, die sich im Sommer dem Spa\u00df und der Betreuung von Kindern im Alter von 3 bis 6 Jahren widmen.[\/vc_column_text][vc_custom_heading text=&#8221;Wo&#8221; use_theme_fonts=&#8221;yes&#8221;][vc_column_text css=&#8221;&#8221;]Die Aktivit\u00e4ten finden in einem Kindergarten oder in einem f\u00fcr MiniEstatissima vorgesehenen Raum in den Stadtvierteln Don Bosco bzw. Europa-Neustift statt. W\u00e4hrend des Jahres und wenn der Sommer n\u00e4her r\u00fcckt, k\u00f6nnen Sie sich an die Mitarbeiter des Projektes All Together in der Rovigostr. 92 in Bozen wenden.<\/p>\n<p><a href=\"mailto:miniestatissima@lastrada-derweg.org\">miniestatissima@lastrada-derweg.org<\/a><\/p>\n<p>Koordinatorin:<strong> Giulia Gabos<br \/>\n<\/strong>Tel.: 331 6395195[\/vc_column_text][\/vc_column][vc_column width=&#8221;1\/2&#8243;][vc_single_image image=&#8221;2623&#8243; img_size=&#8221;full&#8221;][\/vc_column][\/vc_row][vc_row][vc_column][vc_custom_heading text=&#8221;Was&#8221; use_theme_fonts=&#8221;yes&#8221;][vc_column_text]MiniEstatissima m\u00f6chte eine Gelegenheit zur Sozialisierung, zur Entwicklung von Autonomie und zum Spa\u00df f\u00fcr Kinder im Vorschulalter sein.<br \/>\nDen Kindern werden Spiele, kreative Workshops, Lesungen, Gesang, Tanz und musikalische Aktivit\u00e4ten sowie einzigartige Fantasiereisen angeboten.<br \/>\nF\u00fcr Familien m\u00f6chte MiniEstatissima ein Dienst f\u00fcr Bildung und Unterhaltung sein.<br \/>\n[\/vc_column_text][\/vc_column][\/vc_row][vc_row][vc_column width=&#8221;1\/3&#8243;][vc_custom_heading text=&#8221;F\u00fcr wen&#8221; use_theme_fonts=&#8221;yes&#8221;][vc_column_text]Miniestatissima ist ein Dienst f\u00fcr Familien und Kinder von 3 bis 6 Jahren.[\/vc_column_text][\/vc_column][vc_column width=&#8221;1\/3&#8243;][vc_custom_heading text=&#8221;Warum&#8221; use_theme_fonts=&#8221;yes&#8221;][vc_column_text]Das Hauptziel ist es, den Familien die F\u00fcrsorge, Unterst\u00fctzung und den Spa\u00df der Kinder zu garantieren. Auf welche Weise?<br \/>\n\u2022 Wir schaffen ein einladendes Umfeld f\u00fcr Kinder und versuchen, ein Vertrauensverh\u00e4ltnis zu ihnen und ihren Eltern aufzubauen.<br \/>\n\u2022 Wir planen die Aktivit\u00e4ten im Detail, lassen aber Raum f\u00fcr Improvisation, die sich aus der Kreativit\u00e4t der Kinder ergibt.<br \/>\n\u2022 Wir lassen den Kindern die Freiheit, mit den Aktivit\u00e4ten in \u00dcbereinstimmung mit den Zeiten, W\u00fcnschen, Vorstellungen und Pers\u00f6nlichkeiten jedes Einzelnen zu experimentieren.<br \/>\n\u2022 Wir f\u00f6rdern die Werte der Freundschaft, der Solidarit\u00e4t und des gegenseitigen Respekts.<br \/>\n\u2022 Wir helfen Kindern, ihre Autonomie zu entwickeln.<br \/>\n\u2022 Wir schlagen Aktivit\u00e4ten zur Entwicklung ihrer Kreativit\u00e4t vor: Zeichnen, Tanzen, Musik usw.<br \/>\n[\/vc_column_text][\/vc_column][vc_column width=&#8221;1\/3&#8243;][vc_custom_heading text=&#8221;Wann&#8221; use_theme_fonts=&#8221;yes&#8221;][vc_column_text]In den Sommermonaten w\u00e4hrend der Schulferien.<br \/>\nMontag bis Freitag von 7.45 bis 16.00 Uhr.<br \/>\n[\/vc_column_text][\/vc_column][\/vc_row][vc_row][vc_column][vc_column_text]<br \/>\n[\/vc_column_text][\/vc_column][\/vc_row][vc_row css=&#8221;.vc_custom_1613058991392{margin-top: 20px !important;}&#8221;][vc_column][vc_separator][\/vc_column][\/vc_row][vc_row][vc_column][vc_column_text]<\/p>\n<h4 style=\"text-align: center;\">Unterst\u00fctzt von:<\/h4>\n<p>[\/vc_column_text][\/vc_column][\/vc_row][vc_row content_placement=&#8221;middle&#8221;][vc_column width=&#8221;1\/3&#8243;][vc_single_image image=&#8221;5709&#8243; img_size=&#8221;500&#215;100&#8243; alignment=&#8221;center&#8221; style=&#8221;vc_box_rounded&#8221; onclick=&#8221;custom_link&#8221; css_animation=&#8221;fadeInUp&#8221;][\/vc_column][vc_column width=&#8221;1\/3&#8243;][vc_single_image image=&#8221;5659&#8243; img_size=&#8221;100&#215;100&#8243; alignment=&#8221;center&#8221; style=&#8221;vc_box_rounded&#8221; onclick=&#8221;custom_link&#8221; css_animation=&#8221;fadeInUp&#8221; link=&#8221;https:\/\/www.lastrada-derweg.org\/?page_id=3980&#8243;][\/vc_column][vc_column width=&#8221;1\/3&#8243;][vc_column_text]<\/p>\n<h5 style=\"text-align: center;\">Familienagentur<\/h5>\n<p>[\/vc_column_text][\/vc_column][\/vc_row]<\/p>\n<\/div>","protected":false},"excerpt":{"rendered":"<p>[vc_row][vc_column width=&#8221;1\/2&#8243;][vc_custom_heading text=&#8221;Wer&#8221; use_theme_fonts=&#8221;yes&#8221;][vc_column_text]Wir sind ein Team von Erzieher*innen, die sich im Sommer dem Spa\u00df und der Betreuung von Kindern im Alter von 3 bis 6 Jahren widmen.[\/vc_column_text][vc_custom_heading text=&#8221;Wo&#8221; use_theme_fonts=&#8221;yes&#8221;][vc_column_text css=&#8221;&#8221;]Die Aktivit\u00e4ten finden in einem Kindergarten oder in einem f\u00fcr MiniEstatissima vorgesehenen Raum in den Stadtvierteln Don Bosco bzw. Europa-Neustift statt. W\u00e4hrend des Jahres und&hellip;<\/p>\n","protected":false},"author":2,"featured_media":0,"parent":1690,"menu_order":0,"comment_status":"closed","ping_status":"closed","template":"","meta":{"footnotes":""},"class_list":["post-2622","page","type-page","status-publish","hentry","description-off"],"_links":{"self":[{"href":"https:\/\/www.lastrada-derweg.org\/index.php?rest_route=\/wp\/v2\/pages\/2622","targetHints":{"allow":["GET"]}}],"collection":[{"href":"https:\/\/www.lastrada-derweg.org\/index.php?rest_route=\/wp\/v2\/pages"}],"about":[{"href":"https:\/\/www.lastrada-derweg.org\/index.php?rest_route=\/wp\/v2\/types\/page"}],"author":[{"embeddable":true,"href":"https:\/\/www.lastrada-derweg.org\/index.php?rest_route=\/wp\/v2\/users\/2"}],"replies":[{"embeddable":true,"href":"https:\/\/www.lastrada-derweg.org\/index.php?rest_route=%2Fwp%2Fv2%2Fcomments&post=2622"}],"version-history":[{"count":7,"href":"https:\/\/www.lastrada-derweg.org\/index.php?rest_route=\/wp\/v2\/pages\/2622\/revisions"}],"predecessor-version":[{"id":10425,"href":"https:\/\/www.lastrada-derweg.org\/index.php?rest_route=\/wp\/v2\/pages\/2622\/revisions\/10425"}],"up":[{"embeddable":true,"href":"https:\/\/www.lastrada-derweg.org\/index.php?rest_route=\/wp\/v2\/pages\/1690"}],"wp:attachment":[{"href":"https:\/\/www.lastrada-derweg.org\/index.php?rest_route=%2Fwp%2Fv2%2Fmedia&parent=2622"}],"curies":[{"name":"wp","href":"https:\/\/api.w.org\/{rel}","templated":true}]}}