{"id":2654,"date":"2019-07-19T12:24:45","date_gmt":"2019-07-19T10:24:45","guid":{"rendered":"http:\/\/www.lastrada-derweg.org\/?page_id=2654"},"modified":"2022-11-03T13:12:31","modified_gmt":"2022-11-03T12:12:31","slug":"miwip","status":"publish","type":"page","link":"https:\/\/www.lastrada-derweg.org\/?page_id=2654&lang=de","title":{"rendered":"Miwip"},"content":{"rendered":"<div class=\"wpb-content-wrapper\"><p>[vc_row][vc_column width=&#8221;1\/2&#8243;][vc_custom_heading text=&#8221;Wer&#8221; use_theme_fonts=&#8221;yes&#8221;][vc_column_text]Die Beratungsstelle \u201eMiWip\u201c \u2013 Migration Wipptal ist das Ergebnis der Zusammenarbeit zwischen der Bezirksgemeinschaft Wipptal und dem Verein \u201eLa Strada-Der Weg ONLUS\u201c.<\/p>\n<p>[\/vc_column_text][vc_custom_heading text=&#8221;Wo&#8221; use_theme_fonts=&#8221;yes&#8221;][vc_column_text]Beratungsstelle <strong>\u201eMiWip\u201c <\/strong><br \/>\nBahnhofstrasse 1 &#8211; 39049 Sterzing<br \/>\n0472\/055117<\/p>\n<p><a href=\"mailto:miwip@lastrada-derweg.org\">miwip@lastrada-derweg.org<\/a><\/p>\n<p>Verantwortliche: Dr.in Marina Bruccoleri &#8211; 348 2810662<br \/>\nKoordinatorin: Dr.in Arianna Barbagallo 348 1572304 <strong>\u00a0<\/strong>[\/vc_column_text][\/vc_column][vc_column width=&#8221;1\/2&#8243;][vc_single_image image=&#8221;2760&#8243; img_size=&#8221;full&#8221;][\/vc_column][\/vc_row][vc_row][vc_column][vc_custom_heading text=&#8221;Was&#8221; use_theme_fonts=&#8221;yes&#8221;][vc_column_text]Wir unterst\u00fctzen B\u00fcrger und B\u00fcrgerinnen mit Migrationshintergrund und rechtm\u00e4\u00dfigem Aufenthalt in der Orientierung bei grundlegenden b\u00fcrokratischen Dienstleistungen, B\u00fcros, Verfahren zur Regulierungen, bei der Unterst\u00fctzung und grundlegenden Rechtsberatung in Bezug auf die Verfahren zur Erneuerung von Aufenthaltsgenehmigungen, Verfahren zur Aktualisierung des Aufenthaltsstatus, bei der Familienzusammenf\u00fchrung sowie bei der Sprachausbildung, dem Wohnen und der Arbeitssuche. Das Projekt wurde auch als Orientierungshilfe f\u00fcr die wichtigsten institutionellen Teilnehmer und Teilnehmerinnen, einschlie\u00dflich der Sozialdienste des Territoriums, hinsichtlich der Themen zur Einwanderung und zu spezifischen operativen Verfahren konzipiert. Das B\u00fcro ist Teil eines breiteren regionalen Netzwerks, mit dem st\u00e4ndig zusammengearbeitet wird.[\/vc_column_text][\/vc_column][\/vc_row][vc_row][vc_column width=&#8221;1\/3&#8243;][vc_custom_heading text=&#8221;F\u00fcr wen&#8221; use_theme_fonts=&#8221;yes&#8221;][vc_column_text]Der Dienst steht allen B\u00fcrgern und B\u00fcrgerinnen mit Wohnsitz oder Aufenthalt in den Gemeinden des Bezirks Wipptal mit Migrationshintergrund offen, die im Besitz von regul\u00e4ren Aufenthaltsdokumenten sind und Informationen und Beratung \u00fcber territoriale Dienstleistungen, die Abwicklung der ihnen zur Verf\u00fcgung stehenden Verwaltungsverfahren, die Erneuerung von Dokumenten, Sprachkurse und Schulungen, \u00fcber das Funktionieren der Arbeitswelt und die Erstellung eines Curriculum Vitae auf Grundlage ihrer spezifischen Bed\u00fcrfnisse ben\u00f6tigen. Dar\u00fcber hinaus bietet der Dienst eine Orientierungshilfe und Informationen dar\u00fcber, wie der Immobilienmarkt bei der Suche nach einer Wohnl\u00f6sung funktioniert.[\/vc_column_text][\/vc_column][vc_column width=&#8221;1\/3&#8243;][vc_custom_heading text=&#8221;Warum&#8221; use_theme_fonts=&#8221;yes&#8221;][vc_column_text]Der Dienst wurde Ende 2018 auf Wunsch der Sozialdienste der Bezirksgemeinde Wipptal in Zusammenarbeit mit dem Verein \u201eLa Strada &#8211; Der Weg\u201c ins Leben gerufen, um den zahlreichen Anfragen von B\u00fcrgern und B\u00fcrgerinnen mit Migrationshintergrund sowohl bei den Sozialdiensten, als auch bei den verschiedenen Diensten in der Region nach Unterst\u00fctzung und Anleitung zu entsprechen; dies auch mit dem Ziel, deren Zug\u00e4nglichkeit und Optimierungsprozesse zu verbessern, um Migrant*innen in das Sozialsystem zu bringen und sie aktiv daran teilnehmen zu lassen.[\/vc_column_text][\/vc_column][vc_column width=&#8221;1\/3&#8243;][vc_custom_heading text=&#8221;Wann&#8221; use_theme_fonts=&#8221;yes&#8221;][vc_column_text]Der Service ist freitags von 09.00 bis 12.00 Uhr, sowie zu anderen Zeiten nach Vereinbarung ge\u00f6ffnet.<\/p>\n<p><strong>\u00a0<\/strong>[\/vc_column_text][\/vc_column][\/vc_row]<\/p>\n<\/div>","protected":false},"excerpt":{"rendered":"<p>[vc_row][vc_column width=&#8221;1\/2&#8243;][vc_custom_heading text=&#8221;Wer&#8221; use_theme_fonts=&#8221;yes&#8221;][vc_column_text]Die Beratungsstelle \u201eMiWip\u201c \u2013 Migration Wipptal ist das Ergebnis der Zusammenarbeit zwischen der Bezirksgemeinschaft Wipptal und dem Verein \u201eLa Strada-Der Weg ONLUS\u201c. [\/vc_column_text][vc_custom_heading text=&#8221;Wo&#8221; use_theme_fonts=&#8221;yes&#8221;][vc_column_text]Beratungsstelle \u201eMiWip\u201c Bahnhofstrasse 1 &#8211; 39049 Sterzing 0472\/055117 miwip@lastrada-derweg.org Verantwortliche: Dr.in Marina Bruccoleri &#8211; 348 2810662 Koordinatorin: Dr.in Arianna Barbagallo 348 1572304 \u00a0[\/vc_column_text][\/vc_column][vc_column width=&#8221;1\/2&#8243;][vc_single_image image=&#8221;2760&#8243; img_size=&#8221;full&#8221;][\/vc_column][\/vc_row][vc_row][vc_column][vc_custom_heading text=&#8221;Was&#8221; use_theme_fonts=&#8221;yes&#8221;][vc_column_text]Wir&hellip;<\/p>\n","protected":false},"author":2,"featured_media":0,"parent":1772,"menu_order":0,"comment_status":"closed","ping_status":"closed","template":"","meta":{"footnotes":""},"class_list":["post-2654","page","type-page","status-publish","hentry","description-off"],"_links":{"self":[{"href":"https:\/\/www.lastrada-derweg.org\/index.php?rest_route=\/wp\/v2\/pages\/2654","targetHints":{"allow":["GET"]}}],"collection":[{"href":"https:\/\/www.lastrada-derweg.org\/index.php?rest_route=\/wp\/v2\/pages"}],"about":[{"href":"https:\/\/www.lastrada-derweg.org\/index.php?rest_route=\/wp\/v2\/types\/page"}],"author":[{"embeddable":true,"href":"https:\/\/www.lastrada-derweg.org\/index.php?rest_route=\/wp\/v2\/users\/2"}],"replies":[{"embeddable":true,"href":"https:\/\/www.lastrada-derweg.org\/index.php?rest_route=%2Fwp%2Fv2%2Fcomments&post=2654"}],"version-history":[{"count":10,"href":"https:\/\/www.lastrada-derweg.org\/index.php?rest_route=\/wp\/v2\/pages\/2654\/revisions"}],"predecessor-version":[{"id":7973,"href":"https:\/\/www.lastrada-derweg.org\/index.php?rest_route=\/wp\/v2\/pages\/2654\/revisions\/7973"}],"up":[{"embeddable":true,"href":"https:\/\/www.lastrada-derweg.org\/index.php?rest_route=\/wp\/v2\/pages\/1772"}],"wp:attachment":[{"href":"https:\/\/www.lastrada-derweg.org\/index.php?rest_route=%2Fwp%2Fv2%2Fmedia&parent=2654"}],"curies":[{"name":"wp","href":"https:\/\/api.w.org\/{rel}","templated":true}]}}