{"id":3071,"date":"2019-08-08T12:55:58","date_gmt":"2019-08-08T10:55:58","guid":{"rendered":"http:\/\/www.lastrada-derweg.org\/?page_id=3071"},"modified":"2024-06-12T16:11:59","modified_gmt":"2024-06-12T14:11:59","slug":"dienst-fuer-verwaltung-und-vermoegen","status":"publish","type":"page","link":"https:\/\/www.lastrada-derweg.org\/?page_id=3071&lang=de","title":{"rendered":"Verm\u00f6gensverwaltung"},"content":{"rendered":"<div class=\"wpb-content-wrapper\"><p>[vc_row][vc_column width=&#8221;1\/2&#8243;][vc_custom_heading text=&#8221;Wo&#8221; use_theme_fonts=&#8221;yes&#8221;][vc_column_text css=&#8221;&#8221;]<strong>Verm\u00f6gensverwaltung<\/strong><br \/>\nMariaheimweg 46 &#8211; 39100 Bozen<br \/>\nTel. 0471 203 111<\/p>\n<p><a href=\"mailto:verwaltung@lastrada-derweg.org\">verwaltung@lastrada-derweg.org<\/a><\/p>\n<p>Verantwortliche: <strong>Alessandra Belvisi<\/strong>[\/vc_column_text][vc_custom_heading text=&#8221;Wer&#8221; use_theme_fonts=&#8221;yes&#8221;][vc_column_text]Ein flexibles und dynamisches Team von Experten f\u00fcr Einkauf und Verm\u00f6gensverwaltung.<\/p>\n<p><strong>\u00a0<\/strong>[\/vc_column_text][\/vc_column][vc_column width=&#8221;1\/2&#8243;][vc_single_image image=&#8221;3124&#8243; img_size=&#8221;full&#8221;][\/vc_column][\/vc_row][vc_row][vc_column][vc_custom_heading text=&#8221;Was&#8221; use_theme_fonts=&#8221;yes&#8221;][vc_column_text]<\/p>\n<ul>\n<li style=\"list-style-type: none;\">\n<ul>\n<li style=\"list-style-type: none;\">\n<ul>\n<li><a href=\"https:\/\/www.lastrada-derweg.org\/?page_id=6034&amp;lang=de\">EDV<\/a><\/li>\n<li><a href=\"https:\/\/www.lastrada-derweg.org\/?page_id=6074&amp;lang=de\">\u00d6konomat<\/a><\/li>\n<li><a href=\"https:\/\/www.lastrada-derweg.org\/?page_id=3053&amp;lang=de\">Instandhaltung<\/a><\/li>\n<\/ul>\n<\/li>\n<\/ul>\n<\/li>\n<\/ul>\n<p>[\/vc_column_text][\/vc_column][\/vc_row][vc_row][vc_column width=&#8221;1\/3&#8243;][vc_custom_heading text=&#8221;F\u00fcr wen&#8221; use_theme_fonts=&#8221;yes&#8221;][vc_column_text]Das B\u00fcro steht allen Dienstleistungen und Einrichtungen des Vereins zur Verf\u00fcgung.[\/vc_column_text][\/vc_column][vc_column width=&#8221;1\/3&#8243;][vc_custom_heading text=&#8221;Warum&#8221; use_theme_fonts=&#8221;yes&#8221;][vc_column_text]Die zentrale und kontrollierte Verwaltung der Ausgaben vermeidet Verschwendung und hilft bei Einsparungen, ohne die Qualit\u00e4t zu beeintr\u00e4chtigen.[\/vc_column_text][\/vc_column][vc_column width=&#8221;1\/3&#8243;][vc_custom_heading text=&#8221;Wann&#8221; use_theme_fonts=&#8221;yes&#8221;][vc_column_text]Montag bis Freitag von 08:00 bis 12.30 Uhr.[\/vc_column_text][\/vc_column][\/vc_row]<\/p>\n<\/div>","protected":false},"excerpt":{"rendered":"<p>[vc_row][vc_column width=&#8221;1\/2&#8243;][vc_custom_heading text=&#8221;Wo&#8221; use_theme_fonts=&#8221;yes&#8221;][vc_column_text css=&#8221;&#8221;]Verm\u00f6gensverwaltung Mariaheimweg 46 &#8211; 39100 Bozen Tel. 0471 203 111 verwaltung@lastrada-derweg.org Verantwortliche: Alessandra Belvisi[\/vc_column_text][vc_custom_heading text=&#8221;Wer&#8221; use_theme_fonts=&#8221;yes&#8221;][vc_column_text]Ein flexibles und dynamisches Team von Experten f\u00fcr Einkauf und Verm\u00f6gensverwaltung. \u00a0[\/vc_column_text][\/vc_column][vc_column width=&#8221;1\/2&#8243;][vc_single_image image=&#8221;3124&#8243; img_size=&#8221;full&#8221;][\/vc_column][\/vc_row][vc_row][vc_column][vc_custom_heading text=&#8221;Was&#8221; use_theme_fonts=&#8221;yes&#8221;][vc_column_text] EDV \u00d6konomat Instandhaltung [\/vc_column_text][\/vc_column][\/vc_row][vc_row][vc_column width=&#8221;1\/3&#8243;][vc_custom_heading text=&#8221;F\u00fcr wen&#8221; use_theme_fonts=&#8221;yes&#8221;][vc_column_text]Das B\u00fcro steht allen Dienstleistungen und Einrichtungen des Vereins zur Verf\u00fcgung.[\/vc_column_text][\/vc_column][vc_column width=&#8221;1\/3&#8243;][vc_custom_heading&hellip;<\/p>\n","protected":false},"author":2,"featured_media":0,"parent":1843,"menu_order":0,"comment_status":"closed","ping_status":"closed","template":"","meta":{"footnotes":""},"class_list":["post-3071","page","type-page","status-publish","hentry","description-off"],"_links":{"self":[{"href":"https:\/\/www.lastrada-derweg.org\/index.php?rest_route=\/wp\/v2\/pages\/3071","targetHints":{"allow":["GET"]}}],"collection":[{"href":"https:\/\/www.lastrada-derweg.org\/index.php?rest_route=\/wp\/v2\/pages"}],"about":[{"href":"https:\/\/www.lastrada-derweg.org\/index.php?rest_route=\/wp\/v2\/types\/page"}],"author":[{"embeddable":true,"href":"https:\/\/www.lastrada-derweg.org\/index.php?rest_route=\/wp\/v2\/users\/2"}],"replies":[{"embeddable":true,"href":"https:\/\/www.lastrada-derweg.org\/index.php?rest_route=%2Fwp%2Fv2%2Fcomments&post=3071"}],"version-history":[{"count":20,"href":"https:\/\/www.lastrada-derweg.org\/index.php?rest_route=\/wp\/v2\/pages\/3071\/revisions"}],"predecessor-version":[{"id":10098,"href":"https:\/\/www.lastrada-derweg.org\/index.php?rest_route=\/wp\/v2\/pages\/3071\/revisions\/10098"}],"up":[{"embeddable":true,"href":"https:\/\/www.lastrada-derweg.org\/index.php?rest_route=\/wp\/v2\/pages\/1843"}],"wp:attachment":[{"href":"https:\/\/www.lastrada-derweg.org\/index.php?rest_route=%2Fwp%2Fv2%2Fmedia&parent=3071"}],"curies":[{"name":"wp","href":"https:\/\/api.w.org\/{rel}","templated":true}]}}

Vermögensverwaltung

<div class="wpb-content-wrapper"><p>[vc_row][vc_column width=&#8221;1/2&#8243;][vc_custom_heading text=&#8221;Wo&#8221; use_theme_fonts=&#8221;yes&#8221;][vc_column_text css=&#8221;&#8221;]<strong>Vermögensverwaltung</strong><br />
Mariaheimweg 46 &#8211; 39100 Bozen<br />
Tel. 0471 203 111</p>
<p><a href="mailto:verwaltung@lastrada-derweg.org">verwaltung@lastrada-derweg.org</a></p>
<p>Verantwortliche: <strong>Alessandra Belvisi</strong>[/vc_column_text][vc_custom_heading text=&#8221;Wer&#8221; use_theme_fonts=&#8221;yes&#8221;][vc_column_text]Ein flexibles und dynamisches Team von Experten für Einkauf und Vermögensverwaltung.</p>
<p><strong> </strong>[/vc_column_text][/vc_column][vc_column width=&#8221;1/2&#8243;][vc_single_image image=&#8221;3124&#8243; img_size=&#8221;full&#8221;][/vc_column][/vc_row][vc_row][vc_column][vc_custom_heading text=&#8221;Was&#8221; use_theme_fonts=&#8221;yes&#8221;][vc_column_text]</p>
<ul>
<li style="list-style-type: none;">
<ul>
<li style="list-style-type: none;">
<ul>
<li><a href="https://www.lastrada-derweg.org/?page_id=6034&amp;lang=de">EDV</a></li>
<li><a href="https://www.lastrada-derweg.org/?page_id=6074&amp;lang=de">Ökonomat</a></li>
<li><a href="https://www.lastrada-derweg.org/?page_id=3053&amp;lang=de">Instandhaltung</a></li>
</ul>
</li>
</ul>
</li>
</ul>
<p>[/vc_column_text][/vc_column][/vc_row][vc_row][vc_column width=&#8221;1/3&#8243;][vc_custom_heading text=&#8221;Für wen&#8221; use_theme_fonts=&#8221;yes&#8221;][vc_column_text]Das Büro steht allen Dienstleistungen und Einrichtungen des Vereins zur Verfügung.[/vc_column_text][/vc_column][vc_column width=&#8221;1/3&#8243;][vc_custom_heading text=&#8221;Warum&#8221; use_theme_fonts=&#8221;yes&#8221;][vc_column_text]Die zentrale und kontrollierte Verwaltung der Ausgaben vermeidet Verschwendung und hilft bei Einsparungen, ohne die Qualität zu beeinträchtigen.[/vc_column_text][/vc_column][vc_column width=&#8221;1/3&#8243;][vc_custom_heading text=&#8221;Wann&#8221; use_theme_fonts=&#8221;yes&#8221;][vc_column_text]Montag bis Freitag von 08:00 bis 12.30 Uhr.[/vc_column_text][/vc_column][/vc_row]</p>
</div>

<p>[vc_row][vc_column width=&#8221;1/2&#8243;][vc_custom_heading text=&#8221;Wo&#8221; use_theme_fonts=&#8221;yes&#8221;][vc_column_text css=&#8221;&#8221;]Vermögensverwaltung Mariaheimweg 46 &#8211; 39100 Bozen Tel. 0471 203 111 verwaltung@lastrada-derweg.org Verantwortliche: Alessandra Belvisi[/vc_column_text][vc_custom_heading text=&#8221;Wer&#8221; use_theme_fonts=&#8221;yes&#8221;][vc_column_text]Ein flexibles und dynamisches Team von Experten für Einkauf und Vermögensverwaltung.  [/vc_column_text][/vc_column][vc_column width=&#8221;1/2&#8243;][vc_single_image image=&#8221;3124&#8243; img_size=&#8221;full&#8221;][/vc_column][/vc_row][vc_row][vc_column][vc_custom_heading text=&#8221;Was&#8221; use_theme_fonts=&#8221;yes&#8221;][vc_column_text] EDV Ökonomat Instandhaltung [/vc_column_text][/vc_column][/vc_row][vc_row][vc_column width=&#8221;1/3&#8243;][vc_custom_heading text=&#8221;Für wen&#8221; use_theme_fonts=&#8221;yes&#8221;][vc_column_text]Das Büro steht allen Dienstleistungen und Einrichtungen des Vereins zur Verfügung.[/vc_column_text][/vc_column][vc_column width=&#8221;1/3&#8243;][vc_custom_heading&hellip;</p>
