{"id":3158,"date":"2019-08-09T12:32:21","date_gmt":"2019-08-09T10:32:21","guid":{"rendered":"http:\/\/www.lastrada-derweg.org\/?page_id=3158"},"modified":"2024-07-22T17:43:15","modified_gmt":"2024-07-22T15:43:15","slug":"interventi-di-gruppo","status":"publish","type":"page","link":"https:\/\/www.lastrada-derweg.org\/?page_id=3158","title":{"rendered":"Progetto scuola"},"content":{"rendered":"<div class=\"wpb-content-wrapper\"><p>[vc_row][vc_column width=&#8221;1\/2&#8243;][vc_custom_heading text=&#8221;Dove siamo&#8221; use_theme_fonts=&#8221;yes&#8221;][vc_column_text css=&#8221;&#8221;]Associazione La Strada \u2013 Der Weg<br \/>\nVia Visitazione, 42<br \/>\nTel. 0471-203111<\/p>\n<p>Responsabile: Marion Lorenzon<br \/>\nCell.: 335-7297456<br \/>\n<a href=\"mailto:marion.lorenzon@lastrada-derweg.org\"><strong><em>marion.lorenzon@lastrada-derweg.or<\/em><\/strong><\/a><\/p>\n<p>Vice-Responsabile: Christian Albertin<br \/>\nCell.: 335-7800782<br \/>\n<a href=\"mailto:christian.albertin@lastrada-derweg.org\"><strong><em>christian.albertin@lastrada-derweg.org<\/em><\/strong><\/a>[\/vc_column_text][vc_custom_heading text=&#8221;Chi siamo&#8221; use_theme_fonts=&#8221;yes&#8221;][vc_column_text css=&#8221;&#8221;]L\u2019Associazione \u201cLa Strada \u2013 Der Weg\u201d \u00e8 impegnata da diversi anni sul territorio altoatesino all\u2019interno delle scuole di ogni grado: con i pi\u00f9 piccoli nelle scuole dell\u2019infanzia e nelle elementari, con i preadolescenti nelle scuole medie e con gli adolescenti nelle scuole superiori. Attraverso team di operatori\/educatori offre sostegno, mediante interventi individuali o di gruppo, nella quotidianit\u00e0 pre-scolastica e scolastica a bambini\/e e ragazzi\/e in difficolt\u00e0 o in condizioni di bisogni particolari.[\/vc_column_text][\/vc_column][vc_column width=&#8221;1\/2&#8243;][vc_single_image image=&#8221;3183&#8243; img_size=&#8221;full&#8221;][\/vc_column][\/vc_row][vc_row][vc_column][vc_custom_heading text=&#8221;Cosa facciamo&#8221; use_theme_fonts=&#8221;yes&#8221;][vc_column_text css=&#8221;&#8221;]Offriamo ore individualizzate e di gruppo su richiesta diretta degli istituti scolastici o mediante progetti assegnati con bandi a finanziamento pubblico o privato. Attraverso l\u2019area scuola viene offerta la possibilit\u00e0 ad alunni e studenti delle scuole di tutti i gradi di ricostruire il proprio percorso di apprendimento e di socializzazione all\u2019interno del mondo scuola, spesso caratterizzato da difficolt\u00e0 di diverso tipo: mancanza di un metodo di studio, scarsa capacit\u00e0 di riconoscere le proprie emozioni, poca consapevolezza, poca autonomia ed autostima, difficolt\u00e0 famigliari ecc\u2026 Tutto ci\u00f2 porta alcuni giovani a vivere l\u2019esperienza scolastica, la quale richiede un alto grado di performance, attraverso insuccessi e delusioni che abbattono la loro motivazione di stare a scuola e li conduce verso l\u2019idea di abbandonare il proprio percorso formativo. L\u2019obiettivo per gli educatori diventa dunque quello di accompagnare e di sostenere i ragazzi nelle diverse fasi di apprendimento (e non solo), lavorando in stretta sinergia con il corpo docenti ed altre figure professionali che operano nell\u2019ambito scolastico.[\/vc_column_text][\/vc_column][\/vc_row][vc_row][vc_column width=&#8221;1\/3&#8243;][vc_custom_heading text=&#8221;Per chi&#8221; use_theme_fonts=&#8221;yes&#8221;][vc_column_text]L\u2019offerta \u00e8 diversificata e la fascia di et\u00e0 va dai 3 anni ai 16 anni (in casi particolari fino ai 18 anni)[\/vc_column_text][\/vc_column][vc_column width=&#8221;1\/3&#8243;][vc_custom_heading text=&#8221;Perch\u00e9&#8221; use_theme_fonts=&#8221;yes&#8221;][vc_column_text]L\u2019obiettivo dell\u2019area \u00e8 quello di aiutare e sostenere bambini\/e e ragazzi\/e nella quotidianit\u00e0 prescolastica e scolastica, ad affrontare al meglio le loro difficolt\u00e0 (di diverso tipo) sottolineandone i punti di forza. Tutto questo avviene in stretta collaborazione con il team di maestri\/insegnanti\/docenti.[\/vc_column_text][\/vc_column][vc_column width=&#8221;1\/3&#8243;][vc_custom_heading text=&#8221;Quando&#8221; use_theme_fonts=&#8221;yes&#8221;][vc_column_text css=&#8221;&#8221;]I nostri interventi individualizzati e di gruppo si articolano durante l\u2019arco dell\u2019anno scolastico su richiesta del dirigente scolastico e del collegio insegnanti. I progetti che promuoviamo grazie ai finanziamenti del Fondo Sociale Europeo (FSE) hanno una durata di 2 anni, sono attivi in base al calendario scolastico e possono proseguire solo se il progetto presentato al bando viene approvato.<\/p>\n<p>Altri progetti possono variare in base alla durata prevista dal finanziamento.[\/vc_column_text][\/vc_column][\/vc_row]<\/p>\n<\/div>","protected":false},"excerpt":{"rendered":"<p>[vc_row][vc_column width=&#8221;1\/2&#8243;][vc_custom_heading text=&#8221;Dove siamo&#8221; use_theme_fonts=&#8221;yes&#8221;][vc_column_text css=&#8221;&#8221;]Associazione La Strada \u2013 Der Weg Via Visitazione, 42 Tel. 0471-203111 Responsabile: Marion Lorenzon Cell.: 335-7297456 marion.lorenzon@lastrada-derweg.or Vice-Responsabile: Christian Albertin Cell.: 335-7800782 christian.albertin@lastrada-derweg.org[\/vc_column_text][vc_custom_heading text=&#8221;Chi siamo&#8221; use_theme_fonts=&#8221;yes&#8221;][vc_column_text css=&#8221;&#8221;]L\u2019Associazione \u201cLa Strada \u2013 Der Weg\u201d \u00e8 impegnata da diversi anni sul territorio altoatesino all\u2019interno delle scuole di ogni grado: con i pi\u00f9 piccoli&hellip;<\/p>\n","protected":false},"author":2,"featured_media":0,"parent":3140,"menu_order":0,"comment_status":"closed","ping_status":"closed","template":"","meta":{"footnotes":""},"class_list":["post-3158","page","type-page","status-publish","hentry","description-off"],"_links":{"self":[{"href":"https:\/\/www.lastrada-derweg.org\/index.php?rest_route=\/wp\/v2\/pages\/3158","targetHints":{"allow":["GET"]}}],"collection":[{"href":"https:\/\/www.lastrada-derweg.org\/index.php?rest_route=\/wp\/v2\/pages"}],"about":[{"href":"https:\/\/www.lastrada-derweg.org\/index.php?rest_route=\/wp\/v2\/types\/page"}],"author":[{"embeddable":true,"href":"https:\/\/www.lastrada-derweg.org\/index.php?rest_route=\/wp\/v2\/users\/2"}],"replies":[{"embeddable":true,"href":"https:\/\/www.lastrada-derweg.org\/index.php?rest_route=%2Fwp%2Fv2%2Fcomments&post=3158"}],"version-history":[{"count":9,"href":"https:\/\/www.lastrada-derweg.org\/index.php?rest_route=\/wp\/v2\/pages\/3158\/revisions"}],"predecessor-version":[{"id":10626,"href":"https:\/\/www.lastrada-derweg.org\/index.php?rest_route=\/wp\/v2\/pages\/3158\/revisions\/10626"}],"up":[{"embeddable":true,"href":"https:\/\/www.lastrada-derweg.org\/index.php?rest_route=\/wp\/v2\/pages\/3140"}],"wp:attachment":[{"href":"https:\/\/www.lastrada-derweg.org\/index.php?rest_route=%2Fwp%2Fv2%2Fmedia&parent=3158"}],"curies":[{"name":"wp","href":"https:\/\/api.w.org\/{rel}","templated":true}]}}

<div class="wpb-content-wrapper"><p>[vc_row][vc_column width=&#8221;1/2&#8243;][vc_custom_heading text=&#8221;Dove siamo&#8221; use_theme_fonts=&#8221;yes&#8221;][vc_column_text css=&#8221;&#8221;]Associazione La Strada – Der Weg<br />
Via Visitazione, 42<br />
Tel. 0471-203111</p>
<p>Responsabile: Marion Lorenzon<br />
Cell.: 335-7297456<br />
<a href="mailto:marion.lorenzon@lastrada-derweg.org"><strong><em>marion.lorenzon@lastrada-derweg.or</em></strong></a></p>
<p>Vice-Responsabile: Christian Albertin<br />
Cell.: 335-7800782<br />
<a href="mailto:christian.albertin@lastrada-derweg.org"><strong><em>christian.albertin@lastrada-derweg.org</em></strong></a>[/vc_column_text][vc_custom_heading text=&#8221;Chi siamo&#8221; use_theme_fonts=&#8221;yes&#8221;][vc_column_text css=&#8221;&#8221;]L’Associazione “La Strada – Der Weg” è impegnata da diversi anni sul territorio altoatesino all’interno delle scuole di ogni grado: con i più piccoli nelle scuole dell’infanzia e nelle elementari, con i preadolescenti nelle scuole medie e con gli adolescenti nelle scuole superiori. Attraverso team di operatori/educatori offre sostegno, mediante interventi individuali o di gruppo, nella quotidianità pre-scolastica e scolastica a bambini/e e ragazzi/e in difficoltà o in condizioni di bisogni particolari.[/vc_column_text][/vc_column][vc_column width=&#8221;1/2&#8243;][vc_single_image image=&#8221;3183&#8243; img_size=&#8221;full&#8221;][/vc_column][/vc_row][vc_row][vc_column][vc_custom_heading text=&#8221;Cosa facciamo&#8221; use_theme_fonts=&#8221;yes&#8221;][vc_column_text css=&#8221;&#8221;]Offriamo ore individualizzate e di gruppo su richiesta diretta degli istituti scolastici o mediante progetti assegnati con bandi a finanziamento pubblico o privato. Attraverso l’area scuola viene offerta la possibilità ad alunni e studenti delle scuole di tutti i gradi di ricostruire il proprio percorso di apprendimento e di socializzazione all’interno del mondo scuola, spesso caratterizzato da difficoltà di diverso tipo: mancanza di un metodo di studio, scarsa capacità di riconoscere le proprie emozioni, poca consapevolezza, poca autonomia ed autostima, difficoltà famigliari ecc… Tutto ciò porta alcuni giovani a vivere l’esperienza scolastica, la quale richiede un alto grado di performance, attraverso insuccessi e delusioni che abbattono la loro motivazione di stare a scuola e li conduce verso l’idea di abbandonare il proprio percorso formativo. L’obiettivo per gli educatori diventa dunque quello di accompagnare e di sostenere i ragazzi nelle diverse fasi di apprendimento (e non solo), lavorando in stretta sinergia con il corpo docenti ed altre figure professionali che operano nell’ambito scolastico.[/vc_column_text][/vc_column][/vc_row][vc_row][vc_column width=&#8221;1/3&#8243;][vc_custom_heading text=&#8221;Per chi&#8221; use_theme_fonts=&#8221;yes&#8221;][vc_column_text]L’offerta è diversificata e la fascia di età va dai 3 anni ai 16 anni (in casi particolari fino ai 18 anni)[/vc_column_text][/vc_column][vc_column width=&#8221;1/3&#8243;][vc_custom_heading text=&#8221;Perché&#8221; use_theme_fonts=&#8221;yes&#8221;][vc_column_text]L’obiettivo dell’area è quello di aiutare e sostenere bambini/e e ragazzi/e nella quotidianità prescolastica e scolastica, ad affrontare al meglio le loro difficoltà (di diverso tipo) sottolineandone i punti di forza. Tutto questo avviene in stretta collaborazione con il team di maestri/insegnanti/docenti.[/vc_column_text][/vc_column][vc_column width=&#8221;1/3&#8243;][vc_custom_heading text=&#8221;Quando&#8221; use_theme_fonts=&#8221;yes&#8221;][vc_column_text css=&#8221;&#8221;]I nostri interventi individualizzati e di gruppo si articolano durante l’arco dell’anno scolastico su richiesta del dirigente scolastico e del collegio insegnanti. I progetti che promuoviamo grazie ai finanziamenti del Fondo Sociale Europeo (FSE) hanno una durata di 2 anni, sono attivi in base al calendario scolastico e possono proseguire solo se il progetto presentato al bando viene approvato.</p>
<p>Altri progetti possono variare in base alla durata prevista dal finanziamento.[/vc_column_text][/vc_column][/vc_row]</p>
</div>

<p>[vc_row][vc_column width=&#8221;1/2&#8243;][vc_custom_heading text=&#8221;Dove siamo&#8221; use_theme_fonts=&#8221;yes&#8221;][vc_column_text css=&#8221;&#8221;]Associazione La Strada – Der Weg Via Visitazione, 42 Tel. 0471-203111 Responsabile: Marion Lorenzon Cell.: 335-7297456 marion.lorenzon@lastrada-derweg.or Vice-Responsabile: Christian Albertin Cell.: 335-7800782 christian.albertin@lastrada-derweg.org[/vc_column_text][vc_custom_heading text=&#8221;Chi siamo&#8221; use_theme_fonts=&#8221;yes&#8221;][vc_column_text css=&#8221;&#8221;]L’Associazione “La Strada – Der Weg” è impegnata da diversi anni sul territorio altoatesino all’interno delle scuole di ogni grado: con i più piccoli&hellip;</p>
