{"id":3160,"date":"2019-08-09T12:33:29","date_gmt":"2019-08-09T10:33:29","guid":{"rendered":"http:\/\/www.lastrada-derweg.org\/?page_id=3160"},"modified":"2024-07-22T17:44:14","modified_gmt":"2024-07-22T15:44:14","slug":"gruppenprojekte","status":"publish","type":"page","link":"https:\/\/www.lastrada-derweg.org\/?page_id=3160&lang=de","title":{"rendered":"Projekt Schule"},"content":{"rendered":"<div class=\"wpb-content-wrapper\"><p>[vc_row][vc_column width=&#8221;1\/2&#8243;][vc_custom_heading text=&#8221;Wo&#8221; use_theme_fonts=&#8221;yes&#8221;][vc_column_text css=&#8221;&#8221;]Verein \u201cLa Strada \u2013 Der Weg Onlus\u201d<br \/>\nMariaheimweg 46 &#8211; 39100 Bozen<br \/>\nTel. 0471\/203111<\/p>\n<p><a href=\"mailto:scuola@lastrada-derweg.org\">schule@lastrada-derweg.org<\/a><\/p>\n<p>Verantwortlicher: <strong>Marion Lorenzon<\/strong> &#8211; 335 7297456[\/vc_column_text][vc_custom_heading text=&#8221;Wer&#8221; use_theme_fonts=&#8221;yes&#8221;][vc_column_text]Der Verein &#8220;La Strada &#8211; Der Weg ONLUS&#8221; ist seit mehreren Jahren mit einem Team von im Schulbereich spezialisiertem Fachpersonal\/ p\u00e4dagogischem Personal innerhalb der italienischen, deutschen und ladinischen Schulen (von den Kinderg\u00e4rten bis zu den Oberschulen) S\u00fcdtirols t\u00e4tig und bietet Kindern und Jugendlichen mit unterschiedlichen Schwierigkeiten oder Bed\u00fcrfnissen im Rahmen von Einzel- und Gruppeninterventionen Unterst\u00fctzung im Vorschul- und Schulalltag.[\/vc_column_text][\/vc_column][vc_column width=&#8221;1\/2&#8243;][vc_single_image image=&#8221;3185&#8243; img_size=&#8221;full&#8221;][\/vc_column][\/vc_row][vc_row][vc_column][vc_custom_heading text=&#8221;Was&#8221; use_theme_fonts=&#8221;yes&#8221;][vc_column_text]Wir bieten auf der Grundlage von direkten Anfragen von Schulen oder von Projekten, welche durch \u00f6ffentliche oder private Finanzierungsaufrufe vergeben werden, Individual- und Gruppenstunden an. Durch den Schulbereich wird den Sch\u00fclern und Sch\u00fclerinnen und Studierenden aller Klassenstufen die M\u00f6glichkeit geboten, ihre Lern- und Sozialisationswege, die oft durch Schwierigkeiten verschiedenster Art, verschiedene Misserfolge und damit starke Demotivation und pers\u00f6nliche Geschichten gekennzeichnet sind, welche sich nur schwer mit den Anforderungen der schulischen Leistung vereinbaren lassen, neu zu gestalten. Ziel ist es, junge Menschen in den verschiedenen Phasen des Lernens (und nicht nur dort) zu begleiten und zu unterst\u00fctzen, und zwar in enger Zusammenarbeit mit dem Lehrpersonal und anderem im schulischen Umfeld t\u00e4tigen Fachpersonal.[\/vc_column_text][\/vc_column][\/vc_row][vc_row][vc_column width=&#8221;1\/3&#8243;][vc_custom_heading text=&#8221;F\u00fcr wen&#8221; use_theme_fonts=&#8221;yes&#8221;][vc_column_text]Das Angebot ist vielf\u00e4ltig und die Altersspanne reicht von 3 bis zu 16 Jahren (in Sonderf\u00e4llen bis zu 18 Jahren)[\/vc_column_text][\/vc_column][vc_column width=&#8221;1\/3&#8243;][vc_custom_heading text=&#8221;Warum&#8221; use_theme_fonts=&#8221;yes&#8221;][vc_column_text]Ziel dieses Bereichs ist es, Kinder in ihrem Vorschul- und Schulalltag zu begleiten und zu unterst\u00fctzen, mit ihren Schwierigkeiten (unterschiedlicher Art) bestm\u00f6glich umzugehen und ihre St\u00e4rken zu betonen. Dies geschieht in enger Zusammenarbeit mit dem Team der Lehrer und Lehrerinnen.[\/vc_column_text][\/vc_column][vc_column width=&#8221;1\/3&#8243;][vc_custom_heading text=&#8221;Wann&#8221; use_theme_fonts=&#8221;yes&#8221;][vc_column_text]W\u00e4hrend des gesamten Schuljahres auf Anfrage der Schulleitung und des Kollegiums der Lehrer und Lehrerinnen f\u00fcr individuelle und Gruppeninterventionen.<br \/>\nAus dem Europ\u00e4ischen Sozialfonds (ESF) finanzierte Projekte haben eine Laufzeit von etwa einem Jahr (Schulkalender) und k\u00f6nnen nur fortgesetzt werden, wenn das im Rahmen der Aufforderung zur Einreichung von Vorschl\u00e4gen eingereichte Projekt genehmigt wurde.<br \/>\nAndere Projekte k\u00f6nnen je nach Dauer der Finanzierung variieren.[\/vc_column_text][\/vc_column][\/vc_row]<\/p>\n<\/div>","protected":false},"excerpt":{"rendered":"<p>[vc_row][vc_column width=&#8221;1\/2&#8243;][vc_custom_heading text=&#8221;Wo&#8221; use_theme_fonts=&#8221;yes&#8221;][vc_column_text css=&#8221;&#8221;]Verein \u201cLa Strada \u2013 Der Weg Onlus\u201d Mariaheimweg 46 &#8211; 39100 Bozen Tel. 0471\/203111 schule@lastrada-derweg.org Verantwortlicher: Marion Lorenzon &#8211; 335 7297456[\/vc_column_text][vc_custom_heading text=&#8221;Wer&#8221; use_theme_fonts=&#8221;yes&#8221;][vc_column_text]Der Verein &#8220;La Strada &#8211; Der Weg ONLUS&#8221; ist seit mehreren Jahren mit einem Team von im Schulbereich spezialisiertem Fachpersonal\/ p\u00e4dagogischem Personal innerhalb der italienischen, deutschen und ladinischen Schulen&hellip;<\/p>\n","protected":false},"author":2,"featured_media":0,"parent":3142,"menu_order":0,"comment_status":"closed","ping_status":"closed","template":"","meta":{"footnotes":""},"class_list":["post-3160","page","type-page","status-publish","hentry","description-off"],"_links":{"self":[{"href":"https:\/\/www.lastrada-derweg.org\/index.php?rest_route=\/wp\/v2\/pages\/3160","targetHints":{"allow":["GET"]}}],"collection":[{"href":"https:\/\/www.lastrada-derweg.org\/index.php?rest_route=\/wp\/v2\/pages"}],"about":[{"href":"https:\/\/www.lastrada-derweg.org\/index.php?rest_route=\/wp\/v2\/types\/page"}],"author":[{"embeddable":true,"href":"https:\/\/www.lastrada-derweg.org\/index.php?rest_route=\/wp\/v2\/users\/2"}],"replies":[{"embeddable":true,"href":"https:\/\/www.lastrada-derweg.org\/index.php?rest_route=%2Fwp%2Fv2%2Fcomments&post=3160"}],"version-history":[{"count":10,"href":"https:\/\/www.lastrada-derweg.org\/index.php?rest_route=\/wp\/v2\/pages\/3160\/revisions"}],"predecessor-version":[{"id":10212,"href":"https:\/\/www.lastrada-derweg.org\/index.php?rest_route=\/wp\/v2\/pages\/3160\/revisions\/10212"}],"up":[{"embeddable":true,"href":"https:\/\/www.lastrada-derweg.org\/index.php?rest_route=\/wp\/v2\/pages\/3142"}],"wp:attachment":[{"href":"https:\/\/www.lastrada-derweg.org\/index.php?rest_route=%2Fwp%2Fv2%2Fmedia&parent=3160"}],"curies":[{"name":"wp","href":"https:\/\/api.w.org\/{rel}","templated":true}]}}

<div class="wpb-content-wrapper"><p>[vc_row][vc_column width=&#8221;1/2&#8243;][vc_custom_heading text=&#8221;Wo&#8221; use_theme_fonts=&#8221;yes&#8221;][vc_column_text css=&#8221;&#8221;]Verein “La Strada – Der Weg Onlus”<br />
Mariaheimweg 46 &#8211; 39100 Bozen<br />
Tel. 0471/203111</p>
<p><a href="mailto:scuola@lastrada-derweg.org">schule@lastrada-derweg.org</a></p>
<p>Verantwortlicher: <strong>Marion Lorenzon</strong> &#8211; 335 7297456[/vc_column_text][vc_custom_heading text=&#8221;Wer&#8221; use_theme_fonts=&#8221;yes&#8221;][vc_column_text]Der Verein &#8220;La Strada &#8211; Der Weg ONLUS&#8221; ist seit mehreren Jahren mit einem Team von im Schulbereich spezialisiertem Fachpersonal/ pädagogischem Personal innerhalb der italienischen, deutschen und ladinischen Schulen (von den Kindergärten bis zu den Oberschulen) Südtirols tätig und bietet Kindern und Jugendlichen mit unterschiedlichen Schwierigkeiten oder Bedürfnissen im Rahmen von Einzel- und Gruppeninterventionen Unterstützung im Vorschul- und Schulalltag.[/vc_column_text][/vc_column][vc_column width=&#8221;1/2&#8243;][vc_single_image image=&#8221;3185&#8243; img_size=&#8221;full&#8221;][/vc_column][/vc_row][vc_row][vc_column][vc_custom_heading text=&#8221;Was&#8221; use_theme_fonts=&#8221;yes&#8221;][vc_column_text]Wir bieten auf der Grundlage von direkten Anfragen von Schulen oder von Projekten, welche durch öffentliche oder private Finanzierungsaufrufe vergeben werden, Individual- und Gruppenstunden an. Durch den Schulbereich wird den Schülern und Schülerinnen und Studierenden aller Klassenstufen die Möglichkeit geboten, ihre Lern- und Sozialisationswege, die oft durch Schwierigkeiten verschiedenster Art, verschiedene Misserfolge und damit starke Demotivation und persönliche Geschichten gekennzeichnet sind, welche sich nur schwer mit den Anforderungen der schulischen Leistung vereinbaren lassen, neu zu gestalten. Ziel ist es, junge Menschen in den verschiedenen Phasen des Lernens (und nicht nur dort) zu begleiten und zu unterstützen, und zwar in enger Zusammenarbeit mit dem Lehrpersonal und anderem im schulischen Umfeld tätigen Fachpersonal.[/vc_column_text][/vc_column][/vc_row][vc_row][vc_column width=&#8221;1/3&#8243;][vc_custom_heading text=&#8221;Für wen&#8221; use_theme_fonts=&#8221;yes&#8221;][vc_column_text]Das Angebot ist vielfältig und die Altersspanne reicht von 3 bis zu 16 Jahren (in Sonderfällen bis zu 18 Jahren)[/vc_column_text][/vc_column][vc_column width=&#8221;1/3&#8243;][vc_custom_heading text=&#8221;Warum&#8221; use_theme_fonts=&#8221;yes&#8221;][vc_column_text]Ziel dieses Bereichs ist es, Kinder in ihrem Vorschul- und Schulalltag zu begleiten und zu unterstützen, mit ihren Schwierigkeiten (unterschiedlicher Art) bestmöglich umzugehen und ihre Stärken zu betonen. Dies geschieht in enger Zusammenarbeit mit dem Team der Lehrer und Lehrerinnen.[/vc_column_text][/vc_column][vc_column width=&#8221;1/3&#8243;][vc_custom_heading text=&#8221;Wann&#8221; use_theme_fonts=&#8221;yes&#8221;][vc_column_text]Während des gesamten Schuljahres auf Anfrage der Schulleitung und des Kollegiums der Lehrer und Lehrerinnen für individuelle und Gruppeninterventionen.<br />
Aus dem Europäischen Sozialfonds (ESF) finanzierte Projekte haben eine Laufzeit von etwa einem Jahr (Schulkalender) und können nur fortgesetzt werden, wenn das im Rahmen der Aufforderung zur Einreichung von Vorschlägen eingereichte Projekt genehmigt wurde.<br />
Andere Projekte können je nach Dauer der Finanzierung variieren.[/vc_column_text][/vc_column][/vc_row]</p>
</div>

<p>[vc_row][vc_column width=&#8221;1/2&#8243;][vc_custom_heading text=&#8221;Wo&#8221; use_theme_fonts=&#8221;yes&#8221;][vc_column_text css=&#8221;&#8221;]Verein “La Strada – Der Weg Onlus” Mariaheimweg 46 &#8211; 39100 Bozen Tel. 0471/203111 schule@lastrada-derweg.org Verantwortlicher: Marion Lorenzon &#8211; 335 7297456[/vc_column_text][vc_custom_heading text=&#8221;Wer&#8221; use_theme_fonts=&#8221;yes&#8221;][vc_column_text]Der Verein &#8220;La Strada &#8211; Der Weg ONLUS&#8221; ist seit mehreren Jahren mit einem Team von im Schulbereich spezialisiertem Fachpersonal/ pädagogischem Personal innerhalb der italienischen, deutschen und ladinischen Schulen&hellip;</p>
