{"id":3210,"date":"2019-08-09T14:55:27","date_gmt":"2019-08-09T12:55:27","guid":{"rendered":"http:\/\/www.lastrada-derweg.org\/?page_id=3210"},"modified":"2024-10-28T14:24:47","modified_gmt":"2024-10-28T13:24:47","slug":"werkstaetten","status":"publish","type":"page","link":"https:\/\/www.lastrada-derweg.org\/?page_id=3210&lang=de","title":{"rendered":"Youth Lab &#8211; Werkst\u00e4tten f\u00fcr Jugendliche"},"content":{"rendered":"<div class=\"wpb-content-wrapper\"><p>[vc_row][vc_column width=&#8221;1\/2&#8243;][vc_custom_heading text=&#8221;Wo&#8221; use_theme_fonts=&#8221;yes&#8221;][vc_column_text css=&#8221;&#8221;]Youth Lab &#8211; Werkst\u00e4tten f\u00fcr Jugendliche<br \/>\nKeplerostrastra\u00dfe 7<br \/>\n39100 Bozen<\/p>\n<p>Tel.: 0471 203111<br \/>\n<a href=\"mailto:laboratori@lastrada-derweg.org\"><u>werkstaetten@lastrada-derweg.org<\/u><\/a><\/p>\n<p>Koordinatorin: <strong>Roberto De Lorenzo Noto<\/strong> &#8211; 338 6753572[\/vc_column_text][\/vc_column][vc_column width=&#8221;1\/2&#8243;][vc_single_image image=&#8221;3461&#8243; img_size=&#8221;full&#8221;][\/vc_column][\/vc_row][vc_row][vc_column][vc_custom_heading text=&#8221;Wer&#8221; use_theme_fonts=&#8221;yes&#8221;][vc_column_text]F\u00fcr die sozialp\u00e4dagogische Arbeit ist ein Team, bestehend aus 2\u00a0 p\u00e4dagogischen Fachkr\u00e4ften, zust\u00e4ndig. Die Leitung der Einrichtung ist auf eine dieser Fachkr\u00e4fte \u00fcbertragen.[\/vc_column_text][vc_custom_heading text=&#8221;Was&#8221; use_theme_fonts=&#8221;yes&#8221;][vc_column_text]\u201cYouth Lab\u201d ist ein zielgerichtetes Projekt, das Jugendlichen in Krisensituationen eine Gelegenheit f\u00fcr soziale sowie Arbeitseingliederung bietet, und zwar durch ein spezifisches Werkst\u00e4ttenangebot, das auf die einzelnen F\u00e4higkeiten abgestimmt wird. Die Werkstatt dient als Mittel, um soziale sowie Arbeitskompetenzen zu f\u00f6rdern und somit die Jugendlichen auf die Arbeitswelt und ihr zuk\u00fcnftiges Leben vorzubereiten.[\/vc_column_text][\/vc_column][\/vc_row][vc_row][vc_column width=&#8221;1\/3&#8243;][vc_custom_heading text=&#8221;F\u00fcr wen&#8221; use_theme_fonts=&#8221;yes&#8221;][vc_column_text]Das Projekt \u201cYouth Lab\u201d sieht die Teilnahme von Jugendlichen vor, die sich in sozialer Notlage, sowie in schulischen und Beziehungsschwierigkeiten befinden. Jugendliche, die die Wichtigkeit eines Schulbesuches nicht verstehen und oft nicht die geeignete Unterst\u00fctzung in der Familie oder bei Gleichaltrigen finden.[\/vc_column_text][\/vc_column][vc_column width=&#8221;1\/3&#8243;][vc_custom_heading text=&#8221;Warum&#8221; use_theme_fonts=&#8221;yes&#8221;][vc_column_text]Die Tagesst\u00e4tte bietet Kindern bzw. Jugendlichen und Familien die M\u00f6glichkeit der Entlastung und Neuorientierung, wenn die Situation in der Familie die Entwicklung der Kinder gef\u00e4hrdet. In der Familie m\u00fcssen jedoch gen\u00fcgend Ressourcen vorhanden sein, welche eine ausreichende Versorgung der Kinder zu Hause sichern.<\/p>\n<ul>\n<li>das Selbstwertgef\u00fchl entwickeln<\/li>\n<li>Mit den Jugendlichen die Themen Beziehung, Motivation, Vertrauen und Selbst\u00e4ndigkeit bearbeiten<\/li>\n<li>Entwicklung der F\u00e4higkeit eigenst\u00e4ndig zu w\u00e4hlen, durch das experimentierender der vorgeschlagenen Aktivit\u00e4ten<\/li>\n<\/ul>\n<p>[\/vc_column_text][\/vc_column][vc_column width=&#8221;1\/3&#8243;][vc_custom_heading text=&#8221;Wann&#8221; use_theme_fonts=&#8221;yes&#8221;][vc_column_text]Ganzj\u00e4hrig von Montag bis Freitag von 9.00 bis 12.00 Uhr.<br \/>\nVariabel nach dem Projekt und je nach den speziellen Bed\u00fcrfnissen der Jugendlichen.[\/vc_column_text][\/vc_column][\/vc_row]<\/p>\n<\/div>","protected":false},"excerpt":{"rendered":"<p>[vc_row][vc_column width=&#8221;1\/2&#8243;][vc_custom_heading text=&#8221;Wo&#8221; use_theme_fonts=&#8221;yes&#8221;][vc_column_text css=&#8221;&#8221;]Youth Lab &#8211; Werkst\u00e4tten f\u00fcr Jugendliche Keplerostrastra\u00dfe 7 39100 Bozen Tel.: 0471 203111 werkstaetten@lastrada-derweg.org Koordinatorin: Roberto De Lorenzo Noto &#8211; 338 6753572[\/vc_column_text][\/vc_column][vc_column width=&#8221;1\/2&#8243;][vc_single_image image=&#8221;3461&#8243; img_size=&#8221;full&#8221;][\/vc_column][\/vc_row][vc_row][vc_column][vc_custom_heading text=&#8221;Wer&#8221; use_theme_fonts=&#8221;yes&#8221;][vc_column_text]F\u00fcr die sozialp\u00e4dagogische Arbeit ist ein Team, bestehend aus 2\u00a0 p\u00e4dagogischen Fachkr\u00e4ften, zust\u00e4ndig. Die Leitung der Einrichtung ist auf eine dieser Fachkr\u00e4fte \u00fcbertragen.[\/vc_column_text][vc_custom_heading text=&#8221;Was&#8221; use_theme_fonts=&#8221;yes&#8221;][vc_column_text]\u201cYouth&hellip;<\/p>\n","protected":false},"author":2,"featured_media":0,"parent":3231,"menu_order":0,"comment_status":"closed","ping_status":"closed","template":"","meta":{"footnotes":""},"class_list":["post-3210","page","type-page","status-publish","hentry","description-off"],"_links":{"self":[{"href":"https:\/\/www.lastrada-derweg.org\/index.php?rest_route=\/wp\/v2\/pages\/3210","targetHints":{"allow":["GET"]}}],"collection":[{"href":"https:\/\/www.lastrada-derweg.org\/index.php?rest_route=\/wp\/v2\/pages"}],"about":[{"href":"https:\/\/www.lastrada-derweg.org\/index.php?rest_route=\/wp\/v2\/types\/page"}],"author":[{"embeddable":true,"href":"https:\/\/www.lastrada-derweg.org\/index.php?rest_route=\/wp\/v2\/users\/2"}],"replies":[{"embeddable":true,"href":"https:\/\/www.lastrada-derweg.org\/index.php?rest_route=%2Fwp%2Fv2%2Fcomments&post=3210"}],"version-history":[{"count":10,"href":"https:\/\/www.lastrada-derweg.org\/index.php?rest_route=\/wp\/v2\/pages\/3210\/revisions"}],"predecessor-version":[{"id":11279,"href":"https:\/\/www.lastrada-derweg.org\/index.php?rest_route=\/wp\/v2\/pages\/3210\/revisions\/11279"}],"up":[{"embeddable":true,"href":"https:\/\/www.lastrada-derweg.org\/index.php?rest_route=\/wp\/v2\/pages\/3231"}],"wp:attachment":[{"href":"https:\/\/www.lastrada-derweg.org\/index.php?rest_route=%2Fwp%2Fv2%2Fmedia&parent=3210"}],"curies":[{"name":"wp","href":"https:\/\/api.w.org\/{rel}","templated":true}]}}