{"id":3637,"date":"2019-08-27T14:34:55","date_gmt":"2019-08-27T12:34:55","guid":{"rendered":"http:\/\/www.lastrada-derweg.org\/?page_id=3637"},"modified":"2025-02-14T10:26:19","modified_gmt":"2025-02-14T09:26:19","slug":"all-together-bruneck","status":"publish","type":"page","link":"https:\/\/www.lastrada-derweg.org\/?page_id=3637&lang=de","title":{"rendered":"Family Point Bruneck"},"content":{"rendered":"<div class=\"wpb-content-wrapper\"><p>[vc_row][vc_column width=&#8221;1\/2&#8243;][vc_custom_heading text=&#8221;Wo&#8221; use_theme_fonts=&#8221;yes&#8221;][vc_column_text css=&#8221;&#8221;]Family Point Brunico<br \/>\nMaria Teresa Riedlstra\u00dfe 1B39031 Bruneck (N\u00e4he &#8220;Diana&#8221; Park)<\/p>\n<p><a href=\"mailto:familypoint@lastrada-derweg.org\">familypoint@lastrada-derweg.org<\/a><\/p>\n<p>Instagram: <a href=\"https:\/\/www.instagram.com\/familypointbrunico\/\">Family Point Brunico<\/a><\/p>\n<p>Facebook: <a href=\"https:\/\/www.facebook.com\/AllTogetherBrunico\">Family Point Brunico<\/a><\/p>\n<p>Koordinatorin: <strong>Myriam Hofer<\/strong>\u00a0 &#8211; 335 7776014[\/vc_column_text][vc_custom_heading text=&#8221;Wer&#8221; use_theme_fonts=&#8221;yes&#8221;][vc_column_text]Das Team setzt sich aus einer Sozialp\u00e4dagogin und einer Psychologin zusammen.[\/vc_column_text][\/vc_column][vc_column width=&#8221;1\/2&#8243;][vc_single_image image=&#8221;3750&#8243; img_size=&#8221;full&#8221;][\/vc_column][\/vc_row][vc_row][vc_column][vc_custom_heading text=&#8221;Was&#8221; use_theme_fonts=&#8221;yes&#8221;][vc_column_text]Wir bieten einen offenen Treffpunkt f\u00fcr Familie mit ihren Kindern. Neben einem Wickel- und Stillraum sowie einer Spiel- und Entspannungsecke sind immer auch eine P\u00e4dagogin und\/oder Psychologin vor Ort, die Ansprechpartnerinnen f\u00fcr die M\u00fctter und V\u00e4ter sein k\u00f6nnen. Zudem sollen &#8211; je nach W\u00fcnschen und Bed\u00fcrfnissen der Eltern &#8211; Fortbildungen, Informationstreffen oder Workshops zu verschiedensten Themen angeboten werden.<\/p>\n<p>[\/vc_column_text][\/vc_column][\/vc_row][vc_row][vc_column width=&#8221;1\/3&#8243;][vc_custom_heading text=&#8221;F\u00fcr wen&#8221; use_theme_fonts=&#8221;yes&#8221;][vc_column_text]Das Projekt soll ein offener Treffpunkt f\u00fcr M\u00fctter und V\u00e4ter mit ihren Kindern (0-3 Jahre) sein. Selbstverst\u00e4ndlich sind in den Ferienzeiten auch die \u00e4lteren Kinder mit ihren Eltern willkommen.[\/vc_column_text][\/vc_column][vc_column width=&#8221;1\/3&#8243;][vc_custom_heading text=&#8221;Warum&#8221; use_theme_fonts=&#8221;yes&#8221;][vc_column_text]Das Hauptziel des Projektes ist es, Familien einen Treffpunkt zu bieten, wo sie einerseits ihr Kind stillen oder wickeln k\u00f6nnen und andererseits auch eine kompetente Ansprechperson haben, betreffend Erziehung und Entwicklung. Besonderes Augenmerk soll auch auf die Anliegen der Eltern gelegt werden und Fortbildungen oder Workshops zu bestimmten Themen organisiert werden.[\/vc_column_text][\/vc_column][vc_column width=&#8221;1\/3&#8243;][vc_custom_heading text=&#8221;Wann&#8221; use_theme_fonts=&#8221;yes&#8221;][vc_column_text css=&#8221;&#8221;]Montags und mittwochs:<\/p>\n<p>von 08.30 bis 12.30 Uhr.<\/p>\n<p>Dienstags und donnerstags:<\/p>\n<p>von 8.30 bis 12.30 Uhr \/\/\u00a0 von 14.00. bis 18.00 Uhr<\/p>\n<p>Freitag<\/p>\n<p>von 09.00 bis 12.30 Uhr.<\/p>\n<p>[\/vc_column_text][\/vc_column][\/vc_row][vc_row][vc_column][vc_column_text]<br \/>\n[\/vc_column_text][\/vc_column][\/vc_row][vc_row css=&#8221;.vc_custom_1613058991392{margin-top: 20px !important;}&#8221;][vc_column][vc_separator][\/vc_column][\/vc_row][vc_row][vc_column][vc_column_text]<\/p>\n<h4 style=\"text-align: center;\">Unterst\u00fctzt von:<\/h4>\n<p>[\/vc_column_text][\/vc_column][\/vc_row][vc_row content_placement=&#8221;middle&#8221;][vc_column width=&#8221;1\/2&#8243;][vc_single_image image=&#8221;11860&#8243; img_size=&#8221;full&#8221; alignment=&#8221;center&#8221; style=&#8221;vc_box_rounded&#8221; onclick=&#8221;custom_link&#8221; css_animation=&#8221;fadeInUp&#8221; css=&#8221;&#8221;][\/vc_column][vc_column width=&#8221;1\/2&#8243;][vc_single_image image=&#8221;11861&#8243; alignment=&#8221;center&#8221; css=&#8221;&#8221;][\/vc_column][\/vc_row]<\/p>\n<\/div>","protected":false},"excerpt":{"rendered":"<p>[vc_row][vc_column width=&#8221;1\/2&#8243;][vc_custom_heading text=&#8221;Wo&#8221; use_theme_fonts=&#8221;yes&#8221;][vc_column_text css=&#8221;&#8221;]Family Point Brunico Maria Teresa Riedlstra\u00dfe 1B39031 Bruneck (N\u00e4he &#8220;Diana&#8221; Park) familypoint@lastrada-derweg.org Instagram: Family Point Brunico Facebook: Family Point Brunico Koordinatorin: Myriam Hofer\u00a0 &#8211; 335 7776014[\/vc_column_text][vc_custom_heading text=&#8221;Wer&#8221; use_theme_fonts=&#8221;yes&#8221;][vc_column_text]Das Team setzt sich aus einer Sozialp\u00e4dagogin und einer Psychologin zusammen.[\/vc_column_text][\/vc_column][vc_column width=&#8221;1\/2&#8243;][vc_single_image image=&#8221;3750&#8243; img_size=&#8221;full&#8221;][\/vc_column][\/vc_row][vc_row][vc_column][vc_custom_heading text=&#8221;Was&#8221; use_theme_fonts=&#8221;yes&#8221;][vc_column_text]Wir bieten einen offenen Treffpunkt f\u00fcr Familie mit ihren&hellip;<\/p>\n","protected":false},"author":2,"featured_media":0,"parent":1690,"menu_order":0,"comment_status":"closed","ping_status":"closed","template":"","meta":{"footnotes":""},"class_list":["post-3637","page","type-page","status-publish","hentry","description-off"],"_links":{"self":[{"href":"https:\/\/www.lastrada-derweg.org\/index.php?rest_route=\/wp\/v2\/pages\/3637","targetHints":{"allow":["GET"]}}],"collection":[{"href":"https:\/\/www.lastrada-derweg.org\/index.php?rest_route=\/wp\/v2\/pages"}],"about":[{"href":"https:\/\/www.lastrada-derweg.org\/index.php?rest_route=\/wp\/v2\/types\/page"}],"author":[{"embeddable":true,"href":"https:\/\/www.lastrada-derweg.org\/index.php?rest_route=\/wp\/v2\/users\/2"}],"replies":[{"embeddable":true,"href":"https:\/\/www.lastrada-derweg.org\/index.php?rest_route=%2Fwp%2Fv2%2Fcomments&post=3637"}],"version-history":[{"count":25,"href":"https:\/\/www.lastrada-derweg.org\/index.php?rest_route=\/wp\/v2\/pages\/3637\/revisions"}],"predecessor-version":[{"id":11896,"href":"https:\/\/www.lastrada-derweg.org\/index.php?rest_route=\/wp\/v2\/pages\/3637\/revisions\/11896"}],"up":[{"embeddable":true,"href":"https:\/\/www.lastrada-derweg.org\/index.php?rest_route=\/wp\/v2\/pages\/1690"}],"wp:attachment":[{"href":"https:\/\/www.lastrada-derweg.org\/index.php?rest_route=%2Fwp%2Fv2%2Fmedia&parent=3637"}],"curies":[{"name":"wp","href":"https:\/\/api.w.org\/{rel}","templated":true}]}}

<div class="wpb-content-wrapper"><p>[vc_row][vc_column width=&#8221;1/2&#8243;][vc_custom_heading text=&#8221;Wo&#8221; use_theme_fonts=&#8221;yes&#8221;][vc_column_text css=&#8221;&#8221;]Family Point Brunico<br />
Maria Teresa Riedlstraße 1B39031 Bruneck (Nähe &#8220;Diana&#8221; Park)</p>
<p><a href="mailto:familypoint@lastrada-derweg.org">familypoint@lastrada-derweg.org</a></p>
<p>Instagram: <a href="https://www.instagram.com/familypointbrunico/">Family Point Brunico</a></p>
<p>Facebook: <a href="https://www.facebook.com/AllTogetherBrunico">Family Point Brunico</a></p>
<p>Koordinatorin: <strong>Myriam Hofer</strong>  &#8211; 335 7776014[/vc_column_text][vc_custom_heading text=&#8221;Wer&#8221; use_theme_fonts=&#8221;yes&#8221;][vc_column_text]Das Team setzt sich aus einer Sozialpädagogin und einer Psychologin zusammen.[/vc_column_text][/vc_column][vc_column width=&#8221;1/2&#8243;][vc_single_image image=&#8221;3750&#8243; img_size=&#8221;full&#8221;][/vc_column][/vc_row][vc_row][vc_column][vc_custom_heading text=&#8221;Was&#8221; use_theme_fonts=&#8221;yes&#8221;][vc_column_text]Wir bieten einen offenen Treffpunkt für Familie mit ihren Kindern. Neben einem Wickel- und Stillraum sowie einer Spiel- und Entspannungsecke sind immer auch eine Pädagogin und/oder Psychologin vor Ort, die Ansprechpartnerinnen für die Mütter und Väter sein können. Zudem sollen &#8211; je nach Wünschen und Bedürfnissen der Eltern &#8211; Fortbildungen, Informationstreffen oder Workshops zu verschiedensten Themen angeboten werden.</p>
<p>[/vc_column_text][/vc_column][/vc_row][vc_row][vc_column width=&#8221;1/3&#8243;][vc_custom_heading text=&#8221;Für wen&#8221; use_theme_fonts=&#8221;yes&#8221;][vc_column_text]Das Projekt soll ein offener Treffpunkt für Mütter und Väter mit ihren Kindern (0-3 Jahre) sein. Selbstverständlich sind in den Ferienzeiten auch die älteren Kinder mit ihren Eltern willkommen.[/vc_column_text][/vc_column][vc_column width=&#8221;1/3&#8243;][vc_custom_heading text=&#8221;Warum&#8221; use_theme_fonts=&#8221;yes&#8221;][vc_column_text]Das Hauptziel des Projektes ist es, Familien einen Treffpunkt zu bieten, wo sie einerseits ihr Kind stillen oder wickeln können und andererseits auch eine kompetente Ansprechperson haben, betreffend Erziehung und Entwicklung. Besonderes Augenmerk soll auch auf die Anliegen der Eltern gelegt werden und Fortbildungen oder Workshops zu bestimmten Themen organisiert werden.[/vc_column_text][/vc_column][vc_column width=&#8221;1/3&#8243;][vc_custom_heading text=&#8221;Wann&#8221; use_theme_fonts=&#8221;yes&#8221;][vc_column_text css=&#8221;&#8221;]Montags und mittwochs:</p>
<p>von 08.30 bis 12.30 Uhr.</p>
<p>Dienstags und donnerstags:</p>
<p>von 8.30 bis 12.30 Uhr //  von 14.00. bis 18.00 Uhr</p>
<p>Freitag</p>
<p>von 09.00 bis 12.30 Uhr.</p>
<p>[/vc_column_text][/vc_column][/vc_row][vc_row][vc_column][vc_column_text]<br />
[/vc_column_text][/vc_column][/vc_row][vc_row css=&#8221;.vc_custom_1613058991392{margin-top: 20px !important;}&#8221;][vc_column][vc_separator][/vc_column][/vc_row][vc_row][vc_column][vc_column_text]</p>
<h4 style="text-align: center;">Unterstützt von:</h4>
<p>[/vc_column_text][/vc_column][/vc_row][vc_row content_placement=&#8221;middle&#8221;][vc_column width=&#8221;1/2&#8243;][vc_single_image image=&#8221;11860&#8243; img_size=&#8221;full&#8221; alignment=&#8221;center&#8221; style=&#8221;vc_box_rounded&#8221; onclick=&#8221;custom_link&#8221; css_animation=&#8221;fadeInUp&#8221; css=&#8221;&#8221;][/vc_column][vc_column width=&#8221;1/2&#8243;][vc_single_image image=&#8221;11861&#8243; alignment=&#8221;center&#8221; css=&#8221;&#8221;][/vc_column][/vc_row]</p>
</div>

<p>[vc_row][vc_column width=&#8221;1/2&#8243;][vc_custom_heading text=&#8221;Wo&#8221; use_theme_fonts=&#8221;yes&#8221;][vc_column_text css=&#8221;&#8221;]Family Point Brunico Maria Teresa Riedlstraße 1B39031 Bruneck (Nähe &#8220;Diana&#8221; Park) familypoint@lastrada-derweg.org Instagram: Family Point Brunico Facebook: Family Point Brunico Koordinatorin: Myriam Hofer  &#8211; 335 7776014[/vc_column_text][vc_custom_heading text=&#8221;Wer&#8221; use_theme_fonts=&#8221;yes&#8221;][vc_column_text]Das Team setzt sich aus einer Sozialpädagogin und einer Psychologin zusammen.[/vc_column_text][/vc_column][vc_column width=&#8221;1/2&#8243;][vc_single_image image=&#8221;3750&#8243; img_size=&#8221;full&#8221;][/vc_column][/vc_row][vc_row][vc_column][vc_custom_heading text=&#8221;Was&#8221; use_theme_fonts=&#8221;yes&#8221;][vc_column_text]Wir bieten einen offenen Treffpunkt für Familie mit ihren&hellip;</p>
