{"id":3980,"date":"2019-12-11T08:53:40","date_gmt":"2019-12-11T07:53:40","guid":{"rendered":"http:\/\/www.lastrada-derweg.org\/?page_id=3980"},"modified":"2024-10-28T14:01:19","modified_gmt":"2024-10-28T13:01:19","slug":"on-air-sinigo","status":"publish","type":"page","link":"https:\/\/www.lastrada-derweg.org\/?page_id=3980","title":{"rendered":"On Air Sinigo"},"content":{"rendered":"<div class=\"wpb-content-wrapper\"><p>[vc_row][vc_column width=&#8221;1\/2&#8243;][vc_custom_heading text=&#8221;Chi siamo&#8221; use_theme_fonts=&#8221;yes&#8221;][vc_column_text]Il team \u00e8 composto da un coordinatore e da due educatori.[\/vc_column_text][vc_custom_heading text=&#8221;Dove siamo&#8221; use_theme_fonts=&#8221;yes&#8221;][vc_column_text css=&#8221;&#8221;]On Air Sinigo<br \/>\nVia Nazionale 58<br \/>\n39012 Sinigo\/ Merano<br \/>\ncell.: 3357297439<br \/>\n<a href=\"mailto:onairsinigo@lastrada-derweg.org\">onairsinigo@lastrada-derweg.org<\/a><\/p>\n<p>Coordinatrice: <strong>Miriana Salva<\/strong>[\/vc_column_text][\/vc_column][vc_column width=&#8221;1\/2&#8243;][vc_single_image image=&#8221;3982&#8243; img_size=&#8221;full&#8221;][\/vc_column][\/vc_row][vc_row][vc_column][vc_custom_heading text=&#8221;Cosa facciamo&#8221; use_theme_fonts=&#8221;yes&#8221;][vc_column_text]Il servizio di Accompagnamento Pomeridiano \u201cON AIR\u201d \u00e8 caratterizzato, non solo dalle attivit\u00e0 di aiuto ai compiti, ma anche da attivit\u00e0 culturali ricreative e laboratoriali, che hanno lo scopo di: promuovere le relazioni sociali;<\/p>\n<p>I pomeriggi durante l&#8217;anno scolastico sono stati solitamente strutturati nel seguente modo:<\/p>\n<p>&#8211;\u00a0\u00a0\u00a0\u00a0\u00a0\u00a0\u00a0\u00a0\u00a0\u00a0 14.00 \u2013 16.30 compiti e accompagnamento allo studio;<\/p>\n<p>&#8211;\u00a0\u00a0\u00a0\u00a0\u00a0\u00a0\u00a0\u00a0\u00a0\u00a0 16.30 \u2013 18.00 laboratori, progetti educativi, uscite strutturate ed attivit\u00e0 ludiche; compiti per i bambini che frequentano il tempo prolungato.<\/p>\n<p>&nbsp;<\/p>\n<p>le attivit\u00e0 praticate nella quotidianit\u00e0 sono:<\/p>\n<p>&#8211;\u00a0\u00a0\u00a0\u00a0\u00a0\u00a0\u00a0\u00a0\u00a0\u00a0 laboratori di manualit\u00e0;<\/p>\n<p>&#8211;\u00a0\u00a0\u00a0\u00a0\u00a0\u00a0\u00a0\u00a0\u00a0\u00a0 laboratori musicali;<\/p>\n<p>&#8211;\u00a0\u00a0\u00a0\u00a0\u00a0\u00a0\u00a0\u00a0\u00a0\u00a0 laboratori di creativit\u00e0;<\/p>\n<p>&#8211;\u00a0\u00a0\u00a0\u00a0\u00a0\u00a0\u00a0\u00a0\u00a0\u00a0 giochi all\u2019aria aperta;<\/p>\n<p>&#8211;\u00a0\u00a0\u00a0\u00a0\u00a0\u00a0\u00a0\u00a0\u00a0\u00a0 giochi da tavolo;<\/p>\n<p>&#8211;\u00a0\u00a0\u00a0\u00a0\u00a0\u00a0\u00a0\u00a0\u00a0\u00a0 laboratori di danza<\/p>\n<p>&#8211;\u00a0\u00a0\u00a0\u00a0\u00a0\u00a0\u00a0\u00a0\u00a0\u00a0 laboratori di teatro<\/p>\n<p>&#8211;\u00a0\u00a0\u00a0\u00a0\u00a0\u00a0\u00a0\u00a0\u00a0\u00a0 gite.[\/vc_column_text][\/vc_column][\/vc_row][vc_row][vc_column width=&#8221;1\/3&#8243;][vc_custom_heading text=&#8221;Per chi&#8221; use_theme_fonts=&#8221;yes&#8221;][vc_column_text]Per tutti i bambini e ragazzi in et\u00e0 scolare dai 6 ai 14 anni[\/vc_column_text][\/vc_column][vc_column width=&#8221;1\/3&#8243;][vc_custom_heading text=&#8221;Perch\u00e9&#8221; use_theme_fonts=&#8221;yes&#8221;][vc_column_text]Il progetto \u00e8 fortemente incentrato sulla relazione educativa e formativa ed \u00e8 orientato ad ascoltare e bisogni e le opportunit\u00e0 presenti nel territorio per attivare risposte. Un progetto che offre e conta di offrire ai giovani partecipanti la possibilit\u00e0 di scoprire molte risorse ancora inesplorate, di cui sono portatori spesso inconsapevoli, e un competente e qualificato accompagnamento pedagogico.[\/vc_column_text][\/vc_column][vc_column width=&#8221;1\/3&#8243;][vc_custom_heading text=&#8221;Quando&#8221; use_theme_fonts=&#8221;yes&#8221;][vc_column_text]Siamo aperti tutto l&#8217;anno dal luned\u00ec al venerd\u00ec dalle ore 14 alle 18.00.<br \/>\nL&#8217;orario pu\u00f2 subire variazioni nei periodi di vacanza o a seconda di esigenze particolari come gite o altre attivit\u00e0 programmate[\/vc_column_text][\/vc_column][\/vc_row][vc_row][vc_column][vc_column_text]<\/p>\n<p>[\/vc_column_text][\/vc_column][\/vc_row][vc_row css=&#8221;.vc_custom_1613058991392{margin-top: 20px !important;}&#8221;][vc_column][vc_separator][\/vc_column][\/vc_row][vc_row][vc_column][vc_column_text]<\/p>\n<h4 style=\"text-align: center;\">Con il sostegno di:<\/h4>\n<p>[\/vc_column_text][\/vc_column][\/vc_row][vc_row content_placement=&#8221;middle&#8221;][vc_column width=&#8221;1\/3&#8243;][vc_single_image image=&#8221;5709&#8243; img_size=&#8221;500&#215;100&#8243; alignment=&#8221;center&#8221; style=&#8221;vc_box_rounded&#8221; onclick=&#8221;custom_link&#8221; css_animation=&#8221;fadeInUp&#8221;][\/vc_column][vc_column width=&#8221;1\/3&#8243;][vc_single_image image=&#8221;5659&#8243; img_size=&#8221;100&#215;100&#8243; alignment=&#8221;center&#8221; style=&#8221;vc_box_rounded&#8221; onclick=&#8221;custom_link&#8221; css_animation=&#8221;fadeInUp&#8221; link=&#8221;https:\/\/www.lastrada-derweg.org\/?page_id=3980&#8243;][\/vc_column][vc_column width=&#8221;1\/3&#8243;][vc_column_text]<\/p>\n<h5 style=\"text-align: center;\">Agenzia per la Famiglia<\/h5>\n<p>[\/vc_column_text][\/vc_column][\/vc_row]<\/p>\n<\/div>","protected":false},"excerpt":{"rendered":"<p>[vc_row][vc_column width=&#8221;1\/2&#8243;][vc_custom_heading text=&#8221;Chi siamo&#8221; use_theme_fonts=&#8221;yes&#8221;][vc_column_text]Il team \u00e8 composto da un coordinatore e da due educatori.[\/vc_column_text][vc_custom_heading text=&#8221;Dove siamo&#8221; use_theme_fonts=&#8221;yes&#8221;][vc_column_text css=&#8221;&#8221;]On Air Sinigo Via Nazionale 58 39012 Sinigo\/ Merano cell.: 3357297439 onairsinigo@lastrada-derweg.org Coordinatrice: Miriana Salva[\/vc_column_text][\/vc_column][vc_column width=&#8221;1\/2&#8243;][vc_single_image image=&#8221;3982&#8243; img_size=&#8221;full&#8221;][\/vc_column][\/vc_row][vc_row][vc_column][vc_custom_heading text=&#8221;Cosa facciamo&#8221; use_theme_fonts=&#8221;yes&#8221;][vc_column_text]Il servizio di Accompagnamento Pomeridiano \u201cON AIR\u201d \u00e8 caratterizzato, non solo dalle attivit\u00e0 di aiuto ai compiti,&hellip;<\/p>\n","protected":false},"author":2,"featured_media":0,"parent":1688,"menu_order":0,"comment_status":"closed","ping_status":"closed","template":"","meta":{"footnotes":""},"class_list":["post-3980","page","type-page","status-publish","hentry","description-off"],"_links":{"self":[{"href":"https:\/\/www.lastrada-derweg.org\/index.php?rest_route=\/wp\/v2\/pages\/3980","targetHints":{"allow":["GET"]}}],"collection":[{"href":"https:\/\/www.lastrada-derweg.org\/index.php?rest_route=\/wp\/v2\/pages"}],"about":[{"href":"https:\/\/www.lastrada-derweg.org\/index.php?rest_route=\/wp\/v2\/types\/page"}],"author":[{"embeddable":true,"href":"https:\/\/www.lastrada-derweg.org\/index.php?rest_route=\/wp\/v2\/users\/2"}],"replies":[{"embeddable":true,"href":"https:\/\/www.lastrada-derweg.org\/index.php?rest_route=%2Fwp%2Fv2%2Fcomments&post=3980"}],"version-history":[{"count":6,"href":"https:\/\/www.lastrada-derweg.org\/index.php?rest_route=\/wp\/v2\/pages\/3980\/revisions"}],"predecessor-version":[{"id":11266,"href":"https:\/\/www.lastrada-derweg.org\/index.php?rest_route=\/wp\/v2\/pages\/3980\/revisions\/11266"}],"up":[{"embeddable":true,"href":"https:\/\/www.lastrada-derweg.org\/index.php?rest_route=\/wp\/v2\/pages\/1688"}],"wp:attachment":[{"href":"https:\/\/www.lastrada-derweg.org\/index.php?rest_route=%2Fwp%2Fv2%2Fmedia&parent=3980"}],"curies":[{"name":"wp","href":"https:\/\/api.w.org\/{rel}","templated":true}]}}

<div class="wpb-content-wrapper"><p>[vc_row][vc_column width=&#8221;1/2&#8243;][vc_custom_heading text=&#8221;Chi siamo&#8221; use_theme_fonts=&#8221;yes&#8221;][vc_column_text]Il team è composto da un coordinatore e da due educatori.[/vc_column_text][vc_custom_heading text=&#8221;Dove siamo&#8221; use_theme_fonts=&#8221;yes&#8221;][vc_column_text css=&#8221;&#8221;]On Air Sinigo<br />
Via Nazionale 58<br />
39012 Sinigo/ Merano<br />
cell.: 3357297439<br />
<a href="mailto:onairsinigo@lastrada-derweg.org">onairsinigo@lastrada-derweg.org</a></p>
<p>Coordinatrice: <strong>Miriana Salva</strong>[/vc_column_text][/vc_column][vc_column width=&#8221;1/2&#8243;][vc_single_image image=&#8221;3982&#8243; img_size=&#8221;full&#8221;][/vc_column][/vc_row][vc_row][vc_column][vc_custom_heading text=&#8221;Cosa facciamo&#8221; use_theme_fonts=&#8221;yes&#8221;][vc_column_text]Il servizio di Accompagnamento Pomeridiano “ON AIR” è caratterizzato, non solo dalle attività di aiuto ai compiti, ma anche da attività culturali ricreative e laboratoriali, che hanno lo scopo di: promuovere le relazioni sociali;</p>
<p>I pomeriggi durante l&#8217;anno scolastico sono stati solitamente strutturati nel seguente modo:</p>
<p>&#8211;           14.00 – 16.30 compiti e accompagnamento allo studio;</p>
<p>&#8211;           16.30 – 18.00 laboratori, progetti educativi, uscite strutturate ed attività ludiche; compiti per i bambini che frequentano il tempo prolungato.</p>
<p>&nbsp;</p>
<p>le attività praticate nella quotidianità sono:</p>
<p>&#8211;           laboratori di manualità;</p>
<p>&#8211;           laboratori musicali;</p>
<p>&#8211;           laboratori di creatività;</p>
<p>&#8211;           giochi all’aria aperta;</p>
<p>&#8211;           giochi da tavolo;</p>
<p>&#8211;           laboratori di danza</p>
<p>&#8211;           laboratori di teatro</p>
<p>&#8211;           gite.[/vc_column_text][/vc_column][/vc_row][vc_row][vc_column width=&#8221;1/3&#8243;][vc_custom_heading text=&#8221;Per chi&#8221; use_theme_fonts=&#8221;yes&#8221;][vc_column_text]Per tutti i bambini e ragazzi in età scolare dai 6 ai 14 anni[/vc_column_text][/vc_column][vc_column width=&#8221;1/3&#8243;][vc_custom_heading text=&#8221;Perché&#8221; use_theme_fonts=&#8221;yes&#8221;][vc_column_text]Il progetto è fortemente incentrato sulla relazione educativa e formativa ed è orientato ad ascoltare e bisogni e le opportunità presenti nel territorio per attivare risposte. Un progetto che offre e conta di offrire ai giovani partecipanti la possibilità di scoprire molte risorse ancora inesplorate, di cui sono portatori spesso inconsapevoli, e un competente e qualificato accompagnamento pedagogico.[/vc_column_text][/vc_column][vc_column width=&#8221;1/3&#8243;][vc_custom_heading text=&#8221;Quando&#8221; use_theme_fonts=&#8221;yes&#8221;][vc_column_text]Siamo aperti tutto l&#8217;anno dal lunedì al venerdì dalle ore 14 alle 18.00.<br />
L&#8217;orario può subire variazioni nei periodi di vacanza o a seconda di esigenze particolari come gite o altre attività programmate[/vc_column_text][/vc_column][/vc_row][vc_row][vc_column][vc_column_text]</p>
<p>[/vc_column_text][/vc_column][/vc_row][vc_row css=&#8221;.vc_custom_1613058991392{margin-top: 20px !important;}&#8221;][vc_column][vc_separator][/vc_column][/vc_row][vc_row][vc_column][vc_column_text]</p>
<h4 style="text-align: center;">Con il sostegno di:</h4>
<p>[/vc_column_text][/vc_column][/vc_row][vc_row content_placement=&#8221;middle&#8221;][vc_column width=&#8221;1/3&#8243;][vc_single_image image=&#8221;5709&#8243; img_size=&#8221;500&#215;100&#8243; alignment=&#8221;center&#8221; style=&#8221;vc_box_rounded&#8221; onclick=&#8221;custom_link&#8221; css_animation=&#8221;fadeInUp&#8221;][/vc_column][vc_column width=&#8221;1/3&#8243;][vc_single_image image=&#8221;5659&#8243; img_size=&#8221;100&#215;100&#8243; alignment=&#8221;center&#8221; style=&#8221;vc_box_rounded&#8221; onclick=&#8221;custom_link&#8221; css_animation=&#8221;fadeInUp&#8221; link=&#8221;https://www.lastrada-derweg.org/?page_id=3980&#8243;][/vc_column][vc_column width=&#8221;1/3&#8243;][vc_column_text]</p>
<h5 style="text-align: center;">Agenzia per la Famiglia</h5>
<p>[/vc_column_text][/vc_column][/vc_row]</p>
</div>

<p>[vc_row][vc_column width=&#8221;1/2&#8243;][vc_custom_heading text=&#8221;Chi siamo&#8221; use_theme_fonts=&#8221;yes&#8221;][vc_column_text]Il team è composto da un coordinatore e da due educatori.[/vc_column_text][vc_custom_heading text=&#8221;Dove siamo&#8221; use_theme_fonts=&#8221;yes&#8221;][vc_column_text css=&#8221;&#8221;]On Air Sinigo Via Nazionale 58 39012 Sinigo/ Merano cell.: 3357297439 onairsinigo@lastrada-derweg.org Coordinatrice: Miriana Salva[/vc_column_text][/vc_column][vc_column width=&#8221;1/2&#8243;][vc_single_image image=&#8221;3982&#8243; img_size=&#8221;full&#8221;][/vc_column][/vc_row][vc_row][vc_column][vc_custom_heading text=&#8221;Cosa facciamo&#8221; use_theme_fonts=&#8221;yes&#8221;][vc_column_text]Il servizio di Accompagnamento Pomeridiano “ON AIR” è caratterizzato, non solo dalle attività di aiuto ai compiti,&hellip;</p>
