{"id":4301,"date":"2020-03-06T15:17:08","date_gmt":"2020-03-06T14:17:08","guid":{"rendered":"http:\/\/www.lastrada-derweg.org\/?page_id=4301"},"modified":"2026-04-10T10:47:03","modified_gmt":"2026-04-10T08:47:03","slug":"progetto-spaziosissimo","status":"publish","type":"page","link":"https:\/\/www.lastrada-derweg.org\/?page_id=4301","title":{"rendered":"Progetto Spaziosissimo"},"content":{"rendered":"<div class=\"wpb-content-wrapper\"><p>[vc_row][vc_column width=&#8221;1\/2&#8243;][vc_custom_heading text=&#8221;Dove siamo&#8221; use_theme_fonts=&#8221;yes&#8221;][vc_column_text css=&#8221;&#8221;]Progetto Spaziosissimo<br \/>\nVia Vittorio Veneto 68 &#8211; 39100 Bolzano<\/p>\n<p><a href=\"mailto:spaziosissimo@lastrada-derweg.org\">spaziosissimo@lastrada-derweg.org<\/a><\/p>\n<p>Coordinatrice: <strong>Ariele Eccher<\/strong> &#8211; 338 6142839<br \/>\nResponsabile di Area: Carlotta Ficco psichiatra<\/p>\n<h2><\/h2>\n<p>[\/vc_column_text][vc_custom_heading text=&#8221;Chi siamo&#8221; use_theme_fonts=&#8221;yes&#8221;][vc_column_text css=&#8221;&#8221;]Il team \u00e8 composto da una coordinatrice, volontarie e volontari, educatori.[\/vc_column_text][\/vc_column][vc_column width=&#8221;1\/2&#8243;][vc_single_image image=&#8221;4303&#8243; img_size=&#8221;full&#8221;][\/vc_column][\/vc_row][vc_row][vc_column][vc_custom_heading text=&#8221;Cosa facciamo&#8221; use_theme_fonts=&#8221;yes&#8221;][vc_column_text css=&#8221;&#8221;]momenti di incontro nel settore della salute mentale<\/p>\n<p><a href=\"https:\/\/www.lastrada-derweg.org\/wp-content\/uploads\/2026\/04\/IT_Volantino_Ottobre-Maggio-2026_compressed.pdf\"><strong>Programma delle attivit\u00e0 gennaio-maggio 2026<\/strong><\/a><\/p>\n<p><a href=\"https:\/\/www.lastrada-derweg.org\/wp-content\/uploads\/2026\/04\/ITA_EVENTISPECIALI_GENNAIO-MAGGIO-2026-.pdf\"><strong>Eventi speciali gennaio-maggio 2026<\/strong><\/a><\/p>\n<p><a href=\"https:\/\/www.lastrada-derweg.org\/wp-content\/uploads\/2026\/04\/Calendario_Modellaggio_ITA.pdf\"><strong>Corso modellaggio 2026<\/strong><\/a>[\/vc_column_text][\/vc_column][\/vc_row][vc_row][vc_column width=&#8221;1\/3&#8243;][vc_custom_heading text=&#8221;Per chi&#8221; use_theme_fonts=&#8221;yes&#8221;][vc_column_text]Aperto a tutte le persone con una problematica psichiatrica tramite un\u2019iscrizione al progetto.[\/vc_column_text][\/vc_column][vc_column width=&#8221;1\/3&#8243;][vc_custom_heading text=&#8221;Perch\u00e9&#8221; use_theme_fonts=&#8221;yes&#8221;][vc_column_text]Creare momenti condivisi in collaborazione con educatori, volontari, ma soprattutto con i nostri amici partecipanti, con l&#8217;obiettivo di incontrarsi, festeggiare insieme e condividere solidariet\u00e0, ospitalit\u00e0, spazio e crescita personale, nel rispetto delle diverse abilit\u00e0, sensibilit\u00e0, lingue e culture.[\/vc_column_text][\/vc_column][vc_column width=&#8221;1\/3&#8243;][vc_custom_heading text=&#8221;Quando&#8221; use_theme_fonts=&#8221;yes&#8221;][vc_column_text]Programma semestrale<\/p>\n<p>[\/vc_column_text][\/vc_column][\/vc_row]<\/p>\n<\/div>","protected":false},"excerpt":{"rendered":"<p>[vc_row][vc_column width=&#8221;1\/2&#8243;][vc_custom_heading text=&#8221;Dove siamo&#8221; use_theme_fonts=&#8221;yes&#8221;][vc_column_text css=&#8221;&#8221;]Progetto Spaziosissimo Via Vittorio Veneto 68 &#8211; 39100 Bolzano spaziosissimo@lastrada-derweg.org Coordinatrice: Ariele Eccher &#8211; 338 6142839 Responsabile di Area: Carlotta Ficco psichiatra [\/vc_column_text][vc_custom_heading text=&#8221;Chi siamo&#8221; use_theme_fonts=&#8221;yes&#8221;][vc_column_text css=&#8221;&#8221;]Il team \u00e8 composto da una coordinatrice, volontarie e volontari, educatori.[\/vc_column_text][\/vc_column][vc_column width=&#8221;1\/2&#8243;][vc_single_image image=&#8221;4303&#8243; img_size=&#8221;full&#8221;][\/vc_column][\/vc_row][vc_row][vc_column][vc_custom_heading text=&#8221;Cosa facciamo&#8221; use_theme_fonts=&#8221;yes&#8221;][vc_column_text css=&#8221;&#8221;]momenti di incontro nel settore della salute&hellip;<\/p>\n","protected":false},"author":2,"featured_media":0,"parent":1665,"menu_order":0,"comment_status":"closed","ping_status":"closed","template":"","meta":{"footnotes":""},"class_list":["post-4301","page","type-page","status-publish","hentry","description-off"],"_links":{"self":[{"href":"https:\/\/www.lastrada-derweg.org\/index.php?rest_route=\/wp\/v2\/pages\/4301","targetHints":{"allow":["GET"]}}],"collection":[{"href":"https:\/\/www.lastrada-derweg.org\/index.php?rest_route=\/wp\/v2\/pages"}],"about":[{"href":"https:\/\/www.lastrada-derweg.org\/index.php?rest_route=\/wp\/v2\/types\/page"}],"author":[{"embeddable":true,"href":"https:\/\/www.lastrada-derweg.org\/index.php?rest_route=\/wp\/v2\/users\/2"}],"replies":[{"embeddable":true,"href":"https:\/\/www.lastrada-derweg.org\/index.php?rest_route=%2Fwp%2Fv2%2Fcomments&post=4301"}],"version-history":[{"count":18,"href":"https:\/\/www.lastrada-derweg.org\/index.php?rest_route=\/wp\/v2\/pages\/4301\/revisions"}],"predecessor-version":[{"id":12663,"href":"https:\/\/www.lastrada-derweg.org\/index.php?rest_route=\/wp\/v2\/pages\/4301\/revisions\/12663"}],"up":[{"embeddable":true,"href":"https:\/\/www.lastrada-derweg.org\/index.php?rest_route=\/wp\/v2\/pages\/1665"}],"wp:attachment":[{"href":"https:\/\/www.lastrada-derweg.org\/index.php?rest_route=%2Fwp%2Fv2%2Fmedia&parent=4301"}],"curies":[{"name":"wp","href":"https:\/\/api.w.org\/{rel}","templated":true}]}}

<div class="wpb-content-wrapper"><p>[vc_row][vc_column width=&#8221;1/2&#8243;][vc_custom_heading text=&#8221;Dove siamo&#8221; use_theme_fonts=&#8221;yes&#8221;][vc_column_text css=&#8221;&#8221;]Progetto Spaziosissimo<br />
Via Vittorio Veneto 68 &#8211; 39100 Bolzano</p>
<p><a href="mailto:spaziosissimo@lastrada-derweg.org">spaziosissimo@lastrada-derweg.org</a></p>
<p>Coordinatrice: <strong>Ariele Eccher</strong> &#8211; 338 6142839<br />
Responsabile di Area: Carlotta Ficco psichiatra</p>
<h2></h2>
<p>[/vc_column_text][vc_custom_heading text=&#8221;Chi siamo&#8221; use_theme_fonts=&#8221;yes&#8221;][vc_column_text css=&#8221;&#8221;]Il team è composto da una coordinatrice, volontarie e volontari, educatori.[/vc_column_text][/vc_column][vc_column width=&#8221;1/2&#8243;][vc_single_image image=&#8221;4303&#8243; img_size=&#8221;full&#8221;][/vc_column][/vc_row][vc_row][vc_column][vc_custom_heading text=&#8221;Cosa facciamo&#8221; use_theme_fonts=&#8221;yes&#8221;][vc_column_text css=&#8221;&#8221;]momenti di incontro nel settore della salute mentale</p>
<p><a href="https://www.lastrada-derweg.org/wp-content/uploads/2026/04/IT_Volantino_Ottobre-Maggio-2026_compressed.pdf"><strong>Programma delle attività gennaio-maggio 2026</strong></a></p>
<p><a href="https://www.lastrada-derweg.org/wp-content/uploads/2026/04/ITA_EVENTISPECIALI_GENNAIO-MAGGIO-2026-.pdf"><strong>Eventi speciali gennaio-maggio 2026</strong></a></p>
<p><a href="https://www.lastrada-derweg.org/wp-content/uploads/2026/04/Calendario_Modellaggio_ITA.pdf"><strong>Corso modellaggio 2026</strong></a>[/vc_column_text][/vc_column][/vc_row][vc_row][vc_column width=&#8221;1/3&#8243;][vc_custom_heading text=&#8221;Per chi&#8221; use_theme_fonts=&#8221;yes&#8221;][vc_column_text]Aperto a tutte le persone con una problematica psichiatrica tramite un’iscrizione al progetto.[/vc_column_text][/vc_column][vc_column width=&#8221;1/3&#8243;][vc_custom_heading text=&#8221;Perché&#8221; use_theme_fonts=&#8221;yes&#8221;][vc_column_text]Creare momenti condivisi in collaborazione con educatori, volontari, ma soprattutto con i nostri amici partecipanti, con l&#8217;obiettivo di incontrarsi, festeggiare insieme e condividere solidarietà, ospitalità, spazio e crescita personale, nel rispetto delle diverse abilità, sensibilità, lingue e culture.[/vc_column_text][/vc_column][vc_column width=&#8221;1/3&#8243;][vc_custom_heading text=&#8221;Quando&#8221; use_theme_fonts=&#8221;yes&#8221;][vc_column_text]Programma semestrale</p>
<p>[/vc_column_text][/vc_column][/vc_row]</p>
</div>

<p>[vc_row][vc_column width=&#8221;1/2&#8243;][vc_custom_heading text=&#8221;Dove siamo&#8221; use_theme_fonts=&#8221;yes&#8221;][vc_column_text css=&#8221;&#8221;]Progetto Spaziosissimo Via Vittorio Veneto 68 &#8211; 39100 Bolzano spaziosissimo@lastrada-derweg.org Coordinatrice: Ariele Eccher &#8211; 338 6142839 Responsabile di Area: Carlotta Ficco psichiatra [/vc_column_text][vc_custom_heading text=&#8221;Chi siamo&#8221; use_theme_fonts=&#8221;yes&#8221;][vc_column_text css=&#8221;&#8221;]Il team è composto da una coordinatrice, volontarie e volontari, educatori.[/vc_column_text][/vc_column][vc_column width=&#8221;1/2&#8243;][vc_single_image image=&#8221;4303&#8243; img_size=&#8221;full&#8221;][/vc_column][/vc_row][vc_row][vc_column][vc_custom_heading text=&#8221;Cosa facciamo&#8221; use_theme_fonts=&#8221;yes&#8221;][vc_column_text css=&#8221;&#8221;]momenti di incontro nel settore della salute&hellip;</p>
