{"id":4307,"date":"2020-03-06T15:26:24","date_gmt":"2020-03-06T14:26:24","guid":{"rendered":"http:\/\/www.lastrada-derweg.org\/?page_id=4307"},"modified":"2026-04-10T10:34:31","modified_gmt":"2026-04-10T08:34:31","slug":"projekt-t-raumschiff","status":"publish","type":"page","link":"https:\/\/www.lastrada-derweg.org\/?page_id=4307&lang=de","title":{"rendered":"Projekt T-Raumschiff"},"content":{"rendered":"<div class=\"wpb-content-wrapper\"><p>[vc_row][vc_column width=&#8221;1\/2&#8243;][vc_custom_heading text=&#8221;Wo&#8221; use_theme_fonts=&#8221;yes&#8221;][vc_column_text css=&#8221;&#8221;]Projekt T-Raumschiff<br \/>\nVittorio Venetostrasse 68 &#8211; 39100 Bozen<\/p>\n<p><a href=\"mailto:spaziosissimo@lastrada-derweg.org\">t-raumschiff@lastrada-derweg.org<\/a><\/p>\n<p>Koordinatorin: <strong>Ariele Eccher<\/strong> &#8211; 338 6142839<br \/>\nVerantwortliche des Bereichs: Carlotta Ficco Psychiaterin[\/vc_column_text][vc_custom_heading text=&#8221;Wer&#8221; use_theme_fonts=&#8221;yes&#8221;][vc_column_text css=&#8221;&#8221;]Unser Team besteht aus einem Koordinator, ehrenamtlichen Mitarbeiter*innen und Erzieher*innen.[\/vc_column_text][\/vc_column][vc_column width=&#8221;1\/2&#8243;][vc_single_image image=&#8221;4309&#8243; img_size=&#8221;full&#8221;][\/vc_column][\/vc_row][vc_row][vc_column][vc_custom_heading text=&#8221;Was&#8221; use_theme_fonts=&#8221;yes&#8221;][vc_column_text css=&#8221;&#8221;]Treffpunkt im Bereich psychische Gesundheit<\/p>\n<p><a href=\"https:\/\/www.lastrada-derweg.org\/wp-content\/uploads\/2026\/04\/DE_Volantino_Ottobre-Maggio-2026_compressed.pdf\"><strong>Programm Januar-Mai 2026\u00a0<\/strong><\/a><\/p>\n<p><a href=\"https:\/\/www.lastrada-derweg.org\/wp-content\/uploads\/2026\/04\/DE_EVENTISPECIALI_GENNAIO-MAGGIO-2026-.pdf\"><strong>Sonderveranstaltungen Januar-Mai 2026<\/strong><\/a><\/p>\n<p><a href=\"https:\/\/www.lastrada-derweg.org\/wp-content\/uploads\/2026\/04\/Calendario_Modellaggio_DE-.pdf\"><strong>Modellierenkurs 2026<\/strong><\/a>[\/vc_column_text][\/vc_column][\/vc_row][vc_row][vc_column width=&#8221;1\/3&#8243;][vc_custom_heading text=&#8221;F\u00fcr wen&#8221; use_theme_fonts=&#8221;yes&#8221;][vc_column_text]F\u00fcr alle eingeschriebenen Personen mit einer psychiatrischen Problematik.<\/p>\n<p>&nbsp;<\/p>\n<p>[\/vc_column_text][\/vc_column][vc_column width=&#8221;1\/3&#8243;][vc_custom_heading text=&#8221;Warum&#8221; use_theme_fonts=&#8221;yes&#8221;][vc_column_text]Schaffen gemeinsamer Momente in Zusammenarbeit mit P\u00e4dagogen und P\u00e4dagoginnen, Freiwilligen, aber vor allem mit unseren teilnehmenden Freunden und Freundinnen, mit dem Ziel sich zu treffen, gemeinsam zu feiern sowie Solidarit\u00e4t, Gastfreundschaft, Raum und pers\u00f6nliches Wachstum zu teilen und dabei die unterschiedlichen F\u00e4higkeiten, Empfindlichkeiten, Sprachen und Kulturen zu respektieren.[\/vc_column_text][\/vc_column][vc_column width=&#8221;1\/3&#8243;][vc_custom_heading text=&#8221;Wann&#8221; use_theme_fonts=&#8221;yes&#8221;][vc_column_text]Halbj\u00e4hrliches Programm<\/p>\n<p>[\/vc_column_text][\/vc_column][\/vc_row]<\/p>\n<\/div>","protected":false},"excerpt":{"rendered":"<p>[vc_row][vc_column width=&#8221;1\/2&#8243;][vc_custom_heading text=&#8221;Wo&#8221; use_theme_fonts=&#8221;yes&#8221;][vc_column_text css=&#8221;&#8221;]Projekt T-Raumschiff Vittorio Venetostrasse 68 &#8211; 39100 Bozen t-raumschiff@lastrada-derweg.org Koordinatorin: Ariele Eccher &#8211; 338 6142839 Verantwortliche des Bereichs: Carlotta Ficco Psychiaterin[\/vc_column_text][vc_custom_heading text=&#8221;Wer&#8221; use_theme_fonts=&#8221;yes&#8221;][vc_column_text css=&#8221;&#8221;]Unser Team besteht aus einem Koordinator, ehrenamtlichen Mitarbeiter*innen und Erzieher*innen.[\/vc_column_text][\/vc_column][vc_column width=&#8221;1\/2&#8243;][vc_single_image image=&#8221;4309&#8243; img_size=&#8221;full&#8221;][\/vc_column][\/vc_row][vc_row][vc_column][vc_custom_heading text=&#8221;Was&#8221; use_theme_fonts=&#8221;yes&#8221;][vc_column_text css=&#8221;&#8221;]Treffpunkt im Bereich psychische Gesundheit Programm Januar-Mai 2026\u00a0 Sonderveranstaltungen Januar-Mai 2026 Modellierenkurs 2026[\/vc_column_text][\/vc_column][\/vc_row][vc_row][vc_column&hellip;<\/p>\n","protected":false},"author":2,"featured_media":0,"parent":1668,"menu_order":0,"comment_status":"closed","ping_status":"closed","template":"","meta":{"footnotes":""},"class_list":["post-4307","page","type-page","status-publish","hentry","description-off"],"_links":{"self":[{"href":"https:\/\/www.lastrada-derweg.org\/index.php?rest_route=\/wp\/v2\/pages\/4307","targetHints":{"allow":["GET"]}}],"collection":[{"href":"https:\/\/www.lastrada-derweg.org\/index.php?rest_route=\/wp\/v2\/pages"}],"about":[{"href":"https:\/\/www.lastrada-derweg.org\/index.php?rest_route=\/wp\/v2\/types\/page"}],"author":[{"embeddable":true,"href":"https:\/\/www.lastrada-derweg.org\/index.php?rest_route=\/wp\/v2\/users\/2"}],"replies":[{"embeddable":true,"href":"https:\/\/www.lastrada-derweg.org\/index.php?rest_route=%2Fwp%2Fv2%2Fcomments&post=4307"}],"version-history":[{"count":19,"href":"https:\/\/www.lastrada-derweg.org\/index.php?rest_route=\/wp\/v2\/pages\/4307\/revisions"}],"predecessor-version":[{"id":12659,"href":"https:\/\/www.lastrada-derweg.org\/index.php?rest_route=\/wp\/v2\/pages\/4307\/revisions\/12659"}],"up":[{"embeddable":true,"href":"https:\/\/www.lastrada-derweg.org\/index.php?rest_route=\/wp\/v2\/pages\/1668"}],"wp:attachment":[{"href":"https:\/\/www.lastrada-derweg.org\/index.php?rest_route=%2Fwp%2Fv2%2Fmedia&parent=4307"}],"curies":[{"name":"wp","href":"https:\/\/api.w.org\/{rel}","templated":true}]}}

<div class="wpb-content-wrapper"><p>[vc_row][vc_column width=&#8221;1/2&#8243;][vc_custom_heading text=&#8221;Wo&#8221; use_theme_fonts=&#8221;yes&#8221;][vc_column_text css=&#8221;&#8221;]Projekt T-Raumschiff<br />
Vittorio Venetostrasse 68 &#8211; 39100 Bozen</p>
<p><a href="mailto:spaziosissimo@lastrada-derweg.org">t-raumschiff@lastrada-derweg.org</a></p>
<p>Koordinatorin: <strong>Ariele Eccher</strong> &#8211; 338 6142839<br />
Verantwortliche des Bereichs: Carlotta Ficco Psychiaterin[/vc_column_text][vc_custom_heading text=&#8221;Wer&#8221; use_theme_fonts=&#8221;yes&#8221;][vc_column_text css=&#8221;&#8221;]Unser Team besteht aus einem Koordinator, ehrenamtlichen Mitarbeiter*innen und Erzieher*innen.[/vc_column_text][/vc_column][vc_column width=&#8221;1/2&#8243;][vc_single_image image=&#8221;4309&#8243; img_size=&#8221;full&#8221;][/vc_column][/vc_row][vc_row][vc_column][vc_custom_heading text=&#8221;Was&#8221; use_theme_fonts=&#8221;yes&#8221;][vc_column_text css=&#8221;&#8221;]Treffpunkt im Bereich psychische Gesundheit</p>
<p><a href="https://www.lastrada-derweg.org/wp-content/uploads/2026/04/DE_Volantino_Ottobre-Maggio-2026_compressed.pdf"><strong>Programm Januar-Mai 2026 </strong></a></p>
<p><a href="https://www.lastrada-derweg.org/wp-content/uploads/2026/04/DE_EVENTISPECIALI_GENNAIO-MAGGIO-2026-.pdf"><strong>Sonderveranstaltungen Januar-Mai 2026</strong></a></p>
<p><a href="https://www.lastrada-derweg.org/wp-content/uploads/2026/04/Calendario_Modellaggio_DE-.pdf"><strong>Modellierenkurs 2026</strong></a>[/vc_column_text][/vc_column][/vc_row][vc_row][vc_column width=&#8221;1/3&#8243;][vc_custom_heading text=&#8221;Für wen&#8221; use_theme_fonts=&#8221;yes&#8221;][vc_column_text]Für alle eingeschriebenen Personen mit einer psychiatrischen Problematik.</p>
<p>&nbsp;</p>
<p>[/vc_column_text][/vc_column][vc_column width=&#8221;1/3&#8243;][vc_custom_heading text=&#8221;Warum&#8221; use_theme_fonts=&#8221;yes&#8221;][vc_column_text]Schaffen gemeinsamer Momente in Zusammenarbeit mit Pädagogen und Pädagoginnen, Freiwilligen, aber vor allem mit unseren teilnehmenden Freunden und Freundinnen, mit dem Ziel sich zu treffen, gemeinsam zu feiern sowie Solidarität, Gastfreundschaft, Raum und persönliches Wachstum zu teilen und dabei die unterschiedlichen Fähigkeiten, Empfindlichkeiten, Sprachen und Kulturen zu respektieren.[/vc_column_text][/vc_column][vc_column width=&#8221;1/3&#8243;][vc_custom_heading text=&#8221;Wann&#8221; use_theme_fonts=&#8221;yes&#8221;][vc_column_text]Halbjährliches Programm</p>
<p>[/vc_column_text][/vc_column][/vc_row]</p>
</div>
