{"id":4916,"date":"2020-05-08T11:27:27","date_gmt":"2020-05-08T09:27:27","guid":{"rendered":"http:\/\/www.lastrada-derweg.org\/?page_id=4916"},"modified":"2024-06-11T17:18:54","modified_gmt":"2024-06-11T15:18:54","slug":"buero-fuer-juridische-und-wirtschaftliche-verwaltung-des-personals","status":"publish","type":"page","link":"https:\/\/www.lastrada-derweg.org\/?page_id=4916&lang=de","title":{"rendered":"B\u00fcro f\u00fcr juridische und wirtschaftliche Verwaltung des Personals"},"content":{"rendered":"<div class=\"wpb-content-wrapper\"><p>[vc_row][vc_column width=&#8221;1\/2&#8243;][vc_custom_heading text=&#8221;Wer&#8221; use_theme_fonts=&#8221;yes&#8221;][vc_column_text css=&#8221;&#8221;]Das Team setzt sich aus einem Mitarbeiter in Vollzeit und 3 Mitarbeiter*innen in Teilzeit zusammen.[\/vc_column_text][vc_custom_heading text=&#8221;Wo&#8221; use_theme_fonts=&#8221;yes&#8221;][vc_column_text css=&#8221;&#8221;]<strong>B\u00fcro f\u00fcr juridische und wirtschaftliche Verwaltung des Personals<\/strong><br \/>\nMariaheimweg 46 &#8211; 39100 Bozen<br \/>\nTel. 0471 203 111 &#8211; Fax 0471 201 585<\/p>\n<p><a href=\"mailto:personal@lastrada-derweg.org\">personal@lastrada-derweg.org<\/a><\/p>\n<p>Verantwortliche Bereichsleiterin: Alexa Bonfanti<br \/>\nKoordinatorin: Chiara Calligione<br \/>\nMitarbeiter*innen: Maria Giuliano, Valeria Conte, Sugey Shepard[\/vc_column_text][\/vc_column][vc_column width=&#8221;1\/2&#8243;][vc_single_image image=&#8221;4922&#8243; img_size=&#8221;full&#8221;][\/vc_column][\/vc_row][vc_row][vc_column][vc_custom_heading text=&#8221;Was&#8221; use_theme_fonts=&#8221;yes&#8221;][vc_column_text]Das B\u00fcro verwaltet die Arbeitsverh\u00e4ltnisse von der Einstellung bis zur K\u00fcndigung und pflegt den Kontakt zum Arbeitsrechtberater. Es ber\u00e4t Mitarbeiter*innen auch in Fragen ihres Arbeitsverh\u00e4ltnisses. Ausserdem unterst\u00fctzt es die anderen Dienste des Vereins in Personalangelegenheiten.[\/vc_column_text][\/vc_column][\/vc_row][vc_row][vc_column width=&#8221;1\/3&#8243;][vc_custom_heading text=&#8221;F\u00fcr wen&#8221; use_theme_fonts=&#8221;yes&#8221;][vc_column_text]Wir stehen allen Angestellten und Mitarbeiter*innen sowie den anderen B\u00fcros des Vereins zur Verf\u00fcgung.[\/vc_column_text][\/vc_column][vc_column width=&#8221;1\/3&#8243;][vc_custom_heading text=&#8221;Warum&#8221; use_theme_fonts=&#8221;yes&#8221;][vc_column_text]Das Ziel ist es, ein pr\u00e4senter und transparenter Bezugspunkt f\u00fcr alle Angestellte und Mitarbeiter*innen zu sein, da das Personal die Grundlage einer guten Organisation bildet.[\/vc_column_text][\/vc_column][vc_column width=&#8221;1\/3&#8243;][vc_custom_heading text=&#8221;Wann&#8221; use_theme_fonts=&#8221;yes&#8221;][vc_column_text css=&#8221;&#8221;]Montag bis Donnerstag von 8.30 bis 12.30 und von 14.00 bis 16.00 Uhr. Freitags von 08.30 bis 12.30.[\/vc_column_text][\/vc_column][\/vc_row]<\/p>\n<\/div>","protected":false},"excerpt":{"rendered":"<p>[vc_row][vc_column width=&#8221;1\/2&#8243;][vc_custom_heading text=&#8221;Wer&#8221; use_theme_fonts=&#8221;yes&#8221;][vc_column_text css=&#8221;&#8221;]Das Team setzt sich aus einem Mitarbeiter in Vollzeit und 3 Mitarbeiter*innen in Teilzeit zusammen.[\/vc_column_text][vc_custom_heading text=&#8221;Wo&#8221; use_theme_fonts=&#8221;yes&#8221;][vc_column_text css=&#8221;&#8221;]B\u00fcro f\u00fcr juridische und wirtschaftliche Verwaltung des Personals Mariaheimweg 46 &#8211; 39100 Bozen Tel. 0471 203 111 &#8211; Fax 0471 201 585 personal@lastrada-derweg.org Verantwortliche Bereichsleiterin: Alexa Bonfanti Koordinatorin: Chiara Calligione Mitarbeiter*innen: Maria Giuliano, Valeria&hellip;<\/p>\n","protected":false},"author":2,"featured_media":0,"parent":1843,"menu_order":0,"comment_status":"closed","ping_status":"closed","template":"","meta":{"footnotes":""},"class_list":["post-4916","page","type-page","status-publish","hentry","description-off"],"_links":{"self":[{"href":"https:\/\/www.lastrada-derweg.org\/index.php?rest_route=\/wp\/v2\/pages\/4916","targetHints":{"allow":["GET"]}}],"collection":[{"href":"https:\/\/www.lastrada-derweg.org\/index.php?rest_route=\/wp\/v2\/pages"}],"about":[{"href":"https:\/\/www.lastrada-derweg.org\/index.php?rest_route=\/wp\/v2\/types\/page"}],"author":[{"embeddable":true,"href":"https:\/\/www.lastrada-derweg.org\/index.php?rest_route=\/wp\/v2\/users\/2"}],"replies":[{"embeddable":true,"href":"https:\/\/www.lastrada-derweg.org\/index.php?rest_route=%2Fwp%2Fv2%2Fcomments&post=4916"}],"version-history":[{"count":13,"href":"https:\/\/www.lastrada-derweg.org\/index.php?rest_route=\/wp\/v2\/pages\/4916\/revisions"}],"predecessor-version":[{"id":10065,"href":"https:\/\/www.lastrada-derweg.org\/index.php?rest_route=\/wp\/v2\/pages\/4916\/revisions\/10065"}],"up":[{"embeddable":true,"href":"https:\/\/www.lastrada-derweg.org\/index.php?rest_route=\/wp\/v2\/pages\/1843"}],"wp:attachment":[{"href":"https:\/\/www.lastrada-derweg.org\/index.php?rest_route=%2Fwp%2Fv2%2Fmedia&parent=4916"}],"curies":[{"name":"wp","href":"https:\/\/api.w.org\/{rel}","templated":true}]}}

Büro für juridische und wirtschaftliche Verwaltung des Personals

<div class="wpb-content-wrapper"><p>[vc_row][vc_column width=&#8221;1/2&#8243;][vc_custom_heading text=&#8221;Wer&#8221; use_theme_fonts=&#8221;yes&#8221;][vc_column_text css=&#8221;&#8221;]Das Team setzt sich aus einem Mitarbeiter in Vollzeit und 3 Mitarbeiter*innen in Teilzeit zusammen.[/vc_column_text][vc_custom_heading text=&#8221;Wo&#8221; use_theme_fonts=&#8221;yes&#8221;][vc_column_text css=&#8221;&#8221;]<strong>Büro für juridische und wirtschaftliche Verwaltung des Personals</strong><br />
Mariaheimweg 46 &#8211; 39100 Bozen<br />
Tel. 0471 203 111 &#8211; Fax 0471 201 585</p>
<p><a href="mailto:personal@lastrada-derweg.org">personal@lastrada-derweg.org</a></p>
<p>Verantwortliche Bereichsleiterin: Alexa Bonfanti<br />
Koordinatorin: Chiara Calligione<br />
Mitarbeiter*innen: Maria Giuliano, Valeria Conte, Sugey Shepard[/vc_column_text][/vc_column][vc_column width=&#8221;1/2&#8243;][vc_single_image image=&#8221;4922&#8243; img_size=&#8221;full&#8221;][/vc_column][/vc_row][vc_row][vc_column][vc_custom_heading text=&#8221;Was&#8221; use_theme_fonts=&#8221;yes&#8221;][vc_column_text]Das Büro verwaltet die Arbeitsverhältnisse von der Einstellung bis zur Kündigung und pflegt den Kontakt zum Arbeitsrechtberater. Es berät Mitarbeiter*innen auch in Fragen ihres Arbeitsverhältnisses. Ausserdem unterstützt es die anderen Dienste des Vereins in Personalangelegenheiten.[/vc_column_text][/vc_column][/vc_row][vc_row][vc_column width=&#8221;1/3&#8243;][vc_custom_heading text=&#8221;Für wen&#8221; use_theme_fonts=&#8221;yes&#8221;][vc_column_text]Wir stehen allen Angestellten und Mitarbeiter*innen sowie den anderen Büros des Vereins zur Verfügung.[/vc_column_text][/vc_column][vc_column width=&#8221;1/3&#8243;][vc_custom_heading text=&#8221;Warum&#8221; use_theme_fonts=&#8221;yes&#8221;][vc_column_text]Das Ziel ist es, ein präsenter und transparenter Bezugspunkt für alle Angestellte und Mitarbeiter*innen zu sein, da das Personal die Grundlage einer guten Organisation bildet.[/vc_column_text][/vc_column][vc_column width=&#8221;1/3&#8243;][vc_custom_heading text=&#8221;Wann&#8221; use_theme_fonts=&#8221;yes&#8221;][vc_column_text css=&#8221;&#8221;]Montag bis Donnerstag von 8.30 bis 12.30 und von 14.00 bis 16.00 Uhr. Freitags von 08.30 bis 12.30.[/vc_column_text][/vc_column][/vc_row]</p>
</div>

<p>[vc_row][vc_column width=&#8221;1/2&#8243;][vc_custom_heading text=&#8221;Wer&#8221; use_theme_fonts=&#8221;yes&#8221;][vc_column_text css=&#8221;&#8221;]Das Team setzt sich aus einem Mitarbeiter in Vollzeit und 3 Mitarbeiter*innen in Teilzeit zusammen.[/vc_column_text][vc_custom_heading text=&#8221;Wo&#8221; use_theme_fonts=&#8221;yes&#8221;][vc_column_text css=&#8221;&#8221;]Büro für juridische und wirtschaftliche Verwaltung des Personals Mariaheimweg 46 &#8211; 39100 Bozen Tel. 0471 203 111 &#8211; Fax 0471 201 585 personal@lastrada-derweg.org Verantwortliche Bereichsleiterin: Alexa Bonfanti Koordinatorin: Chiara Calligione Mitarbeiter*innen: Maria Giuliano, Valeria&hellip;</p>
