{"id":6244,"date":"2021-06-30T10:32:20","date_gmt":"2021-06-30T08:32:20","guid":{"rendered":"https:\/\/www.lastrada-derweg.org\/?page_id=6244"},"modified":"2024-07-10T12:50:03","modified_gmt":"2024-07-10T10:50:03","slug":"interventi-di-gruppo-nelle-scuole","status":"publish","type":"page","link":"https:\/\/www.lastrada-derweg.org\/?page_id=6244","title":{"rendered":"Interventi di gruppo nelle scuole"},"content":{"rendered":"<div class=\"wpb-content-wrapper\"><p>[vc_row][vc_column width=&#8221;1\/2&#8243;][vc_custom_heading text=&#8221;Dove siamo&#8221; use_theme_fonts=&#8221;yes&#8221;][vc_column_text]Via Druso 281\/B, Bolzano<\/p>\n<p>Responsabile: Andrea Vigni<\/p>\n<p>[\/vc_column_text][vc_custom_heading text=&#8221;Chi siamo&#8221; use_theme_fonts=&#8221;yes&#8221;][vc_column_text css=&#8221;&#8221;]L\u2019Associazione La Strada\u2013Der Weg, attraverso la collaborazione con diversi Comprensori scolastici presenti sul nostro territorio, offre interventi di gruppo dedicati a diverse fasce d\u2019et\u00e0: scuole primarie e scuole secondarie di primo grado.<br \/>\nGli interventi sono messi in campo da educatori che accompagnano bambine e bambini, ragazze e ragazzi, durante momenti extra scolastici, come il pranzo e il pomeriggio, attraverso attivit\u00e0 di sostegno scolastico, rafforzamento delle lingue, laboratori di musica, teatro e fumetto, condivisone di spazi.[\/vc_column_text][\/vc_column][vc_column width=&#8221;1\/2&#8243;][vc_single_image image=&#8221;6252&#8243; img_size=&#8221;600&#215;400&#8243;][\/vc_column][\/vc_row][vc_row][vc_column][vc_column_text]<\/p>\n<h3>Servizi attualmente offerti:<\/h3>\n<p><strong>&#8220;Lernen und lachen&#8221; (LeLa)\u00a0 \u00a0<\/strong>scuole Alexander Langer e J.H. Pestalozzi (Bolzano)<br \/>\n<strong>\u201cTutti a scuola\u201d\u00a0 \u00a0<\/strong>scuola Luigi Negrelli (Merano)<br \/>\n<strong>&#8220;Intermensa&#8221;<\/strong>\u00a0 \u00a0scuola Giovanni Alfieri &#8211; Alexander Langer ( Bolzano)<br \/>\n<strong>Progetto &#8220;My Way&#8221;<\/strong>\u00a0 \u00a0scuole Don Bosco (Bz), Alexander Langer (Bz), Luigi Negrelli (Merano), Fortezza<br \/>\n<strong>&#8220;Laboratorio di Fumetto&#8221;<\/strong>\u00a0 \u00a0scuola Vittorio Alfieri (Bolzano)[\/vc_column_text][\/vc_column][\/vc_row][vc_row][vc_column][vc_custom_heading text=&#8221;Cosa facciamo&#8221; use_theme_fonts=&#8221;yes&#8221;][vc_column_text]Le attivit\u00e0 offerte dai nostri educatori si sviluppano all\u2019interno degli stessi ambienti scolastici in momenti in cui non \u00e8 presente la didattica.<br \/>\nIn queste ore i partecipanti hanno la possibilit\u00e0 di concentrarsi su attivit\u00e0 che generalmente esulano dalla normale attivit\u00e0 scolastica e che sono pensate al rafforzamento e allo sviluppo di nuove competenze.[\/vc_column_text][\/vc_column][\/vc_row][vc_row][vc_column width=&#8221;1\/3&#8243;][vc_custom_heading text=&#8221;Per chi&#8221; use_theme_fonts=&#8221;yes&#8221;][vc_column_text]I progetti sono rivolti a bambini e ragazzi appartenenti a svariate fasce d\u2019et\u00e0 frequentanti la scuola dell\u2019obbligo.[\/vc_column_text][\/vc_column][vc_column width=&#8221;1\/3&#8243;][vc_custom_heading text=&#8221;Perch\u00e9&#8221; use_theme_fonts=&#8221;yes&#8221;][vc_column_text]Gli obiettivi posti sono molteplici e variano dalla tipologia di servizio offerto ma tutti sono focalizzati allo sviluppo di competenze trasversali: relazionali, sociali, artistiche e scolastiche.[\/vc_column_text][\/vc_column][vc_column width=&#8221;1\/3&#8243;][vc_custom_heading text=&#8221;Quando&#8221; use_theme_fonts=&#8221;yes&#8221;][vc_column_text]Durante il corso dell\u2019intero anno scolastico.[\/vc_column_text][\/vc_column][\/vc_row]<\/p>\n<\/div>","protected":false},"excerpt":{"rendered":"<p>[vc_row][vc_column width=&#8221;1\/2&#8243;][vc_custom_heading text=&#8221;Dove siamo&#8221; use_theme_fonts=&#8221;yes&#8221;][vc_column_text]Via Druso 281\/B, Bolzano Responsabile: Andrea Vigni [\/vc_column_text][vc_custom_heading text=&#8221;Chi siamo&#8221; use_theme_fonts=&#8221;yes&#8221;][vc_column_text css=&#8221;&#8221;]L\u2019Associazione La Strada\u2013Der Weg, attraverso la collaborazione con diversi Comprensori scolastici presenti sul nostro territorio, offre interventi di gruppo dedicati a diverse fasce d\u2019et\u00e0: scuole primarie e scuole secondarie di primo grado. Gli interventi sono messi in campo da educatori&hellip;<\/p>\n","protected":false},"author":2,"featured_media":0,"parent":1688,"menu_order":0,"comment_status":"closed","ping_status":"closed","template":"","meta":{"footnotes":""},"class_list":["post-6244","page","type-page","status-publish","hentry","description-off"],"_links":{"self":[{"href":"https:\/\/www.lastrada-derweg.org\/index.php?rest_route=\/wp\/v2\/pages\/6244","targetHints":{"allow":["GET"]}}],"collection":[{"href":"https:\/\/www.lastrada-derweg.org\/index.php?rest_route=\/wp\/v2\/pages"}],"about":[{"href":"https:\/\/www.lastrada-derweg.org\/index.php?rest_route=\/wp\/v2\/types\/page"}],"author":[{"embeddable":true,"href":"https:\/\/www.lastrada-derweg.org\/index.php?rest_route=\/wp\/v2\/users\/2"}],"replies":[{"embeddable":true,"href":"https:\/\/www.lastrada-derweg.org\/index.php?rest_route=%2Fwp%2Fv2%2Fcomments&post=6244"}],"version-history":[{"count":9,"href":"https:\/\/www.lastrada-derweg.org\/index.php?rest_route=\/wp\/v2\/pages\/6244\/revisions"}],"predecessor-version":[{"id":10454,"href":"https:\/\/www.lastrada-derweg.org\/index.php?rest_route=\/wp\/v2\/pages\/6244\/revisions\/10454"}],"up":[{"embeddable":true,"href":"https:\/\/www.lastrada-derweg.org\/index.php?rest_route=\/wp\/v2\/pages\/1688"}],"wp:attachment":[{"href":"https:\/\/www.lastrada-derweg.org\/index.php?rest_route=%2Fwp%2Fv2%2Fmedia&parent=6244"}],"curies":[{"name":"wp","href":"https:\/\/api.w.org\/{rel}","templated":true}]}}

<div class="wpb-content-wrapper"><p>[vc_row][vc_column width=&#8221;1/2&#8243;][vc_custom_heading text=&#8221;Dove siamo&#8221; use_theme_fonts=&#8221;yes&#8221;][vc_column_text]Via Druso 281/B, Bolzano</p>
<p>Responsabile: Andrea Vigni</p>
<p>[/vc_column_text][vc_custom_heading text=&#8221;Chi siamo&#8221; use_theme_fonts=&#8221;yes&#8221;][vc_column_text css=&#8221;&#8221;]L’Associazione La Strada–Der Weg, attraverso la collaborazione con diversi Comprensori scolastici presenti sul nostro territorio, offre interventi di gruppo dedicati a diverse fasce d’età: scuole primarie e scuole secondarie di primo grado.<br />
Gli interventi sono messi in campo da educatori che accompagnano bambine e bambini, ragazze e ragazzi, durante momenti extra scolastici, come il pranzo e il pomeriggio, attraverso attività di sostegno scolastico, rafforzamento delle lingue, laboratori di musica, teatro e fumetto, condivisone di spazi.[/vc_column_text][/vc_column][vc_column width=&#8221;1/2&#8243;][vc_single_image image=&#8221;6252&#8243; img_size=&#8221;600&#215;400&#8243;][/vc_column][/vc_row][vc_row][vc_column][vc_column_text]</p>
<h3>Servizi attualmente offerti:</h3>
<p><strong>&#8220;Lernen und lachen&#8221; (LeLa)   </strong>scuole Alexander Langer e J.H. Pestalozzi (Bolzano)<br />
<strong>“Tutti a scuola”   </strong>scuola Luigi Negrelli (Merano)<br />
<strong>&#8220;Intermensa&#8221;</strong>   scuola Giovanni Alfieri &#8211; Alexander Langer ( Bolzano)<br />
<strong>Progetto &#8220;My Way&#8221;</strong>   scuole Don Bosco (Bz), Alexander Langer (Bz), Luigi Negrelli (Merano), Fortezza<br />
<strong>&#8220;Laboratorio di Fumetto&#8221;</strong>   scuola Vittorio Alfieri (Bolzano)[/vc_column_text][/vc_column][/vc_row][vc_row][vc_column][vc_custom_heading text=&#8221;Cosa facciamo&#8221; use_theme_fonts=&#8221;yes&#8221;][vc_column_text]Le attività offerte dai nostri educatori si sviluppano all’interno degli stessi ambienti scolastici in momenti in cui non è presente la didattica.<br />
In queste ore i partecipanti hanno la possibilità di concentrarsi su attività che generalmente esulano dalla normale attività scolastica e che sono pensate al rafforzamento e allo sviluppo di nuove competenze.[/vc_column_text][/vc_column][/vc_row][vc_row][vc_column width=&#8221;1/3&#8243;][vc_custom_heading text=&#8221;Per chi&#8221; use_theme_fonts=&#8221;yes&#8221;][vc_column_text]I progetti sono rivolti a bambini e ragazzi appartenenti a svariate fasce d’età frequentanti la scuola dell’obbligo.[/vc_column_text][/vc_column][vc_column width=&#8221;1/3&#8243;][vc_custom_heading text=&#8221;Perché&#8221; use_theme_fonts=&#8221;yes&#8221;][vc_column_text]Gli obiettivi posti sono molteplici e variano dalla tipologia di servizio offerto ma tutti sono focalizzati allo sviluppo di competenze trasversali: relazionali, sociali, artistiche e scolastiche.[/vc_column_text][/vc_column][vc_column width=&#8221;1/3&#8243;][vc_custom_heading text=&#8221;Quando&#8221; use_theme_fonts=&#8221;yes&#8221;][vc_column_text]Durante il corso dell’intero anno scolastico.[/vc_column_text][/vc_column][/vc_row]</p>
</div>

<p>[vc_row][vc_column width=&#8221;1/2&#8243;][vc_custom_heading text=&#8221;Dove siamo&#8221; use_theme_fonts=&#8221;yes&#8221;][vc_column_text]Via Druso 281/B, Bolzano Responsabile: Andrea Vigni [/vc_column_text][vc_custom_heading text=&#8221;Chi siamo&#8221; use_theme_fonts=&#8221;yes&#8221;][vc_column_text css=&#8221;&#8221;]L’Associazione La Strada–Der Weg, attraverso la collaborazione con diversi Comprensori scolastici presenti sul nostro territorio, offre interventi di gruppo dedicati a diverse fasce d’età: scuole primarie e scuole secondarie di primo grado. Gli interventi sono messi in campo da educatori&hellip;</p>
