{"id":6264,"date":"2021-07-01T17:56:01","date_gmt":"2021-07-01T15:56:01","guid":{"rendered":"https:\/\/www.lastrada-derweg.org\/?page_id=6264"},"modified":"2024-07-12T12:47:42","modified_gmt":"2024-07-12T10:47:42","slug":"artemisia","status":"publish","type":"page","link":"https:\/\/www.lastrada-derweg.org\/?page_id=6264","title":{"rendered":"Artemisia"},"content":{"rendered":"<div class=\"wpb-content-wrapper\"><p>[vc_row][vc_column width=&#8221;1\/2&#8243;][vc_custom_heading text=&#8221;Dove siamo&#8221; use_theme_fonts=&#8221;yes&#8221;][vc_column_text css=&#8221;&#8221;]WE- Women Empowerment<br \/>\nPiazza Parrocchia 21 &#8211; 39100 Bolzano<br \/>\n<a href=\"mailto:artemisia@lastrada-derweg.org\">artemisia@lastrada-derweg.org<\/a><\/p>\n<p>Coordinatrice: <strong>Giulia Scippacercola<\/strong> &#8211; 334 6812849[\/vc_column_text][vc_custom_heading text=&#8221;Chi siamo&#8221; use_theme_fonts=&#8221;yes&#8221;][vc_column_text]Artemisia \u00e8 un\u2019azione culturale portata avanti dal progetto COOLtour dell\u2019Associazione La Strada-Der Weg.<br \/>\nQuest\u2019azione sostiene e promuove l\u2019arte al femminile, puntando a divenire una vetrina culturale, un punto di informazione e di sensibilizzazione sulle tematiche di genere.<br \/>\nIl nome del progetto si ispira alla figura di Artemisia Gentileschi, riconosciuta come prima artista donna della storia dell\u2019arte e anche prima donna ad aver denunciato uno stupro sub\u00ecto: ARTEMISIA vuole essere s\u00ec un progetto artistico, giocando per\u00f2 anche un ruolo attivo nella sensibilizzazione sulla violenza di genere e sulle tematiche strettamente legate alla femminilit\u00e0 e al ruolo della donna della societ\u00e0.<br \/>\n[\/vc_column_text][\/vc_column][vc_column width=&#8221;1\/2&#8243;][vc_single_image image=&#8221;6269&#8243; img_size=&#8221;600&#215;400&#8243;][\/vc_column][\/vc_row][vc_row][vc_column][vc_custom_heading text=&#8221;Cosa facciamo&#8221; use_theme_fonts=&#8221;yes&#8221;][vc_column_text]Artemisia \u00e8 un luogo d\u2019incontro dove le giovani appassionate di arte possono confrontarsi e crescere insieme a livello personale e professionale. Lo spazio offre: formazioni per approfondire le tecniche delle arti applicate e le tematiche di genere, momenti di approfondimento e confronto, mostre personali e collettive e d\u00e0 spazio alle idee e alle proposte delle giovani coinvolte, sostenendo e promuovendo i loro talenti.[\/vc_column_text][\/vc_column][\/vc_row][vc_row][vc_column width=&#8221;1\/3&#8243;][vc_custom_heading text=&#8221;Per chi&#8221; use_theme_fonts=&#8221;yes&#8221;][vc_column_text]Artemisia \u00e8 aperto alle ragazze tra i 16 e i 30 anni appassionate d\u2019arte e di comunicazione nelle sue varie forme che vogliano approfondire le tematiche di genere e lo strumento artistico attraverso lo scambio e il confronto.[\/vc_column_text][\/vc_column][vc_column width=&#8221;1\/3&#8243;][vc_custom_heading text=&#8221;Perch\u00e9&#8221; use_theme_fonts=&#8221;yes&#8221;][vc_column_text]Gli obiettivi primari sono quelli di creare un punto di riferimento per le giovani creative che intendono sviluppare e approfondire i loro talenti nel campo della comunicazione utilizzando l\u2019arte come strumento di sensibilizzazione sulle tematiche di genere. [\/vc_column_text][\/vc_column][vc_column width=&#8221;1\/3&#8243;][vc_custom_heading text=&#8221;Quando&#8221; use_theme_fonts=&#8221;yes&#8221;][vc_column_text]Mercoled\u00ec dalle 14.00 alle 18.00[\/vc_column_text][\/vc_column][\/vc_row]<\/p>\n<\/div>","protected":false},"excerpt":{"rendered":"<p>[vc_row][vc_column width=&#8221;1\/2&#8243;][vc_custom_heading text=&#8221;Dove siamo&#8221; use_theme_fonts=&#8221;yes&#8221;][vc_column_text css=&#8221;&#8221;]WE- Women Empowerment Piazza Parrocchia 21 &#8211; 39100 Bolzano artemisia@lastrada-derweg.org Coordinatrice: Giulia Scippacercola &#8211; 334 6812849[\/vc_column_text][vc_custom_heading text=&#8221;Chi siamo&#8221; use_theme_fonts=&#8221;yes&#8221;][vc_column_text]Artemisia \u00e8 un\u2019azione culturale portata avanti dal progetto COOLtour dell\u2019Associazione La Strada-Der Weg. Quest\u2019azione sostiene e promuove l\u2019arte al femminile, puntando a divenire una vetrina culturale, un punto di informazione e di&hellip;<\/p>\n","protected":false},"author":2,"featured_media":0,"parent":1688,"menu_order":0,"comment_status":"closed","ping_status":"closed","template":"","meta":{"footnotes":""},"class_list":["post-6264","page","type-page","status-publish","hentry","description-off"],"_links":{"self":[{"href":"https:\/\/www.lastrada-derweg.org\/index.php?rest_route=\/wp\/v2\/pages\/6264","targetHints":{"allow":["GET"]}}],"collection":[{"href":"https:\/\/www.lastrada-derweg.org\/index.php?rest_route=\/wp\/v2\/pages"}],"about":[{"href":"https:\/\/www.lastrada-derweg.org\/index.php?rest_route=\/wp\/v2\/types\/page"}],"author":[{"embeddable":true,"href":"https:\/\/www.lastrada-derweg.org\/index.php?rest_route=\/wp\/v2\/users\/2"}],"replies":[{"embeddable":true,"href":"https:\/\/www.lastrada-derweg.org\/index.php?rest_route=%2Fwp%2Fv2%2Fcomments&post=6264"}],"version-history":[{"count":7,"href":"https:\/\/www.lastrada-derweg.org\/index.php?rest_route=\/wp\/v2\/pages\/6264\/revisions"}],"predecessor-version":[{"id":10510,"href":"https:\/\/www.lastrada-derweg.org\/index.php?rest_route=\/wp\/v2\/pages\/6264\/revisions\/10510"}],"up":[{"embeddable":true,"href":"https:\/\/www.lastrada-derweg.org\/index.php?rest_route=\/wp\/v2\/pages\/1688"}],"wp:attachment":[{"href":"https:\/\/www.lastrada-derweg.org\/index.php?rest_route=%2Fwp%2Fv2%2Fmedia&parent=6264"}],"curies":[{"name":"wp","href":"https:\/\/api.w.org\/{rel}","templated":true}]}}