{"id":6843,"date":"2021-10-19T12:24:52","date_gmt":"2021-10-19T10:24:52","guid":{"rendered":"https:\/\/www.lastrada-derweg.org\/?page_id=6843"},"modified":"2021-11-27T11:27:28","modified_gmt":"2021-11-27T10:27:28","slug":"presentazione-ricerca-sul-ritiro-sociale","status":"publish","type":"page","link":"https:\/\/www.lastrada-derweg.org\/?page_id=6843","title":{"rendered":"Presentazione ricerca sul ritiro sociale tra i giovani"},"content":{"rendered":"<div class=\"wpb-content-wrapper\"><p>[vc_row][vc_column width=&#8221;1\/2&#8243;][vc_column_text]<\/p>\n<h1 style=\"text-align: center;\"><strong>Presentazione dell&#8217;attivit\u00e0 di ricerca <\/strong><\/h1>\n<h1 style=\"text-align: center;\"><strong>sul ritiro sociale tra i giovani in Alto Adige<\/strong><\/h1>\n<h4 style=\"text-align: center;\">03-12-2021<\/h4>\n<h4 style=\"text-align: center;\">ore 09.00 &#8211; 11.30<\/h4>\n<h4 style=\"text-align: center;\"><\/h4>\n<p>[\/vc_column_text][vc_column_text css=&#8221;.vc_custom_1638008792382{padding-top: 50px !important;}&#8221;]<\/p>\n<p style=\"text-align: center;\">L&#8217;incontro avverr\u00e0 in modalit\u00e0 online.<\/p>\n<p style=\"text-align: center;\"><strong>Per partecipare<\/strong> \u00e8 necessario scrivere a <a href=\"mailto:ricercaritirosociale@lastrada-derweg.org\">ricercaritirosociale@lastrada-derweg.org<\/a> e specificare <strong>nome, cognome, professione e ente di provenienza<\/strong>.<\/p>\n<p style=\"text-align: center;\">In seguito verr\u00e0 inviato il link per collegarsi alla piattaforma ZOOM.<\/p>\n<p style=\"text-align: center;\">La partecipazione \u00e8 gratuita.<\/p>\n<p style=\"text-align: center;\">Si accettano iscrizioni fino al 01-12-2021<\/p>\n<p style=\"text-align: center;\">I relatori e le relatrici parleranno nella propria madrelingua (non \u00e8 prevista la traduzione simultanea)<\/p>\n<h4 style=\"text-align: center;\"><a href=\"https:\/\/www.lastrada-derweg.org\/wp-content\/uploads\/2021\/11\/flyer-Il-Ritiro-Sociale-nei-giovani-e-programma___.pdf\"><span style=\"color: #ff0000;\">Scarica qui il volantino con il programma dettagliato<\/span><\/a><\/h4>\n<p>[\/vc_column_text][\/vc_column][vc_column width=&#8221;1\/2&#8243;][vc_single_image image=&#8221;6917&#8243; img_size=&#8221;full&#8221;][\/vc_column][\/vc_row]<\/p>\n<\/div>","protected":false},"excerpt":{"rendered":"<p>[vc_row][vc_column width=&#8221;1\/2&#8243;][vc_column_text] Presentazione dell&#8217;attivit\u00e0 di ricerca sul ritiro sociale tra i giovani in Alto Adige 03-12-2021 ore 09.00 &#8211; 11.30 [\/vc_column_text][vc_column_text css=&#8221;.vc_custom_1638008792382{padding-top: 50px !important;}&#8221;] L&#8217;incontro avverr\u00e0 in modalit\u00e0 online. Per partecipare \u00e8 necessario scrivere a ricercaritirosociale@lastrada-derweg.org e specificare nome, cognome, professione e ente di provenienza. In seguito verr\u00e0 inviato il link per collegarsi alla piattaforma&hellip;<\/p>\n","protected":false},"author":2,"featured_media":0,"parent":1378,"menu_order":0,"comment_status":"closed","ping_status":"closed","template":"","meta":{"footnotes":""},"class_list":["post-6843","page","type-page","status-publish","hentry","description-off"],"_links":{"self":[{"href":"https:\/\/www.lastrada-derweg.org\/index.php?rest_route=\/wp\/v2\/pages\/6843","targetHints":{"allow":["GET"]}}],"collection":[{"href":"https:\/\/www.lastrada-derweg.org\/index.php?rest_route=\/wp\/v2\/pages"}],"about":[{"href":"https:\/\/www.lastrada-derweg.org\/index.php?rest_route=\/wp\/v2\/types\/page"}],"author":[{"embeddable":true,"href":"https:\/\/www.lastrada-derweg.org\/index.php?rest_route=\/wp\/v2\/users\/2"}],"replies":[{"embeddable":true,"href":"https:\/\/www.lastrada-derweg.org\/index.php?rest_route=%2Fwp%2Fv2%2Fcomments&post=6843"}],"version-history":[{"count":14,"href":"https:\/\/www.lastrada-derweg.org\/index.php?rest_route=\/wp\/v2\/pages\/6843\/revisions"}],"predecessor-version":[{"id":6918,"href":"https:\/\/www.lastrada-derweg.org\/index.php?rest_route=\/wp\/v2\/pages\/6843\/revisions\/6918"}],"up":[{"embeddable":true,"href":"https:\/\/www.lastrada-derweg.org\/index.php?rest_route=\/wp\/v2\/pages\/1378"}],"wp:attachment":[{"href":"https:\/\/www.lastrada-derweg.org\/index.php?rest_route=%2Fwp%2Fv2%2Fmedia&parent=6843"}],"curies":[{"name":"wp","href":"https:\/\/api.w.org\/{rel}","templated":true}]}}

<div class="wpb-content-wrapper"><p>[vc_row][vc_column width=&#8221;1/2&#8243;][vc_column_text]</p>
<h1 style="text-align: center;"><strong>Presentazione dell&#8217;attività di ricerca </strong></h1>
<h1 style="text-align: center;"><strong>sul ritiro sociale tra i giovani in Alto Adige</strong></h1>
<h4 style="text-align: center;">03-12-2021</h4>
<h4 style="text-align: center;">ore 09.00 &#8211; 11.30</h4>
<h4 style="text-align: center;"></h4>
<p>[/vc_column_text][vc_column_text css=&#8221;.vc_custom_1638008792382{padding-top: 50px !important;}&#8221;]</p>
<p style="text-align: center;">L&#8217;incontro avverrà in modalità online.</p>
<p style="text-align: center;"><strong>Per partecipare</strong> è necessario scrivere a <a href="mailto:ricercaritirosociale@lastrada-derweg.org">ricercaritirosociale@lastrada-derweg.org</a> e specificare <strong>nome, cognome, professione e ente di provenienza</strong>.</p>
<p style="text-align: center;">In seguito verrà inviato il link per collegarsi alla piattaforma ZOOM.</p>
<p style="text-align: center;">La partecipazione è gratuita.</p>
<p style="text-align: center;">Si accettano iscrizioni fino al 01-12-2021</p>
<p style="text-align: center;">I relatori e le relatrici parleranno nella propria madrelingua (non è prevista la traduzione simultanea)</p>
<h4 style="text-align: center;"><a href="https://www.lastrada-derweg.org/wp-content/uploads/2021/11/flyer-Il-Ritiro-Sociale-nei-giovani-e-programma___.pdf"><span style="color: #ff0000;">Scarica qui il volantino con il programma dettagliato</span></a></h4>
<p>[/vc_column_text][/vc_column][vc_column width=&#8221;1/2&#8243;][vc_single_image image=&#8221;6917&#8243; img_size=&#8221;full&#8221;][/vc_column][/vc_row]</p>
</div>

<p>[vc_row][vc_column width=&#8221;1/2&#8243;][vc_column_text] Presentazione dell&#8217;attività di ricerca sul ritiro sociale tra i giovani in Alto Adige 03-12-2021 ore 09.00 &#8211; 11.30 [/vc_column_text][vc_column_text css=&#8221;.vc_custom_1638008792382{padding-top: 50px !important;}&#8221;] L&#8217;incontro avverrà in modalità online. Per partecipare è necessario scrivere a ricercaritirosociale@lastrada-derweg.org e specificare nome, cognome, professione e ente di provenienza. In seguito verrà inviato il link per collegarsi alla piattaforma&hellip;</p>
