{"id":8798,"date":"2023-12-10T22:03:42","date_gmt":"2023-12-10T21:03:42","guid":{"rendered":"https:\/\/www.lastrada-derweg.org\/?page_id=8798"},"modified":"2023-12-15T16:25:08","modified_gmt":"2023-12-15T15:25:08","slug":"whistleblowing","status":"publish","type":"page","link":"https:\/\/www.lastrada-derweg.org\/?page_id=8798","title":{"rendered":"Whistleblowing"},"content":{"rendered":"<div class=\"wpb-content-wrapper\"><p>[vc_row][vc_column width=&#8221;2\/3&#8243;][vc_column_text]<\/p>\n<h2><strong><em>WHISTLEBLOWING\u00a0<\/em><\/strong><\/h2>\n<h2><strong><em>PERCORSO DI SEGNALAZIONE<\/em><\/strong><\/h2>\n<p><strong>\u00a0<\/strong><\/p>\n<p><strong>COS\u2019E\u2019 IL WHISTLEBLOWING<\/strong><\/p>\n<p>Il \u201dWhistleblowing\u201d \u00e8 uno strumento che consente di segnalare in modo anonimo un illecito commesso nell\u2019ambiente di lavoro.<\/p>\n<p>L\u2019Associazione fornisce la possibilit\u00e0 a dipendenti, membri degli organi sociali, terzi (clienti, fornitori, consulenti, collaboratori, volontari) o ad altre parti interessate, di segnalare illeciti, commessi o potenzialmente commettibili, di natura amministrativa, contabile, civile o penale, episodi di corruzione, violazioni ambientali, di salute e sicurezza, o altre non conformit\u00e0.<\/p>\n<p>[\/vc_column_text][\/vc_column][vc_column width=&#8221;1\/3&#8243;][vc_single_image image=&#8221;8843&#8243; img_size=&#8221;full&#8221;][\/vc_column][\/vc_row][vc_row][vc_column][vc_column_text]<u>Non sono segnalabili attraverso questo sistema contestazioni, rivendicazioni o richieste legate ad un interesse personale di chi segnala.<\/u><\/p>\n<p>La segnalazione avviene attraverso un percorso guidato on-line che assiste chi segnala e permette di effettuare la segnalazione in modo preciso e ordinato e con assoluta garanzia di confidenzialit\u00e0 e riservatezza.<\/p>\n<p>&nbsp;<\/p>\n<p><strong>PERCHE\u2019 SEGNALARE<\/strong><\/p>\n<p>Spesso il personale o altri soggetti vengono a conoscenza di non conformit\u00e0 o irregolarit\u00e0 che l\u2019Associazione non riesce ad identificare in modo tempestivo; \u00e8 quindi importante che essa abbia la possibilit\u00e0 di verificare e possibilmente correggere queste anomalie. Segnalazioni responsabili, effettuate in buona fede e nell\u2019interesse del bene comune possono permettere all\u2019Associazione di intercettare per tempo e porre rimedio a comportamenti illegittimi e ad azioni irregolari che possono costituire un danno all\u2019Associazione o a terzi.<\/p>\n<p>&nbsp;<\/p>\n<p><strong>TUTELA DI CHI SEGNALA<\/strong><\/p>\n<p>Esporsi personalmente per segnalare condotte non conformi e violazioni pu\u00f2 per\u00f2 comportare difficolt\u00e0 di natura sia pratica che psicologica. La piattaforma usata dall\u2019Associazione accetta segnalazioni effettuate <u>in forma anonima<\/u>: una segnalazione ben effettuata, circostanziata e dettagliata, pu\u00f2 essere gestita senza ulteriore coinvolgimento del segnalante. In ogni caso le informazioni saranno trattate secondo criteri di confidenzialit\u00e0.<\/p>\n<p>&nbsp;<\/p>\n<p><strong>TECNOLOGIA UTILIZZATA<\/strong><\/p>\n<p>Siamo consapevoli dell\u2019importanza di tutelare chi segnala e per questo abbiamo scelto di utilizzare una piattaforma ampiamente collaudata, che permette di dialogare in modo anonimo con chi segnala, senza possibilit\u00e0 di rintracciare l\u2019origine della segnalazione.<\/p>\n<p>&nbsp;<\/p>\n<p><strong>TUTELA DELLE PERSONE SEGNALATE<\/strong><\/p>\n<p>Durante l\u2019attivit\u00e0 di verifica e di accertamento di possibili non conformit\u00e0, le persone oggetto di segnalazione potrebbero essere coinvolte o notificate di questa attivit\u00e0, ma, in nessun caso, verr\u00e0 avviato un procedimento solo perch\u00e9 sono state segnalate. Ci\u00f2 potrebbe avvenire eventualmente in base ad altre circostanze accertate a partire dalla segnalazione stessa.<\/p>\n<p>&nbsp;<\/p>\n<p><strong>COME SI SEGNALA E A CHI<\/strong><\/p>\n<p>Cliccando sul link in fondo alla pagina, si accede al percorso di segnalazione. La segnalazione \u00e8 ricevuta dalla Presidente del Collegio dei Revisori dei Conti che si impegna a gestirla in modo confidenziale e a non rivelare, se dichiarata, l\u2019identit\u00e0 di chi segnala, senza il suo consenso. I dati personali eventualmente presenti sono trattati nel rispetto della normativa Privacy vigente (GDPR).[\/vc_column_text][\/vc_column][\/vc_row][vc_row][vc_column width=&#8221;1\/4&#8243;][\/vc_column][vc_column width=&#8221;1\/4&#8243;][vc_column_text]Clicca qui per fare una segnalazione[\/vc_column_text][\/vc_column][vc_column width=&#8221;1\/4&#8243;][vc_btn title=&#8221;click&#8221; style=&#8221;outline&#8221; color=&#8221;juicy-pink&#8221; align=&#8221;left&#8221; i_align=&#8221;right&#8221; i_icon_fontawesome=&#8221;fas fa-hand-point-up&#8221; add_icon=&#8221;true&#8221; link=&#8221;url:https%3A%2F%2Flastradaderweg.whistleblowing.it%2F%23%2F&#8221;][\/vc_column][vc_column width=&#8221;1\/4&#8243;][\/vc_column][\/vc_row][vc_row][vc_column][vc_separator][\/vc_column][\/vc_row][vc_row][vc_column][vc_column_text]<a href=\"https:\/\/www.lastrada-derweg.org\/wp-content\/uploads\/2023\/12\/Informativa-Piattaforma-Whistleblowing_2023_it.pdf\">Informativa in merito al trattamento dei dati personali<\/a>[\/vc_column_text][\/vc_column][\/vc_row]<\/p>\n<\/div>","protected":false},"excerpt":{"rendered":"<p>[vc_row][vc_column width=&#8221;2\/3&#8243;][vc_column_text] WHISTLEBLOWING\u00a0 PERCORSO DI SEGNALAZIONE \u00a0 COS\u2019E\u2019 IL WHISTLEBLOWING Il \u201dWhistleblowing\u201d \u00e8 uno strumento che consente di segnalare in modo anonimo un illecito commesso nell\u2019ambiente di lavoro. L\u2019Associazione fornisce la possibilit\u00e0 a dipendenti, membri degli organi sociali, terzi (clienti, fornitori, consulenti, collaboratori, volontari) o ad altre parti interessate, di segnalare illeciti, commessi o potenzialmente&hellip;<\/p>\n","protected":false},"author":2,"featured_media":0,"parent":0,"menu_order":0,"comment_status":"closed","ping_status":"closed","template":"","meta":{"footnotes":""},"class_list":["post-8798","page","type-page","status-publish","hentry","description-off"],"_links":{"self":[{"href":"https:\/\/www.lastrada-derweg.org\/index.php?rest_route=\/wp\/v2\/pages\/8798","targetHints":{"allow":["GET"]}}],"collection":[{"href":"https:\/\/www.lastrada-derweg.org\/index.php?rest_route=\/wp\/v2\/pages"}],"about":[{"href":"https:\/\/www.lastrada-derweg.org\/index.php?rest_route=\/wp\/v2\/types\/page"}],"author":[{"embeddable":true,"href":"https:\/\/www.lastrada-derweg.org\/index.php?rest_route=\/wp\/v2\/users\/2"}],"replies":[{"embeddable":true,"href":"https:\/\/www.lastrada-derweg.org\/index.php?rest_route=%2Fwp%2Fv2%2Fcomments&post=8798"}],"version-history":[{"count":19,"href":"https:\/\/www.lastrada-derweg.org\/index.php?rest_route=\/wp\/v2\/pages\/8798\/revisions"}],"predecessor-version":[{"id":8868,"href":"https:\/\/www.lastrada-derweg.org\/index.php?rest_route=\/wp\/v2\/pages\/8798\/revisions\/8868"}],"wp:attachment":[{"href":"https:\/\/www.lastrada-derweg.org\/index.php?rest_route=%2Fwp%2Fv2%2Fmedia&parent=8798"}],"curies":[{"name":"wp","href":"https:\/\/api.w.org\/{rel}","templated":true}]}}