{"id":8922,"date":"2024-01-23T11:03:37","date_gmt":"2024-01-23T10:03:37","guid":{"rendered":"https:\/\/www.lastrada-derweg.org\/?page_id=8922"},"modified":"2024-02-13T07:59:03","modified_gmt":"2024-02-13T06:59:03","slug":"meeting-animare-beeselen-sich-kummern","status":"publish","type":"page","link":"https:\/\/www.lastrada-derweg.org\/?page_id=8922&lang=de","title":{"rendered":"Meeting Animare &#8211; Beeselen: &#8220;Sich K\u00fcmmern&#8221;"},"content":{"rendered":"<div class=\"wpb-content-wrapper\"><p>[vc_row][vc_column width=&#8221;1\/2&#8243;][vc_separator][vc_column_text css=&#8221;.vc_custom_1707807944829{padding-top: 50px !important;}&#8221;]<\/p>\n<h3><\/h3>\n<h3><strong>Einschreibemodalit\u00e4ten:<\/strong><\/h3>\n<p>Laden Sie bitte <a href=\"https:\/\/www.lastrada-derweg.org\/wp-content\/uploads\/2024\/02\/modulo-iscrizione_-Meeting-Prendersi-cura-2024-Einschreibeformular_-Meeting-Sich-kummern-2024-1.doc\"><strong>hier<\/strong><\/a> das Einschreibeformular\u00a0 herunter und senden Sie es an <a href=\"mailto:meeting@lastrada-derweg.org\">meeting@lastrada-derweg.org<\/a><\/p>\n<p>Es ist notwendig, sich an den einzelnen Tagen einzuschreiben. Einschreibetermin: <strong>14.03.2024<\/strong><\/p>\n<p>Cme-Punkte (f\u00fcr die Berufsbilder des Sanit\u00e4tswesens) und Ecs Punkte\u00a0 werden vergeben.<\/p>\n<p>Die Simultan\u00fcbersetzung ist nicht vorgesehen. Jeder referent wird in der eigenen Mutersprache sprechen.<\/p>\n<p>Laden Sie <a href=\"https:\/\/www.lastrada-derweg.org\/wp-content\/uploads\/2024\/02\/Programma-Meeting-2024.pdf\"><strong>hie<\/strong><strong>r<\/strong><\/a> das detallierte Programm und die technischen Daten herunter<\/p>\n<p>Laden Sie <strong><a href=\"https:\/\/www.lastrada-derweg.org\/?page_id=4470&amp;lang=de\">hier<\/a><\/strong> die Akten der Tagung herunter (erst in den Tagen nach dem Meeting verf\u00fcgbar)[\/vc_column_text][vc_column_text]<\/p>\n<h1 style=\"text-align: center;\">&#8220;Sich k\u00fcmmern&#8221;<\/h1>\n<p>Seit 2018 organisiert der Verein &#8220;La Strada-Der Weg&#8221; j\u00e4hrlich ein Meeting mit dem Titel &#8220;Animare-Beseelen&#8221;, um wichtige Themen- und Wertebereiche zu erkunden: Es handelt sich nicht um eine Fachkonferenz, sondern ein f\u00fcr alle offener Raum f\u00fcr Reflexion und Diskussion.<\/p>\n<p>Der Titel der Ausgabe 2024 lautet <strong>&#8216;Sich k\u00fcmmern<\/strong>&#8216;.<\/p>\n<p>Sie wird Gelegenheit bieten, die tiefgreifenden Beweggr\u00fcnde f\u00fcr die Bereitschaft, f\u00fcr andere da zu sein, neu zu benennen und eine Bestandsaufnahme der Pflegeberufe vorzunehmen, die einer immer st\u00e4rkeren &#8220;Ausblutung&#8221; ausgesetzt sind.<\/p>\n<p>Die Wahl des Themas h\u00e4ngt auch damit zusammen, dass die nahe gelegene Stadt Trient zur &#8220;Italienischen und Europ\u00e4ischen Hauptstadt der Freiwilligen 2024&#8221; ernannt wurde.<\/p>\n<p>Die Konferenz wird an drei Tagen und an drei verschiedenen Orten stattfinden<\/p>\n<p><strong>Dienstag, 19. M\u00e4rz in Meran<\/strong>, in der Gandhi Oberschule, unter dem Titel &#8220;<strong>Freiwilligen, die sich k\u00fcmmern&#8221;;<\/strong><br \/>\n<strong>Mittwoch, 20. M\u00e4rz in Brixen<\/strong>, an der Fakult\u00e4t f\u00fcr Erziehungswissenschaften, unter dem Titel &#8220;<strong>Berufe im Dienste der Anderen<\/strong>&#8220;;<br \/>\n<strong>Donnerstag, 21. M\u00e4rz in Bozen<\/strong>, unter dem Titel &#8220;<strong>Die Gemeinschaft, die sich k\u00fcmmert<\/strong>&#8220;.<\/p>\n<p>Wie in der Vergangenheit fallen diese Termine mit der von der UNAR vom 18. bis 22. M\u00e4rz veranstalteten &#8220;Aktionswoche gegen Rassismus&#8221; zusammen.<\/p>\n<p>[\/vc_column_text][\/vc_column][vc_column width=&#8221;1\/2&#8243;][vc_single_image image=&#8221;8942&#8243; img_size=&#8221;full&#8221;][vc_column_text]<\/p>\n<p style=\"text-align: center;\"><strong>il progetto ha ricevuto un finanziamento nazionale pubblico dall\u2019UNAR<\/strong><strong><br \/>\n&#8211; Ufficio Nazionale Antidiscriminazioni Razziali nell\u2019ambito delle attivit\u00e0 della <\/strong><strong>XIX Settimana di azione contro il razzismo<\/strong><\/p>\n<p>[\/vc_column_text][vc_single_image image=&#8221;9012&#8243; img_size=&#8221;medium&#8221; alignment=&#8221;center&#8221;][\/vc_column][\/vc_row]<\/p>\n<\/div>","protected":false},"excerpt":{"rendered":"<p>[vc_row][vc_column width=&#8221;1\/2&#8243;][vc_separator][vc_column_text css=&#8221;.vc_custom_1707807944829{padding-top: 50px !important;}&#8221;] Einschreibemodalit\u00e4ten: Laden Sie bitte hier das Einschreibeformular\u00a0 herunter und senden Sie es an meeting@lastrada-derweg.org Es ist notwendig, sich an den einzelnen Tagen einzuschreiben. Einschreibetermin: 14.03.2024 Cme-Punkte (f\u00fcr die Berufsbilder des Sanit\u00e4tswesens) und Ecs Punkte\u00a0 werden vergeben. Die Simultan\u00fcbersetzung ist nicht vorgesehen. Jeder referent wird in der eigenen Mutersprache sprechen. Laden&hellip;<\/p>\n","protected":false},"author":2,"featured_media":0,"parent":1391,"menu_order":0,"comment_status":"closed","ping_status":"closed","template":"","meta":{"footnotes":""},"class_list":["post-8922","page","type-page","status-publish","hentry","description-off"],"_links":{"self":[{"href":"https:\/\/www.lastrada-derweg.org\/index.php?rest_route=\/wp\/v2\/pages\/8922","targetHints":{"allow":["GET"]}}],"collection":[{"href":"https:\/\/www.lastrada-derweg.org\/index.php?rest_route=\/wp\/v2\/pages"}],"about":[{"href":"https:\/\/www.lastrada-derweg.org\/index.php?rest_route=\/wp\/v2\/types\/page"}],"author":[{"embeddable":true,"href":"https:\/\/www.lastrada-derweg.org\/index.php?rest_route=\/wp\/v2\/users\/2"}],"replies":[{"embeddable":true,"href":"https:\/\/www.lastrada-derweg.org\/index.php?rest_route=%2Fwp%2Fv2%2Fcomments&post=8922"}],"version-history":[{"count":16,"href":"https:\/\/www.lastrada-derweg.org\/index.php?rest_route=\/wp\/v2\/pages\/8922\/revisions"}],"predecessor-version":[{"id":9018,"href":"https:\/\/www.lastrada-derweg.org\/index.php?rest_route=\/wp\/v2\/pages\/8922\/revisions\/9018"}],"up":[{"embeddable":true,"href":"https:\/\/www.lastrada-derweg.org\/index.php?rest_route=\/wp\/v2\/pages\/1391"}],"wp:attachment":[{"href":"https:\/\/www.lastrada-derweg.org\/index.php?rest_route=%2Fwp%2Fv2%2Fmedia&parent=8922"}],"curies":[{"name":"wp","href":"https:\/\/api.w.org\/{rel}","templated":true}]}}

Meeting Animare &#8211; Beeselen: &#8220;Sich Kümmern&#8221;

<div class="wpb-content-wrapper"><p>[vc_row][vc_column width=&#8221;1/2&#8243;][vc_separator][vc_column_text css=&#8221;.vc_custom_1707807944829{padding-top: 50px !important;}&#8221;]</p>
<h3></h3>
<h3><strong>Einschreibemodalitäten:</strong></h3>
<p>Laden Sie bitte <a href="https://www.lastrada-derweg.org/wp-content/uploads/2024/02/modulo-iscrizione_-Meeting-Prendersi-cura-2024-Einschreibeformular_-Meeting-Sich-kummern-2024-1.doc"><strong>hier</strong></a> das Einschreibeformular  herunter und senden Sie es an <a href="mailto:meeting@lastrada-derweg.org">meeting@lastrada-derweg.org</a></p>
<p>Es ist notwendig, sich an den einzelnen Tagen einzuschreiben. Einschreibetermin: <strong>14.03.2024</strong></p>
<p>Cme-Punkte (für die Berufsbilder des Sanitätswesens) und Ecs Punkte  werden vergeben.</p>
<p>Die Simultanübersetzung ist nicht vorgesehen. Jeder referent wird in der eigenen Mutersprache sprechen.</p>
<p>Laden Sie <a href="https://www.lastrada-derweg.org/wp-content/uploads/2024/02/Programma-Meeting-2024.pdf"><strong>hie</strong><strong>r</strong></a> das detallierte Programm und die technischen Daten herunter</p>
<p>Laden Sie <strong><a href="https://www.lastrada-derweg.org/?page_id=4470&amp;lang=de">hier</a></strong> die Akten der Tagung herunter (erst in den Tagen nach dem Meeting verfügbar)[/vc_column_text][vc_column_text]</p>
<h1 style="text-align: center;">&#8220;Sich kümmern&#8221;</h1>
<p>Seit 2018 organisiert der Verein &#8220;La Strada-Der Weg&#8221; jährlich ein Meeting mit dem Titel &#8220;Animare-Beseelen&#8221;, um wichtige Themen- und Wertebereiche zu erkunden: Es handelt sich nicht um eine Fachkonferenz, sondern ein für alle offener Raum für Reflexion und Diskussion.</p>
<p>Der Titel der Ausgabe 2024 lautet <strong>&#8216;Sich kümmern</strong>&#8216;.</p>
<p>Sie wird Gelegenheit bieten, die tiefgreifenden Beweggründe für die Bereitschaft, für andere da zu sein, neu zu benennen und eine Bestandsaufnahme der Pflegeberufe vorzunehmen, die einer immer stärkeren &#8220;Ausblutung&#8221; ausgesetzt sind.</p>
<p>Die Wahl des Themas hängt auch damit zusammen, dass die nahe gelegene Stadt Trient zur &#8220;Italienischen und Europäischen Hauptstadt der Freiwilligen 2024&#8221; ernannt wurde.</p>
<p>Die Konferenz wird an drei Tagen und an drei verschiedenen Orten stattfinden</p>
<p><strong>Dienstag, 19. März in Meran</strong>, in der Gandhi Oberschule, unter dem Titel &#8220;<strong>Freiwilligen, die sich kümmern&#8221;;</strong><br />
<strong>Mittwoch, 20. März in Brixen</strong>, an der Fakultät für Erziehungswissenschaften, unter dem Titel &#8220;<strong>Berufe im Dienste der Anderen</strong>&#8220;;<br />
<strong>Donnerstag, 21. März in Bozen</strong>, unter dem Titel &#8220;<strong>Die Gemeinschaft, die sich kümmert</strong>&#8220;.</p>
<p>Wie in der Vergangenheit fallen diese Termine mit der von der UNAR vom 18. bis 22. März veranstalteten &#8220;Aktionswoche gegen Rassismus&#8221; zusammen.</p>
<p>[/vc_column_text][/vc_column][vc_column width=&#8221;1/2&#8243;][vc_single_image image=&#8221;8942&#8243; img_size=&#8221;full&#8221;][vc_column_text]</p>
<p style="text-align: center;"><strong>il progetto ha ricevuto un finanziamento nazionale pubblico dall’UNAR</strong><strong><br />
&#8211; Ufficio Nazionale Antidiscriminazioni Razziali nell’ambito delle attività della </strong><strong>XIX Settimana di azione contro il razzismo</strong></p>
<p>[/vc_column_text][vc_single_image image=&#8221;9012&#8243; img_size=&#8221;medium&#8221; alignment=&#8221;center&#8221;][/vc_column][/vc_row]</p>
</div>

<p>[vc_row][vc_column width=&#8221;1/2&#8243;][vc_separator][vc_column_text css=&#8221;.vc_custom_1707807944829{padding-top: 50px !important;}&#8221;] Einschreibemodalitäten: Laden Sie bitte hier das Einschreibeformular  herunter und senden Sie es an meeting@lastrada-derweg.org Es ist notwendig, sich an den einzelnen Tagen einzuschreiben. Einschreibetermin: 14.03.2024 Cme-Punkte (für die Berufsbilder des Sanitätswesens) und Ecs Punkte  werden vergeben. Die Simultanübersetzung ist nicht vorgesehen. Jeder referent wird in der eigenen Mutersprache sprechen. Laden&hellip;</p>
